{"id":3908,"date":"2021-02-24T22:15:19","date_gmt":"2021-02-24T22:15:19","guid":{"rendered":"https:\/\/kazal.pl\/sklep\/?page_id=3908"},"modified":"2021-07-05T13:18:11","modified_gmt":"2021-07-05T13:18:11","slug":"sposoby-platnosci","status":"publish","type":"page","link":"https:\/\/kazal.pl\/sklep\/sposoby-platnosci\/","title":{"rendered":"Sposoby p\u0142atno\u015bci"},"content":{"rendered":"[vc_row][vc_column][vc_column_text]\n<h1 class=\"wp-block-heading\">SPOSOBY P\u0141ATNO\u015aCI<\/h1>\n\n<p>W chwili z\u0142o\u017cenia zam\u00f3wienia Klient wybiera jeden z kilku sposob\u00f3w p\u0142atno\u015bci:<br \/>\n<\/p>\n\n<ol class=\"wp-block-list\">\n<li><strong>Przedp\u0142ata <\/strong>&#8211; przelewem na konto bankowe:<br \/>\nmBank<strong>\u00a0<strong>84 1140 2004 0000 3902 8088 0049<\/strong><\/strong><\/li>\n<\/ol>\n\n<p>2. <strong>System p\u0142atno\u015bci on-line<\/strong> &#8211; <strong>PayU<\/strong>. PayU to aktualnie najpopularniejsza metoda e-p\u0142atno\u015bci w Polsce. Dane firmy &#8211; PayU SA z siedzib\u0105 w Poznaniu, 60-166 Pozna\u0144, przy ul. Grunwaldzkiej 186, krajowa instytucja p\u0142atnicza, nadzorowana przez Komisj\u0119 Nadzoru Finansowego, wpisana do Rejestru us\u0142ug p\u0142atniczych pod numerem IP1\/2012, wpisana do rejestru przedsi\u0119biorc\u00f3w prowadzonego przez S\u0105d Rejonowy w Poznaniu \u2013 Nowe Miasto i Wilda w Poznaniu, Wydzia\u0142 VIII Gospodarczy Krajowego Rejestru S\u0105dowego pod numerem KRS 0000274399, o kapitale zak\u0142adowym w wysoko\u015bci 4.944.000 PLN, w ca\u0142o\u015bci op\u0142aconym, posiadaj\u0105ca numer identyfikacji podatkowej NIP: 779-23-08-495, REGON 300523444.;<br \/>\n<\/p>\n<p>3. <strong>P\u0142atno\u015b\u0107 got\u00f3wk\u0105 <\/strong>lub <strong>kart\u0105<\/strong> przy odbiorze osobistym &#8211; zam\u00f3wione produkty nale\u017cy odebra\u0107 w terminie 2 dni od z\u0142o\u017cenia zam\u00f3wienia w siedzibie firmy;<\/p>\n[\/vc_column_text][vc_single_image image=&#8221;4479&#8243; img_size=&#8221;full&#8221; alignment=&#8221;center&#8221; title=&#8221;PayU P\u0142atno\u015bci&#8221;][\/vc_column][\/vc_row]\n","protected":false},"excerpt":{"rendered":"<p>[vc_row][vc_column][vc_column_text] SPOSOBY P\u0141ATNO\u015aCI W chwili z\u0142o\u017cenia zam\u00f3wienia Klient wybiera jeden z kilku sposob\u00f3w p\u0142atno\u015bci: Przedp\u0142ata &#8211; przelewem na konto bankowe: mBank\u00a084 1140 2004 0000 3902 8088 0049 2. System p\u0142atno\u015bci on-line &#8211; PayU. PayU to aktualnie najpopularniejsza metoda e-p\u0142atno\u015bci w Polsce. Dane firmy &#8211; PayU SA z siedzib\u0105 w Poznaniu,<\/p>\n","protected":false},"author":1,"featured_media":0,"parent":0,"menu_order":0,"comment_status":"closed","ping_status":"closed","template":"","meta":{"footnotes":""},"class_list":["post-3908","page","type-page","status-publish","hentry"],"_links":{"self":[{"href":"https:\/\/kazal.pl\/sklep\/wp-json\/wp\/v2\/pages\/3908","targetHints":{"allow":["GET"]}}],"collection":[{"href":"https:\/\/kazal.pl\/sklep\/wp-json\/wp\/v2\/pages"}],"about":[{"href":"https:\/\/kazal.pl\/sklep\/wp-json\/wp\/v2\/types\/page"}],"author":[{"embeddable":true,"href":"https:\/\/kazal.pl\/sklep\/wp-json\/wp\/v2\/users\/1"}],"replies":[{"embeddable":true,"href":"https:\/\/kazal.pl\/sklep\/wp-json\/wp\/v2\/comments?post=3908"}],"version-history":[{"count":5,"href":"https:\/\/kazal.pl\/sklep\/wp-json\/wp\/v2\/pages\/3908\/revisions"}],"predecessor-version":[{"id":4480,"href":"https:\/\/kazal.pl\/sklep\/wp-json\/wp\/v2\/pages\/3908\/revisions\/4480"}],"wp:attachment":[{"href":"https:\/\/kazal.pl\/sklep\/wp-json\/wp\/v2\/media?parent=3908"}],"curies":[{"name":"wp","href":"https:\/\/api.w.org\/{rel}","templated":true}]}}