{"id":74,"date":"2018-08-24T01:25:26","date_gmt":"2018-08-24T01:25:26","guid":{"rendered":"http:\/\/demo.roadthemes.com\/greenfarm\/?page_id=17"},"modified":"2025-06-25T17:46:19","modified_gmt":"2025-06-25T17:46:19","slug":"contact","status":"publish","type":"page","link":"https:\/\/kazal.pl\/sklep\/contact\/","title":{"rendered":"Kontakt"},"content":{"rendered":"[vc_row][vc_column el_class=&#8221;contact-text&#8221; offset=&#8221;vc_col-lg-3 vc_col-md-3&#8243;][vc_column_text css_animation=&#8221;none&#8221;]\n<h3 style=\"text-align: left;\">KONTAKT<\/h3>\n[\/vc_column_text][vc_column_text css_animation=&#8221;none&#8221;]\n<ul>\n<li><i class=\"fa fa-home\" aria-hidden=\"true\">icon<\/i><br \/>\n<h4>Adres sklepu:<\/h4>\n<p><span style=\"font-size: 16px;\"><strong>FHU KAZAL Krystian Zalewski<\/strong><\/span><\/p>\n<p>ul. Gnie\u017anie\u0144ska 63, 61-015 Pozna\u0144<\/li>\n<li><strong>NIP<\/strong> 7822178816\u00a0 \u00a0<strong>REGON<\/strong> 388008759<\/li>\n<\/ul>\n<p>&nbsp;<\/p>\n<ul>\n<li><i class=\"fa fa-phone\" aria-hidden=\"true\">icon<\/i><br \/>\n<h4>Telefony kontaktowe:<\/h4>\n<p>Biuro: (+48) 505 910 576<\/li>\n<li><i class=\"fa fa-envelope\" aria-hidden=\"true\">icon<\/i><br \/>\n<h4>Adres E-mail:<\/h4>\n<p><a href=\"mailto:sklep@kazal.pl\">sklep@kazal.pl<\/a><\/li>\n<\/ul>\n[\/vc_column_text][\/vc_column][vc_column offset=&#8221;vc_col-lg-1 vc_col-md-1 vc_hidden-sm&#8221;][\/vc_column][vc_column el_class=&#8221;contact-form&#8221; offset=&#8221;vc_col-lg-8 vc_col-md-8&#8243;][vc_column_text css_animation=&#8221;none&#8221;]<strong>KONTAKT:<\/strong><\/p>\n<h4>Telefony kontaktowe:<\/h4>\n<p>Biuro: (+48) 505 910 576<\/p>\n<p>&nbsp;<\/p>\n<h4>Adres E-mail:<\/h4>\n<p><a href=\"mailto:sklep@kazal.pl\">sklep@kazal.pl<\/a>[\/vc_column_text][\/vc_column][\/vc_row][vc_row full_width=&#8221;stretch_row_content_no_spaces&#8221; css=&#8221;.vc_custom_1598860276408{margin-bottom: 0px !important;}&#8221;][vc_column][vc_gmaps link=&#8221;#E-8_JTNDaWZyYW1lJTIwc3JjJTNEJTIyaHR0cHMlM0ElMkYlMkZ3d3cuZ29vZ2xlLmNvbSUyRm1hcHMlMkZlbWJlZCUzRnBiJTNEJTIxMW0xNCUyMTFtOCUyMTFtMyUyMTFkMTYzNjkuNzcwOTA4NDc5Mzg4JTIxMmQxNi45NzUzODMwODgyNzU5MTIlMjEzZDUyLjQxNzg5Mzg1MTM5NDI3NSUyMTNtMiUyMTFpMTAyNCUyMTJpNzY4JTIxNGYxMy4xJTIxM20zJTIxMW0yJTIxMXMweDQ3MDQ1YmRmNzAyZDcxMmYlMjUzQTB4ZTA1NWM5ODAzMGJlYjkwZSUyMTJzRkhVJTI1MjBLQVpBTCUyNTIwU2tsZXAlMjUyMG5hcnolMjVDNCUyNTk5ZHppb3d5JTI1MjAtJTI1MjBtYXN6eW55JTI1MkMlMjUyMHVyeiUyNUM0JTI1ODVkemVuaWElMjUyMGJ1ZG93bGFuZSUyNTIwaSUyNTIwYnJ1a2Fyc2tpZSUyMTVlMCUyMTNtMiUyMTFzcGwlMjEyc3BsJTIxNHYxNjE0MjgzMzE5NDMwJTIxNW0yJTIxMXNwbCUyMTJzcGwlMjIlMjB3aWR0aCUzRCUyMjYwMCUyMiUyMGhlaWdodCUzRCUyMjQ1MCUyMiUyMHN0eWxlJTNEJTIyYm9yZGVyJTNBMCUzQiUyMiUyMGFsbG93ZnVsbHNjcmVlbiUzRCUyMiUyMiUyMGxvYWRpbmclM0QlMjJsYXp5JTIyJTNFJTNDJTJGaWZyYW1lJTNF&#8221; css=&#8221;.vc_custom_1614283394768{margin-bottom: 0px !important;}&#8221; title=&#8221;FHU KAZAL Sklep narz\u0119dziowy &#8211; maszyny, urz\u0105dzenia budowlane i brukarskie&#8221;][\/vc_column][\/vc_row][vc_row][vc_column][vc_empty_space][\/vc_column][\/vc_row][vc_row][vc_column][vc_single_image image=&#8221;4010&#8243; img_size=&#8221;full&#8221; alignment=&#8221;center&#8221; css_animation=&#8221;bounceIn&#8221; title=&#8221;FHU KAZAL Sklep &#8211; Biuro ul. Gnie\u017anie\u0144ska 63 61-015 Pozna\u0144&#8221;][vc_single_image image=&#8221;4192&#8243; img_size=&#8221;full&#8221; alignment=&#8221;center&#8221; css_animation=&#8221;bounceIn&#8221; title=&#8221;Wej\u015bcie w budynku BUTRANS Pozna\u0144&#8221;][\/vc_column][\/vc_row]\n","protected":false},"excerpt":{"rendered":"<p>[vc_row][vc_column el_class=&#8221;contact-text&#8221; offset=&#8221;vc_col-lg-3 vc_col-md-3&#8243;][vc_column_text css_animation=&#8221;none&#8221;] KONTAKT [\/vc_column_text][vc_column_text css_animation=&#8221;none&#8221;] icon Adres sklepu: FHU KAZAL Krystian Zalewski ul. Gnie\u017anie\u0144ska 63, 61-015 Pozna\u0144 NIP 7822178816\u00a0 \u00a0REGON 388008759 &nbsp; icon Telefony kontaktowe: Biuro: (+48) 505 910 576 icon Adres E-mail: sklep@kazal.pl [\/vc_column_text][\/vc_column][vc_column offset=&#8221;vc_col-lg-1 vc_col-md-1 vc_hidden-sm&#8221;][\/vc_column][vc_column el_class=&#8221;contact-form&#8221; offset=&#8221;vc_col-lg-8 vc_col-md-8&#8243;][vc_column_text css_animation=&#8221;none&#8221;]KONTAKT: Telefony kontaktowe: Biuro: (+48) 505<\/p>\n","protected":false},"author":1,"featured_media":0,"parent":0,"menu_order":0,"comment_status":"closed","ping_status":"closed","template":"page-templates\/contact-page.php","meta":{"footnotes":""},"class_list":["post-74","page","type-page","status-publish","hentry"],"_links":{"self":[{"href":"https:\/\/kazal.pl\/sklep\/wp-json\/wp\/v2\/pages\/74","targetHints":{"allow":["GET"]}}],"collection":[{"href":"https:\/\/kazal.pl\/sklep\/wp-json\/wp\/v2\/pages"}],"about":[{"href":"https:\/\/kazal.pl\/sklep\/wp-json\/wp\/v2\/types\/page"}],"author":[{"embeddable":true,"href":"https:\/\/kazal.pl\/sklep\/wp-json\/wp\/v2\/users\/1"}],"replies":[{"embeddable":true,"href":"https:\/\/kazal.pl\/sklep\/wp-json\/wp\/v2\/comments?post=74"}],"version-history":[{"count":20,"href":"https:\/\/kazal.pl\/sklep\/wp-json\/wp\/v2\/pages\/74\/revisions"}],"predecessor-version":[{"id":4909,"href":"https:\/\/kazal.pl\/sklep\/wp-json\/wp\/v2\/pages\/74\/revisions\/4909"}],"wp:attachment":[{"href":"https:\/\/kazal.pl\/sklep\/wp-json\/wp\/v2\/media?parent=74"}],"curies":[{"name":"wp","href":"https:\/\/api.w.org\/{rel}","templated":true}]}}