{"id":3973,"date":"2021-03-03T20:41:54","date_gmt":"2021-03-03T20:41:54","guid":{"rendered":"https:\/\/kazal.pl\/sklep\/?post_type=product&#038;p=3973"},"modified":"2022-03-10T13:03:46","modified_gmt":"2022-03-10T13:03:46","slug":"fogo-agregat-pradotworczy-f-2001-is-21216","status":"publish","type":"product","link":"https:\/\/kazal.pl\/sklep\/product\/fogo-agregat-pradotworczy-f-2001-is-21216\/","title":{"rendered":"FOGO Agregat pr\u0105dotw\u00f3rczy F 2001 IS [21216]"},"content":{"rendered":"<table style=\"width: 100%; border-collapse: collapse; background-color: #cccccc;\">\n<tbody>\n<tr>\n<td style=\"width: 100%;\"><span style=\"font-size: 20px;\"><strong>Charakterystyka:<\/strong><\/span><\/td>\n<\/tr>\n<\/tbody>\n<\/table>\n<table style=\"border-collapse: collapse; width: 100%;\">\n<tbody>\n<tr>\n<td style=\"width: 50%;\">\n<ul>\n<li>Stabilna cz\u0119stotliwo\u015b\u0107 50 Hz<\/li>\n<li>Inverterowa technologia<\/li>\n<li>Regulacja napi\u0119cia \u00b1 1 %<\/li>\n<li>Niski poziom zak\u0142\u00f3ce\u0144 THD \u2264 3 %<\/li>\n<li>Ultra cichy 90 dB(A)<\/li>\n<li>Tylko 22 kg<\/li>\n<\/ul>\n<\/td>\n<td style=\"width: 50%;\">\n<ul>\n<li>Oszcz\u0119dzanie paliwa poprzez automatyczn\u0105 redukcj\u0119 obrot\u00f3w wraz ze spadkiem obci\u0105\u017cenia<\/li>\n<li>Funkcja \u0142\u0105czenia dw\u00f3ch agregat\u00f3w F 2001 IS w jeden zesp\u00f3\u0142 pr\u0105dotw\u00f3rczy<\/li>\n<li>Funkcja \u0142adowania akumulatora<\/li>\n<\/ul>\n<\/td>\n<\/tr>\n<\/tbody>\n<\/table>\n<table style=\"width: 100%; border-collapse: collapse; background-color: #cccccc;\">\n<tbody>\n<tr>\n<td style=\"width: 100%;\"><span style=\"font-size: 20px;\"><strong>Parametry techniczne:<\/strong><\/span><\/td>\n<\/tr>\n<\/tbody>\n<\/table>\n<table style=\"border-collapse: collapse; width: 100%;\">\n<tbody>\n<tr>\n<td style=\"width: 18.32%;\"><strong>Cz\u0119stotliwo\u015b\u0107<\/strong><br \/>\n<strong>Napi\u0119cie<\/strong><br \/>\n<strong>Moc maksymalna<\/strong><br \/>\n<strong>Moc znamionowa<\/strong><br \/>\n<strong>Pr\u0105d znamionowy<\/strong><br \/>\n<strong>Silnik<\/strong><br \/>\n<strong>Model<\/strong><br \/>\n<strong>Pojemno\u015b\u0107<\/strong><br \/>\n<strong>Ch\u0142odzenie<\/strong><br \/>\n<strong>Cylindry<\/strong><br \/>\n<strong>Takt<\/strong><br \/>\n<strong>Miska oleju<\/strong><br \/>\n<strong>Rozruch<\/strong><br \/>\n<strong>Paliwo<\/strong><br \/>\n<strong>Zbiornik<\/strong><br \/>\n<strong>Spalanie (moc 50 \/ 100 %)<\/strong><br \/>\n<strong>Ha\u0142as Lwa<\/strong><br \/>\n<strong>Waga<\/strong><br \/>\n<strong>D\u0142ugo\u015b\u0107<\/strong><br \/>\n<strong>Szeroko\u015b\u0107<\/strong><br \/>\n<strong>Wysoko\u015b\u0107<\/strong><\/td>\n<td style=\"width: 81.68%;\">50 Hz<br \/>\n230 V<br \/>\n1,8 kW<br \/>\n1,6 kW<br \/>\n7,0 A<br \/>\nRato<br \/>\nR 80 I<br \/>\n79,7 cm3<br \/>\nPowietrze<br \/>\n1<br \/>\n4<br \/>\n0,35 L<br \/>\nManualny<br \/>\nBenzyna<br \/>\n4 L<br \/>\n0,67 \/ 1 L \/ h<br \/>\n90 dB(A)<br \/>\n22 kg<br \/>\n498 mm<br \/>\n290 mm<br \/>\n459 mm<\/td>\n<\/tr>\n<\/tbody>\n<\/table>\n<table style=\"width: 100%; border-collapse: collapse; background-color: #cccccc;\">\n<tbody>\n<tr>\n<td style=\"width: 100%;\"><span style=\"font-size: 20px;\"><strong>Karty techniczne:<\/strong><\/span><\/td>\n<\/tr>\n<\/tbody>\n<\/table>\n<p><a href=\"https:\/\/kazal.pl\/sklep\/?attachment_id=3978\" target=\"_blank\" rel=\"noopener\"><img loading=\"lazy\" decoding=\"async\" class=\"alignleft wp-image-3978 size-medium\" src=\"https:\/\/kazal.pl\/sklep\/wp-content\/uploads\/2021\/03\/F2001iS-01_Strona_-212x300.jpg\" alt=\"\" width=\"212\" height=\"300\" srcset=\"https:\/\/kazal.pl\/sklep\/wp-content\/uploads\/2021\/03\/F2001iS-01_Strona_-212x300.jpg 212w, https:\/\/kazal.pl\/sklep\/wp-content\/uploads\/2021\/03\/F2001iS-01_Strona_-724x1024.jpg 724w, https:\/\/kazal.pl\/sklep\/wp-content\/uploads\/2021\/03\/F2001iS-01_Strona_-768x1086.jpg 768w, https:\/\/kazal.pl\/sklep\/wp-content\/uploads\/2021\/03\/F2001iS-01_Strona_-1086x1536.jpg 1086w, https:\/\/kazal.pl\/sklep\/wp-content\/uploads\/2021\/03\/F2001iS-01_Strona_-1448x2048.jpg 1448w, https:\/\/kazal.pl\/sklep\/wp-content\/uploads\/2021\/03\/F2001iS-01_Strona_-1170x1655.jpg 1170w, https:\/\/kazal.pl\/sklep\/wp-content\/uploads\/2021\/03\/F2001iS-01_Strona_-600x848.jpg 600w, https:\/\/kazal.pl\/sklep\/wp-content\/uploads\/2021\/03\/F2001iS-01_Strona_.jpg 1654w\" sizes=\"auto, (max-width: 212px) 100vw, 212px\" \/><\/a><a href=\"https:\/\/kazal.pl\/sklep\/?attachment_id=3979\"><img loading=\"lazy\" decoding=\"async\" class=\"wp-image-3979 size-medium alignleft\" src=\"https:\/\/kazal.pl\/sklep\/wp-content\/uploads\/2021\/03\/F2001iS-01_Strona_1-211x300.jpg\" alt=\"\" width=\"211\" height=\"300\" srcset=\"https:\/\/kazal.pl\/sklep\/wp-content\/uploads\/2021\/03\/F2001iS-01_Strona_1-211x300.jpg 211w, https:\/\/kazal.pl\/sklep\/wp-content\/uploads\/2021\/03\/F2001iS-01_Strona_1-722x1024.jpg 722w, https:\/\/kazal.pl\/sklep\/wp-content\/uploads\/2021\/03\/F2001iS-01_Strona_1-768x1089.jpg 768w, https:\/\/kazal.pl\/sklep\/wp-content\/uploads\/2021\/03\/F2001iS-01_Strona_1-1083x1536.jpg 1083w, https:\/\/kazal.pl\/sklep\/wp-content\/uploads\/2021\/03\/F2001iS-01_Strona_1-600x851.jpg 600w, https:\/\/kazal.pl\/sklep\/wp-content\/uploads\/2021\/03\/F2001iS-01_Strona_1.jpg 1166w\" sizes=\"auto, (max-width: 211px) 100vw, 211px\" \/><\/a><a href=\"https:\/\/kazal.pl\/sklep\/?attachment_id=3980\"><img loading=\"lazy\" decoding=\"async\" class=\"wp-image-3980 size-medium alignleft\" src=\"https:\/\/kazal.pl\/sklep\/wp-content\/uploads\/2021\/03\/F2001iS-01_Strona_2-211x300.jpg\" alt=\"\" width=\"211\" height=\"300\" srcset=\"https:\/\/kazal.pl\/sklep\/wp-content\/uploads\/2021\/03\/F2001iS-01_Strona_2-211x300.jpg 211w, https:\/\/kazal.pl\/sklep\/wp-content\/uploads\/2021\/03\/F2001iS-01_Strona_2-722x1024.jpg 722w, https:\/\/kazal.pl\/sklep\/wp-content\/uploads\/2021\/03\/F2001iS-01_Strona_2-768x1089.jpg 768w, https:\/\/kazal.pl\/sklep\/wp-content\/uploads\/2021\/03\/F2001iS-01_Strona_2-1083x1536.jpg 1083w, https:\/\/kazal.pl\/sklep\/wp-content\/uploads\/2021\/03\/F2001iS-01_Strona_2-600x851.jpg 600w, https:\/\/kazal.pl\/sklep\/wp-content\/uploads\/2021\/03\/F2001iS-01_Strona_2.jpg 1166w\" sizes=\"auto, (max-width: 211px) 100vw, 211px\" \/><\/a><\/p>\n","protected":false},"excerpt":{"rendered":"<p>Agregat pr\u0105dotw\u00f3rczy o nast\u0119puj\u0105cej charakterystyce:<\/p>\n<p>Stabilna cz\u0119stotliwo\u015b\u0107 50 Hz, Inverterowa technologia, Regulacja napi\u0119cia \u00b1 1 %, Niski poziom zak\u0142\u00f3ce\u0144 THD \u2264 3 %, Ultra cichy 90 dB(A), Tylko 22 kg, Oszcz\u0119dzanie paliwa poprzez automatyczn\u0105 redukcj\u0119 obrot\u00f3w wraz ze spadkiem obci\u0105\u017cenia, Funkcja \u0142\u0105czenia dw\u00f3ch agregat\u00f3w F 2001 IS w jeden zesp\u00f3\u0142 pr\u0105dotw\u00f3rczy, Funkcja \u0142adowania akumulatora<\/p>\n","protected":false},"featured_media":3974,"comment_status":"open","ping_status":"closed","template":"","meta":[],"product_cat":[172,171,178],"product_tag":[175,174],"class_list":{"0":"post-3973","1":"product","2":"type-product","3":"status-publish","4":"has-post-thumbnail","6":"product_cat-agregaty-pradotworcze","7":"product_cat-fogo","8":"product_cat-fogo-agregaty-pradotworcze","9":"product_tag-agregaty-pradotworcze","10":"product_tag-fogo","12":"first","13":"outofstock","14":"taxable","15":"shipping-taxable","16":"purchasable","17":"product-type-simple"},"_links":{"self":[{"href":"https:\/\/kazal.pl\/sklep\/wp-json\/wp\/v2\/product\/3973","targetHints":{"allow":["GET"]}}],"collection":[{"href":"https:\/\/kazal.pl\/sklep\/wp-json\/wp\/v2\/product"}],"about":[{"href":"https:\/\/kazal.pl\/sklep\/wp-json\/wp\/v2\/types\/product"}],"replies":[{"embeddable":true,"href":"https:\/\/kazal.pl\/sklep\/wp-json\/wp\/v2\/comments?post=3973"}],"wp:featuredmedia":[{"embeddable":true,"href":"https:\/\/kazal.pl\/sklep\/wp-json\/wp\/v2\/media\/3974"}],"wp:attachment":[{"href":"https:\/\/kazal.pl\/sklep\/wp-json\/wp\/v2\/media?parent=3973"}],"wp:term":[{"taxonomy":"product_cat","embeddable":true,"href":"https:\/\/kazal.pl\/sklep\/wp-json\/wp\/v2\/product_cat?post=3973"},{"taxonomy":"product_tag","embeddable":true,"href":"https:\/\/kazal.pl\/sklep\/wp-json\/wp\/v2\/product_tag?post=3973"}],"curies":[{"name":"wp","href":"https:\/\/api.w.org\/{rel}","templated":true}]}}