{"id":4105,"date":"2021-04-07T19:17:11","date_gmt":"2021-04-07T19:17:11","guid":{"rendered":"https:\/\/kazal.pl\/sklep\/?post_type=product&#038;p=4105"},"modified":"2022-01-04T13:40:18","modified_gmt":"2022-01-04T13:40:18","slug":"mesto-opryskiwacz-budowlany-poznan-7l-5l-fpm-me3237fp-opryskiwacze-poznan","status":"publish","type":"product","link":"https:\/\/kazal.pl\/sklep\/product\/mesto-opryskiwacz-budowlany-poznan-7l-5l-fpm-me3237fp-opryskiwacze-poznan\/","title":{"rendered":"MESTO Opryskiwacz budowlany 5L FPM [ME3237FP]"},"content":{"rendered":"<p><span style=\"font-family: tahoma, arial, helvetica, sans-serif; font-size: 14px;\"><strong>MESTO Opryskiwacz Fix Plus 5 L (ME3237FP)<\/strong><\/span><\/p>\n<p><span style=\"font-size: 14px; font-family: tahoma, arial, helvetica, sans-serif;\">Opis produktu:<\/span><\/p>\n<ul>\n<li><span style=\"font-family: tahoma, arial, helvetica, sans-serif; font-size: 14px;\">uszczelki FPM (Viton\u00ae) odporne na: wysokie temperatury, oleje, smary mineralne, paliwa, kwasy, siarczany, amoniak, chlorki, \u0142ugi, w\u0119glowodory aromatyczne (w odpowiednich st\u0119\u017ceniach), ozon, warunki atmosferyczne<\/span><\/li>\n<li><span style=\"font-family: tahoma, arial, helvetica, sans-serif; font-size: 14px;\">zbiornik ci\u015bnieniowy z tworzywa sztucznego<\/span><\/li>\n<li><span style=\"font-family: tahoma, arial, helvetica, sans-serif; font-size: 14px;\">ca\u0142kowita pojemno\u015b\u0107 \u2013 7,0 L, pojemno\u015b\u0107 zawarto\u015bci 5,0 L<\/span><\/li>\n<li><span style=\"font-family: tahoma, arial, helvetica, sans-serif; font-size: 14px;\">mo\u017cliwo\u015b\u0107 noszenia na boku na pasku no\u015bnym<\/span><\/li>\n<li><span style=\"font-family: tahoma, arial, helvetica, sans-serif; font-size: 14px;\">w\u0105\u017c o d\u0142ugo\u015bci 2 m, transparentny, olejoodporny.<\/span><\/li>\n<li><span style=\"font-family: tahoma, arial, helvetica, sans-serif; font-size: 14px;\">specjalna plaska dysza z tworzywa sztucznego<\/span><\/li>\n<li><span style=\"font-family: tahoma, arial, helvetica, sans-serif; font-size: 14px;\">lanca opryskowa z tworzywa sztucznego 48 cm, obrotowa 360\u00b0<\/span><\/li>\n<li><span style=\"font-family: tahoma, arial, helvetica, sans-serif; font-size: 14px;\">profesjonalna pompa<\/span><\/li>\n<li><span style=\"font-family: tahoma, arial, helvetica, sans-serif; font-size: 14px;\">zintegrowany filtr dok\u0142adnego czyszczenia<\/span><\/li>\n<li><span style=\"font-family: tahoma, arial, helvetica, sans-serif; font-size: 14px;\">szeroka podstawa zapewnia stabilno\u015b\u0107<\/span><\/li>\n<li><span style=\"font-family: tahoma, arial, helvetica, sans-serif; font-size: 14px;\">Zestosowanie: olejowanie szalunk\u00f3w, impregnacja, gruntowanie, dezynfekcja<\/span><\/li>\n<\/ul>\n<p><span style=\"font-family: tahoma, arial, helvetica, sans-serif; font-size: 14px;\"><strong>Dane techniczne<\/strong><\/span><\/p>\n<ul>\n<li><span style=\"font-family: tahoma, arial, helvetica, sans-serif; font-size: 14px;\">Pojemno\u015b\u0107 ca\u0142kowita\u00a0\u00a0 \u00a0\u00a0\u00a0 \u00a07,0 L<\/span><\/li>\n<li><span style=\"font-family: tahoma, arial, helvetica, sans-serif; font-size: 14px;\">Pojemno\u015b\u0107 wype\u0142nienia\u00a0\u00a0 \u00a0\u00a0\u00a0 \u00a05,0 L<\/span><\/li>\n<li><span style=\"font-family: tahoma, arial, helvetica, sans-serif; font-size: 14px;\">Ci\u015bnienie robocze\u00a0\u00a0 \u00a0\u00a0\u00a0 \u00a03 bar<\/span><\/li>\n<li><span style=\"font-family: tahoma, arial, helvetica, sans-serif; font-size: 14px;\">D\u0142ugo\u015b\u0107 w\u0119\u017ca \u00a0\u00a0 \u00a0\u00a0\u00a0 \u00a02,0 m<\/span><\/li>\n<li><span style=\"font-family: tahoma, arial, helvetica, sans-serif; font-size: 14px;\">D\u0142ugo\u015b\u0107 lancy\u00a0\u00a0 \u00a0\u00a0\u00a0 \u00a00,48 m<\/span><\/li>\n<li><span style=\"font-family: tahoma, arial, helvetica, sans-serif; font-size: 14px;\">Typ lancy \u00a0\u00a0 \u00a0\u00a0\u00a0 \u00a0tworzywo, obrotowa<\/span><\/li>\n<li><span style=\"font-family: tahoma, arial, helvetica, sans-serif; font-size: 14px;\">Typ uszczelnie\u0144\u00a0\u00a0 \u00a0\u00a0\u00a0 \u00a0FPM (Viton\u00ae)<\/span><\/li>\n<li><span style=\"font-family: tahoma, arial, helvetica, sans-serif; font-size: 14px;\">Dysza\u00a0\u00a0 \u00a0\u00a0\u00a0 \u00a0tworzywo<\/span><\/li>\n<li><span style=\"font-family: tahoma, arial, helvetica, sans-serif; font-size: 14px;\">Nr katalogowy\u00a0\u00a0 \u00a0\u00a0\u00a0 \u00a0ME3237FP<\/span><\/li>\n<li><span style=\"font-family: tahoma, arial, helvetica, sans-serif; font-size: 14px;\">Nr EAN\u00a0\u00a0 \u00a0\u00a0\u00a0 \u00a04000903323127<\/span><\/li>\n<li><span style=\"font-family: tahoma, arial, helvetica, sans-serif; font-size: 14px;\">Waga\u00a0\u00a0 \u00a0\u00a0\u00a0 \u00a01,7 kg<\/span><\/li>\n<\/ul>\n<p>&nbsp;<\/p>\n<div style=\"width: 1280px;\" class=\"wp-video\"><video class=\"wp-video-shortcode\" id=\"video-4105-1\" width=\"1280\" height=\"720\" poster=\"https:\/\/kazal.pl\/sklep\/wp-content\/uploads\/2021\/04\/720p.png\" preload=\"metadata\" controls=\"controls\"><source type=\"video\/mp4\" src=\"https:\/\/kazal.pl\/sklep\/wp-content\/uploads\/2021\/04\/MESTO-Opryskiwacz-budowlany-7L-5L-FPM-ME3237FP-FHU-KAZAL-Sklep-narzedziowy-POZNAN-Fogo-Mesto-Dr.Schulze-Rothenberger.mp4?_=1\" \/><a href=\"https:\/\/kazal.pl\/sklep\/wp-content\/uploads\/2021\/04\/MESTO-Opryskiwacz-budowlany-7L-5L-FPM-ME3237FP-FHU-KAZAL-Sklep-narzedziowy-POZNAN-Fogo-Mesto-Dr.Schulze-Rothenberger.mp4\">https:\/\/kazal.pl\/sklep\/wp-content\/uploads\/2021\/04\/MESTO-Opryskiwacz-budowlany-7L-5L-FPM-ME3237FP-FHU-KAZAL-Sklep-narzedziowy-POZNAN-Fogo-Mesto-Dr.Schulze-Rothenberger.mp4<\/a><\/video><\/div>\n<p>&nbsp;<\/p>\n<p><span style=\"font-family: tahoma, arial, helvetica, sans-serif; font-size: 14px;\"><strong>Firma Mesto<\/strong> jest niemieckim producentem wysoko zaawansowanych technicznie, profesjonalnych opryskiwaczy u\u017cywanych mi\u0119dzy innymi w budownictwie i przemy\u015ble do nak\u0142adania r\u00f3\u017cnego rodzaju p\u0142yn\u00f3w. Do impregnacja drewna, zabezpieczania szalunk\u00f3w, konserwacji kamienia, zabieg\u00f3w konserwatorskich, ch\u0142odzenia przy odwiertach i wiele innych profesjonalnych zastosowaniach.<\/span><\/p>\n<p><span style=\"font-family: tahoma, arial, helvetica, sans-serif; font-size: 14px;\"><strong>Opryskiwacze Mesto<\/strong>\u00a0charakteryzuje du\u017ca przewaga jako\u015bciowa u\u017cytych do produkcji materia\u0142\u00f3w i staranno\u015b\u0107 wykonania.<\/span><\/p>\n","protected":false},"excerpt":{"rendered":"<p>Profesjonalny<strong>\u00a0opryskiwacz budowalny\u00a0<\/strong>Mesto przeznaczony do olejowania szalunk\u00f3w, gruntowania i impregnacji.<\/p>\n","protected":false},"featured_media":4107,"comment_status":"open","ping_status":"closed","template":"","meta":[],"product_cat":[182,148,135,134],"product_tag":[205,132,305,133,306,304,303,145],"class_list":{"0":"post-4105","1":"product","2":"type-product","3":"status-publish","4":"has-post-thumbnail","6":"product_cat-budowlane","7":"product_cat-mesto","8":"product_cat-opryskiwacze","9":"product_cat-opryskiwacze-mesto","10":"product_tag-budowlane","11":"product_tag-mesto","12":"product_tag-mesto-opryskiwacze-poznan","13":"product_tag-opryskiwacze","14":"product_tag-opryskiwacze-mesto","15":"product_tag-opryskiwacze-mesto-poznan","16":"product_tag-opryskiwacze-poznan","17":"product_tag-promocja","18":"product_shipping_class-wysylka-inpost","20":"first","21":"instock","22":"taxable","23":"shipping-taxable","24":"purchasable","25":"product-type-simple"},"_links":{"self":[{"href":"https:\/\/kazal.pl\/sklep\/wp-json\/wp\/v2\/product\/4105","targetHints":{"allow":["GET"]}}],"collection":[{"href":"https:\/\/kazal.pl\/sklep\/wp-json\/wp\/v2\/product"}],"about":[{"href":"https:\/\/kazal.pl\/sklep\/wp-json\/wp\/v2\/types\/product"}],"replies":[{"embeddable":true,"href":"https:\/\/kazal.pl\/sklep\/wp-json\/wp\/v2\/comments?post=4105"}],"wp:featuredmedia":[{"embeddable":true,"href":"https:\/\/kazal.pl\/sklep\/wp-json\/wp\/v2\/media\/4107"}],"wp:attachment":[{"href":"https:\/\/kazal.pl\/sklep\/wp-json\/wp\/v2\/media?parent=4105"}],"wp:term":[{"taxonomy":"product_cat","embeddable":true,"href":"https:\/\/kazal.pl\/sklep\/wp-json\/wp\/v2\/product_cat?post=4105"},{"taxonomy":"product_tag","embeddable":true,"href":"https:\/\/kazal.pl\/sklep\/wp-json\/wp\/v2\/product_tag?post=4105"}],"curies":[{"name":"wp","href":"https:\/\/api.w.org\/{rel}","templated":true}]}}