{"id":4137,"date":"2021-04-20T14:06:47","date_gmt":"2021-04-20T14:06:47","guid":{"rendered":"https:\/\/kazal.pl\/sklep\/?post_type=product&#038;p=4137"},"modified":"2023-02-13T10:09:36","modified_gmt":"2023-02-13T10:09:36","slug":"jazon-chwytak-reczny-poprzeczny-chp1","status":"publish","type":"product","link":"https:\/\/kazal.pl\/sklep\/product\/jazon-chwytak-reczny-poprzeczny-chp1\/","title":{"rendered":"JAZON Chwytak r\u0119czny poprzeczny CHP1"},"content":{"rendered":"<h2>JAZON Chwytak r\u0119czny poprzeczny CHP1<\/h2>\n<p>Chwytak r\u0119czny poprzeczny <strong>CHP1<\/strong>\u00a0marki\u00a0<strong>JAZON<\/strong> przeznaczony jest do r\u0119cznego przenoszenia i precyzyjnego ustawiania kraw\u0119\u017cnik\u00f3w betonowych i obrze\u017cy chodnikowych.<\/p>\n<p>Narz\u0119dzie nadaje si\u0119 wsz\u0119dzie tam, gdzie liczy si\u0119 szybko\u015b\u0107. Obs\u0142uga dwuosobowa.<\/p>\n<p>Chwytak wykonany solidnie z mocnych materia\u0142\u00f3w, od wielu lat na rynku.<\/p>\n<div id=\"attachment_4140\" style=\"width: 310px\" class=\"wp-caption alignleft\"><img loading=\"lazy\" decoding=\"async\" aria-describedby=\"caption-attachment-4140\" class=\"size-medium wp-image-4140\" src=\"https:\/\/kazal.pl\/sklep\/wp-content\/uploads\/2021\/04\/chwytak-poprzeczny-300x300.jpg\" alt=\"FHU KAZAL Chwytak r\u0119czny poprzeczny JAZON CHW Sklep Pozna\u0144 Chwytaki JAZON\" width=\"300\" height=\"300\" srcset=\"https:\/\/kazal.pl\/sklep\/wp-content\/uploads\/2021\/04\/chwytak-poprzeczny-300x300.jpg 300w, https:\/\/kazal.pl\/sklep\/wp-content\/uploads\/2021\/04\/chwytak-poprzeczny-150x150.jpg 150w, https:\/\/kazal.pl\/sklep\/wp-content\/uploads\/2021\/04\/chwytak-poprzeczny-90x90.jpg 90w, https:\/\/kazal.pl\/sklep\/wp-content\/uploads\/2021\/04\/chwytak-poprzeczny.jpg 500w\" sizes=\"auto, (max-width: 300px) 100vw, 300px\" \/><p id=\"caption-attachment-4140\" class=\"wp-caption-text\"><strong>FHU KAZAL<\/strong> Chwytak r\u0119czny poprzeczny <strong>JAZON CHP1<\/strong><\/p><\/div>\n<div id=\"attachment_4139\" style=\"width: 310px\" class=\"wp-caption alignleft\"><img loading=\"lazy\" decoding=\"async\" aria-describedby=\"caption-attachment-4139\" class=\"size-medium wp-image-4139\" src=\"https:\/\/kazal.pl\/sklep\/wp-content\/uploads\/2021\/04\/chwytak-poprzeczny-1-300x300.jpg\" alt=\"FHU KAZAL Chwytak r\u0119czny poprzeczny JAZON CHW Sklep Pozna\u0144 Chwytaki JAZON\" width=\"300\" height=\"300\" srcset=\"https:\/\/kazal.pl\/sklep\/wp-content\/uploads\/2021\/04\/chwytak-poprzeczny-1-300x300.jpg 300w, https:\/\/kazal.pl\/sklep\/wp-content\/uploads\/2021\/04\/chwytak-poprzeczny-1-150x150.jpg 150w, https:\/\/kazal.pl\/sklep\/wp-content\/uploads\/2021\/04\/chwytak-poprzeczny-1-90x90.jpg 90w, https:\/\/kazal.pl\/sklep\/wp-content\/uploads\/2021\/04\/chwytak-poprzeczny-1.jpg 500w\" sizes=\"auto, (max-width: 300px) 100vw, 300px\" \/><p id=\"caption-attachment-4139\" class=\"wp-caption-text\"><strong>FHU KAZAL<\/strong> Chwytak r\u0119czny poprzeczny <strong>JAZON CHP1<\/strong><\/p><\/div>\n<p>&nbsp;<\/p>\n<p>&nbsp;<\/p>\n<p>&nbsp;<\/p>\n<p>&nbsp;<\/p>\n<p>&nbsp;<\/p>\n<p>&nbsp;<\/p>\n<p>&nbsp;<\/p>\n<p>&nbsp;<\/p>\n<p><span style=\"font-size: 10px;\">Wszystkie zdj\u0119cia produkt\u00f3w maj\u0105 charakter pogl\u0105dowy i producent zastrzega sobie prawo do lekkich modyfikacji nie maj\u0105cych wp\u0142ywu na funkcjonowanie produktu.<\/span><\/p>\n<h3 class=\"text-primary font-weight-bold h4 mb-3\">Dane techniczne<\/h3>\n<div class=\"table-responsive\">\n<table class=\"table\">\n<tbody>\n<tr>\n<td class=\"text-muted pl-0\">No\u015bno\u015b\u0107 dopuszczalna<\/td>\n<td class=\"text-right text-primary font-weight-bold pr-0\">100 kg<\/td>\n<\/tr>\n<tr>\n<td class=\"text-muted pl-0\">Masa w\u0142asna<\/td>\n<td class=\"text-right text-primary font-weight-bold pr-0\">8 kg<\/td>\n<\/tr>\n<tr>\n<td class=\"text-muted pl-0\">Regulacja chwytu<\/td>\n<td class=\"text-right text-primary font-weight-bold pr-0\">6, 15, 20, 25 cm<\/td>\n<\/tr>\n<\/tbody>\n<\/table>\n<\/div>\n","protected":false},"excerpt":{"rendered":"<p>Chwytak r\u0119czny poprzeczny <strong>CHP1<\/strong> marki\u00a0<strong>JAZON<\/strong> przeznaczony jest do r\u0119cznego przenoszenia i precyzyjnego ustawiania kraw\u0119\u017cnik\u00f3w betonowych.<\/p>\n","protected":false},"featured_media":4138,"comment_status":"open","ping_status":"closed","template":"","meta":[],"product_cat":[219,217,327,218],"product_tag":[231,224,225,226,227,223,229,298,299,300],"class_list":{"0":"post-4137","1":"product","2":"type-product","3":"status-publish","4":"has-post-thumbnail","6":"product_cat-chwytaki-reczne-jazon","7":"product_cat-jazon-narzedzia-brukarskie","8":"product_cat-jazon","9":"product_cat-narzedzia-brukarskie","10":"product_tag-chp1","11":"product_tag-chwytaki","12":"product_tag-chwytaki-reczne","13":"product_tag-do-przenoszenia-kostki-brukowej","14":"product_tag-do-przenoszenia-kraweznikow","15":"product_tag-jazon","16":"product_tag-narzedzia-brukarskie","17":"product_tag-narzedzia-brukarskie-jazon","18":"product_tag-narzedzia-brukarskie-jazon-poznan","19":"product_tag-poznan-narzedzia-brukarskie-jazon","20":"product_shipping_class-wysylka-inpost","22":"first","23":"instock","24":"taxable","25":"shipping-taxable","26":"purchasable","27":"product-type-simple"},"_links":{"self":[{"href":"https:\/\/kazal.pl\/sklep\/wp-json\/wp\/v2\/product\/4137","targetHints":{"allow":["GET"]}}],"collection":[{"href":"https:\/\/kazal.pl\/sklep\/wp-json\/wp\/v2\/product"}],"about":[{"href":"https:\/\/kazal.pl\/sklep\/wp-json\/wp\/v2\/types\/product"}],"replies":[{"embeddable":true,"href":"https:\/\/kazal.pl\/sklep\/wp-json\/wp\/v2\/comments?post=4137"}],"wp:featuredmedia":[{"embeddable":true,"href":"https:\/\/kazal.pl\/sklep\/wp-json\/wp\/v2\/media\/4138"}],"wp:attachment":[{"href":"https:\/\/kazal.pl\/sklep\/wp-json\/wp\/v2\/media?parent=4137"}],"wp:term":[{"taxonomy":"product_cat","embeddable":true,"href":"https:\/\/kazal.pl\/sklep\/wp-json\/wp\/v2\/product_cat?post=4137"},{"taxonomy":"product_tag","embeddable":true,"href":"https:\/\/kazal.pl\/sklep\/wp-json\/wp\/v2\/product_tag?post=4137"}],"curies":[{"name":"wp","href":"https:\/\/api.w.org\/{rel}","templated":true}]}}