{"id":4189,"date":"2021-05-07T11:00:30","date_gmt":"2021-05-07T11:00:30","guid":{"rendered":"https:\/\/kazal.pl\/sklep\/?post_type=product&#038;p=4189"},"modified":"2024-10-17T16:32:52","modified_gmt":"2024-10-17T16:32:52","slug":"jazon-chwytak-reczny-do-plytek-chodnikowych-trylinki-chpc-narzedzia-brukarskie-poznan","status":"publish","type":"product","link":"https:\/\/kazal.pl\/sklep\/product\/jazon-chwytak-reczny-do-plytek-chodnikowych-trylinki-chpc-narzedzia-brukarskie-poznan\/","title":{"rendered":"JAZON Chwytak r\u0119czny do p\u0142ytek chodnikowych CHPC"},"content":{"rendered":"<h1 style=\"text-align: center;\">JAZON Chwytak r\u0119czny do p\u0142ytek (chodnikowych i trylinki) CHPC<\/h1>\n<hr \/>\n<p style=\"text-align: center;\">Chwytak do p\u0142ytek chodnikowych przeznaczony jest do przenoszenia i ustawiania p\u0142ytek chodnikowych r\u00f3\u017cnego typu i trylinki.<\/p>\n<p style=\"text-align: center;\">Obs\u0142uga jednoosobowa.<\/p>\n<table style=\"width: 102%;\">\n<tbody>\n<tr>\n<td style=\"width: 49.9218%;\">&nbsp;<\/p>\n<p>&nbsp;<\/p>\n<p>&nbsp;<\/p>\n<div id=\"attachment_4190\" style=\"width: 310px\" class=\"wp-caption aligncenter\"><img loading=\"lazy\" decoding=\"async\" aria-describedby=\"caption-attachment-4190\" class=\"wp-image-4190 size-medium\" src=\"https:\/\/kazal.pl\/sklep\/wp-content\/uploads\/2021\/05\/JAZON-Poznan-chwytak-reczny-do-ukladania-plytek-trelinki-CHPC-narzedzia-brukarskie-Poznan-chwytaki-do-kostki-Poznan-FHU-KAZAL-Poznan-MIMAL-PROBST-BELLE-Poznan-300x200.png\" alt=\"JAZON-Poznan-chwytak-reczny-do-uk\u0142adania-plytek-trelinki-CHPC-narzedzia-brukarskie-Poznan-chwytaki-do-kostki-Poznan-FHU-KAZAL-Poznan-MIMAL-PROBST-BELLE-Poznan-\" width=\"300\" height=\"200\" srcset=\"https:\/\/kazal.pl\/sklep\/wp-content\/uploads\/2021\/05\/JAZON-Poznan-chwytak-reczny-do-ukladania-plytek-trelinki-CHPC-narzedzia-brukarskie-Poznan-chwytaki-do-kostki-Poznan-FHU-KAZAL-Poznan-MIMAL-PROBST-BELLE-Poznan-300x200.png 300w, https:\/\/kazal.pl\/sklep\/wp-content\/uploads\/2021\/05\/JAZON-Poznan-chwytak-reczny-do-ukladania-plytek-trelinki-CHPC-narzedzia-brukarskie-Poznan-chwytaki-do-kostki-Poznan-FHU-KAZAL-Poznan-MIMAL-PROBST-BELLE-Poznan-1024x683.png 1024w, https:\/\/kazal.pl\/sklep\/wp-content\/uploads\/2021\/05\/JAZON-Poznan-chwytak-reczny-do-ukladania-plytek-trelinki-CHPC-narzedzia-brukarskie-Poznan-chwytaki-do-kostki-Poznan-FHU-KAZAL-Poznan-MIMAL-PROBST-BELLE-Poznan-768x512.png 768w, https:\/\/kazal.pl\/sklep\/wp-content\/uploads\/2021\/05\/JAZON-Poznan-chwytak-reczny-do-ukladania-plytek-trelinki-CHPC-narzedzia-brukarskie-Poznan-chwytaki-do-kostki-Poznan-FHU-KAZAL-Poznan-MIMAL-PROBST-BELLE-Poznan-1536x1025.png 1536w, https:\/\/kazal.pl\/sklep\/wp-content\/uploads\/2021\/05\/JAZON-Poznan-chwytak-reczny-do-ukladania-plytek-trelinki-CHPC-narzedzia-brukarskie-Poznan-chwytaki-do-kostki-Poznan-FHU-KAZAL-Poznan-MIMAL-PROBST-BELLE-Poznan-1170x780.png 1170w, https:\/\/kazal.pl\/sklep\/wp-content\/uploads\/2021\/05\/JAZON-Poznan-chwytak-reczny-do-ukladania-plytek-trelinki-CHPC-narzedzia-brukarskie-Poznan-chwytaki-do-kostki-Poznan-FHU-KAZAL-Poznan-MIMAL-PROBST-BELLE-Poznan-600x400.png 600w, https:\/\/kazal.pl\/sklep\/wp-content\/uploads\/2021\/05\/JAZON-Poznan-chwytak-reczny-do-ukladania-plytek-trelinki-CHPC-narzedzia-brukarskie-Poznan-chwytaki-do-kostki-Poznan-FHU-KAZAL-Poznan-MIMAL-PROBST-BELLE-Poznan.png 2000w\" sizes=\"auto, (max-width: 300px) 100vw, 300px\" \/><p id=\"caption-attachment-4190\" class=\"wp-caption-text\"><strong>JAZON Chwytak r\u0119czny do p\u0142ytek (chodnikowych i trylinki) CHPC<\/strong> <strong>Pozna\u0144<\/strong> <span style=\"color: #ffffff;\">JAZON-Poznan-chwytak-reczny-do-uk\u0142adania-plytek-trelinki-CHPC-narzedzia-brukarskie-Poznan-chwytaki-do-kostki-Poznan-FHU-KAZAL-Poznan-MIMAL-PROBST-BELLE-Poznan-<\/span><\/p><\/div>\n<p>&nbsp;<\/td>\n<td style=\"width: 49.9218%;\">&nbsp;<\/p>\n<p>&nbsp;<\/p>\n<div id=\"attachment_4191\" style=\"width: 310px\" class=\"wp-caption aligncenter\"><img loading=\"lazy\" decoding=\"async\" aria-describedby=\"caption-attachment-4191\" class=\"wp-image-4191 size-medium\" src=\"https:\/\/kazal.pl\/sklep\/wp-content\/uploads\/2021\/05\/JAZON-Poznan-chwytak-reczny-do-ukladania-plytek-trelinki-CHPC-narzedzia-brukarskie-Poznan-chwytaki-do-kostki-Poznan-FHU-KAZAL-Poznan-MIMAL-PROBST-BELLE-Poznan--300x147.png\" alt=\"JAZON-Poznan-chwytak-reczny-do-uk\u0142adania-plytek-trelinki-CHPC-narzedzia-brukarskie-Poznan-chwytaki-do-kostki-Poznan-FHU-KAZAL-Poznan-MIMAL-PROBST-BELLE-Poznan-\" width=\"300\" height=\"147\" srcset=\"https:\/\/kazal.pl\/sklep\/wp-content\/uploads\/2021\/05\/JAZON-Poznan-chwytak-reczny-do-ukladania-plytek-trelinki-CHPC-narzedzia-brukarskie-Poznan-chwytaki-do-kostki-Poznan-FHU-KAZAL-Poznan-MIMAL-PROBST-BELLE-Poznan--300x147.png 300w, https:\/\/kazal.pl\/sklep\/wp-content\/uploads\/2021\/05\/JAZON-Poznan-chwytak-reczny-do-ukladania-plytek-trelinki-CHPC-narzedzia-brukarskie-Poznan-chwytaki-do-kostki-Poznan-FHU-KAZAL-Poznan-MIMAL-PROBST-BELLE-Poznan--1024x501.png 1024w, https:\/\/kazal.pl\/sklep\/wp-content\/uploads\/2021\/05\/JAZON-Poznan-chwytak-reczny-do-ukladania-plytek-trelinki-CHPC-narzedzia-brukarskie-Poznan-chwytaki-do-kostki-Poznan-FHU-KAZAL-Poznan-MIMAL-PROBST-BELLE-Poznan--768x376.png 768w, https:\/\/kazal.pl\/sklep\/wp-content\/uploads\/2021\/05\/JAZON-Poznan-chwytak-reczny-do-ukladania-plytek-trelinki-CHPC-narzedzia-brukarskie-Poznan-chwytaki-do-kostki-Poznan-FHU-KAZAL-Poznan-MIMAL-PROBST-BELLE-Poznan--1536x752.png 1536w, https:\/\/kazal.pl\/sklep\/wp-content\/uploads\/2021\/05\/JAZON-Poznan-chwytak-reczny-do-ukladania-plytek-trelinki-CHPC-narzedzia-brukarskie-Poznan-chwytaki-do-kostki-Poznan-FHU-KAZAL-Poznan-MIMAL-PROBST-BELLE-Poznan--1170x573.png 1170w, https:\/\/kazal.pl\/sklep\/wp-content\/uploads\/2021\/05\/JAZON-Poznan-chwytak-reczny-do-ukladania-plytek-trelinki-CHPC-narzedzia-brukarskie-Poznan-chwytaki-do-kostki-Poznan-FHU-KAZAL-Poznan-MIMAL-PROBST-BELLE-Poznan--600x294.png 600w, https:\/\/kazal.pl\/sklep\/wp-content\/uploads\/2021\/05\/JAZON-Poznan-chwytak-reczny-do-ukladania-plytek-trelinki-CHPC-narzedzia-brukarskie-Poznan-chwytaki-do-kostki-Poznan-FHU-KAZAL-Poznan-MIMAL-PROBST-BELLE-Poznan-.png 2000w\" sizes=\"auto, (max-width: 300px) 100vw, 300px\" \/><p id=\"caption-attachment-4191\" class=\"wp-caption-text\"><strong>JAZON Chwytak r\u0119czny do p\u0142ytek (chodnikowych i trylinki) CHPC Pozna\u0144<\/strong><span style=\"color: #ffffff;\"> JAZON-Poznan-chwytak-reczny-do-uk\u0142adania-plytek-trelinki-CHPC-narzedzia-brukarskie-Poznan-chwytaki-do-kostki-Poznan-FHU-KAZAL-Poznan-MIMAL-PROBST-BELLE-Poznan-<\/span><\/p><\/div><\/td>\n<\/tr>\n<\/tbody>\n<\/table>\n<p style=\"text-align: center;\"><span style=\"font-size: 10px;\"><br \/>\nWszystkie zdj\u0119cia produkt\u00f3w maj\u0105 charakter pogl\u0105dowy i producent zastrzega sobie prawo do lekkich modyfikacji nie maj\u0105cych wp\u0142ywu na funkcjonowanie produktu.<\/span><\/p>\n<hr \/>\n<div class=\"table-responsive\">\n<h3 class=\"text-primary font-weight-bold h4 mb-3\">Dane techniczne<\/h3>\n<div class=\"table-responsive\">\n<table class=\"table\" style=\"width: 624px;\">\n<tbody>\n<tr>\n<td class=\"text-muted pl-0\" style=\"width: 421px;\">Szeroko\u015b\u0107 chwytu<\/td>\n<td class=\"text-right text-primary font-weight-bold pr-0\" style=\"width: 203px; text-align: right;\">25, 30, 35, 40, 50 cm<\/td>\n<\/tr>\n<tr>\n<td class=\"text-muted pl-0\" style=\"width: 421px;\">No\u015bno\u015b\u0107 dopuszczalna<\/td>\n<td class=\"text-right text-primary font-weight-bold pr-0\" style=\"width: 203px; text-align: right;\">40 kg<\/td>\n<\/tr>\n<tr>\n<td class=\"text-muted pl-0\" style=\"width: 421px;\">Masa w\u0142asna<\/td>\n<td class=\"text-right text-primary font-weight-bold pr-0\" style=\"width: 203px; text-align: right;\">2,2 kg<\/td>\n<\/tr>\n<tr>\n<td class=\"text-muted pl-0\" style=\"width: 421px;\"><\/td>\n<td class=\"text-right text-primary font-weight-bold pr-0\" style=\"width: 203px;\"><\/td>\n<\/tr>\n<\/tbody>\n<\/table>\n<\/div>\n<hr \/>\n<\/div>\n<p style=\"text-align: center;\">\n","protected":false},"excerpt":{"rendered":"<p>Chwytak <strong>CHPC<\/strong> firmy <strong>JAZON<\/strong> do p\u0142ytek chodnikowych przeznaczony jest do przenoszenia i ustawiania p\u0142ytek chodnikowych r\u00f3\u017cnego typu.<\/p>\n<p>&nbsp;<\/p>\n","protected":false},"featured_media":4191,"comment_status":"open","ping_status":"closed","template":"","meta":[],"product_cat":[219,327,217,218],"product_tag":[281,235,223,273,229,298,299,266,300,274],"class_list":{"0":"post-4189","1":"product","2":"type-product","3":"status-publish","4":"has-post-thumbnail","6":"product_cat-chwytaki-reczne-jazon","7":"product_cat-jazon","8":"product_cat-jazon-narzedzia-brukarskie","9":"product_cat-narzedzia-brukarskie","10":"product_tag-chpc","11":"product_tag-chwytaki-brukarskie-poznan","12":"product_tag-jazon","13":"product_tag-kleszcze-brukarskie-poznan","14":"product_tag-narzedzia-brukarskie","15":"product_tag-narzedzia-brukarskie-jazon","16":"product_tag-narzedzia-brukarskie-jazon-poznan","17":"product_tag-narzedzia-brukarskie-poznan","18":"product_tag-poznan-narzedzia-brukarskie-jazon","19":"product_tag-sprzet-brukarski-poznan","20":"product_shipping_class-wysylka-inpost","22":"first","23":"onbackorder","24":"taxable","25":"shipping-taxable","26":"purchasable","27":"product-type-simple"},"_links":{"self":[{"href":"https:\/\/kazal.pl\/sklep\/wp-json\/wp\/v2\/product\/4189","targetHints":{"allow":["GET"]}}],"collection":[{"href":"https:\/\/kazal.pl\/sklep\/wp-json\/wp\/v2\/product"}],"about":[{"href":"https:\/\/kazal.pl\/sklep\/wp-json\/wp\/v2\/types\/product"}],"replies":[{"embeddable":true,"href":"https:\/\/kazal.pl\/sklep\/wp-json\/wp\/v2\/comments?post=4189"}],"wp:featuredmedia":[{"embeddable":true,"href":"https:\/\/kazal.pl\/sklep\/wp-json\/wp\/v2\/media\/4191"}],"wp:attachment":[{"href":"https:\/\/kazal.pl\/sklep\/wp-json\/wp\/v2\/media?parent=4189"}],"wp:term":[{"taxonomy":"product_cat","embeddable":true,"href":"https:\/\/kazal.pl\/sklep\/wp-json\/wp\/v2\/product_cat?post=4189"},{"taxonomy":"product_tag","embeddable":true,"href":"https:\/\/kazal.pl\/sklep\/wp-json\/wp\/v2\/product_tag?post=4189"}],"curies":[{"name":"wp","href":"https:\/\/api.w.org\/{rel}","templated":true}]}}