{"id":4381,"date":"2021-06-02T12:16:11","date_gmt":"2021-06-02T12:16:11","guid":{"rendered":"https:\/\/kazal.pl\/sklep\/?post_type=product&#038;p=4381"},"modified":"2025-11-03T15:59:15","modified_gmt":"2025-11-03T15:59:15","slug":"atlas-copco-poznan-pompa-zanurzalna-do-wody-brudnej-weda-d-04-n","status":"publish","type":"product","link":"https:\/\/kazal.pl\/sklep\/product\/atlas-copco-poznan-pompa-zanurzalna-do-wody-brudnej-weda-d-04-n\/","title":{"rendered":"ATLAS COPCO Pompa zanurzalna do wody brudnej WEDA D04 N"},"content":{"rendered":"<table style=\"width: 100%; border-collapse: collapse; background-color: #cccccc;\">\n<tbody>\n<tr>\n<td style=\"width: 100%;\"><span style=\"font-size: 20px;\"><strong>ATLAS COPCO Pompa zanurzalna do wody brudnej WEDA D04 N<\/strong><\/span><\/td>\n<\/tr>\n<\/tbody>\n<\/table>\n<table style=\"border-collapse: collapse; width: 100%;\">\n<tbody>\n<tr>\n<td style=\"width: 50%;\">\n<h5>Elektryczne pompy zatapialne WEDA, wraz z akcesoriami, zosta\u0142y opracowane z my\u015bl\u0105 o wielu zastosowaniach zwi\u0105zanych z odwadnianiem dla r\u00f3\u017cnorodnych bran\u017c. Pompy WEDA s\u0105 wyposa\u017cone we wbudowany system ochrony rozrusznika i silnika elektrycznego oraz, opcjonalnie, automatyczny uk\u0142ad kontroli poziomu. Regulowane dyfuzory z gumy odpornej na zu\u017cycie oraz wirniki z hartowanej stali wysokochromowej zapewniaj\u0105 trwa\u0142o\u015b\u0107 w trudnych warunkach.<\/h5>\n<p><strong>Pompy WEDA<\/strong>\u00a0s\u0105 stworzone do eksploatacji w\u00a0wymagaj\u0105cych warunkach. Unikalny system uszczelniaj\u0105cy oraz konstrukcja modu\u0142owa sprawiaj\u0105, \u017ce jest to jedna z\u00a0najbardziej elastycznych serii pomp dost\u0119pnych na rynku. \u0141atwa obs\u0142uga i\u00a0konserwacja zapewniaj\u0105 optymaln\u0105 wydajno\u015b\u0107 pomp\u00a0<strong>WEDA<\/strong>. System uszczelnie\u0144\u00a0<strong>WEDA<\/strong>\u00a0jest rozwi\u0105zaniem serwisowym, kt\u00f3re mo\u017cna b\u0142yskawicznie zainstalowa\u0107 na placu budowy.<\/p>\n<p><strong>Pompy Atlas Copco typu WEDA D\u00a0do wody brudnej<\/strong>\u00a0charakteryzuj\u0105 si\u0119 najlepsz\u0105 skuteczno\u015bci\u0105 i\u00a0wydajno\u015bci\u0105, przetwarzaj\u0105 czyst\u0105 lub brudn\u0105 wod\u0119, nawet je\u015bli wyst\u0119puj\u0105 w\u00a0niej ma\u0142e cz\u0105stki sta\u0142e.<\/td>\n<\/tr>\n<\/tbody>\n<\/table>\n<table style=\"width: 100%; border-collapse: collapse; background-color: #cccccc;\">\n<tbody>\n<tr>\n<td style=\"width: 100%;\"><span style=\"font-size: 20px;\"><strong>Charakterystyka:<\/strong><\/span><\/td>\n<\/tr>\n<\/tbody>\n<\/table>\n<table style=\"border-collapse: collapse; width: 100%;\">\n<tbody>\n<tr>\n<td style=\"width: 50%;\">\n<div class=\"m-containerseemore__container\">\n<div class=\"m-containerseemore__content\">\n<div class=\"m-containerseemore__coloumn\">\n<div class=\"m-containerseemore__coloumn\">\n<h4 class=\"e-headline e-headline--h4 \">Funkcje:<\/h4>\n<ul>\n<li><span style=\"font-family: inherit; font-size: inherit;\"><strong>wysoka odporno\u015b\u0107 na korozj\u0119\u00a0<\/strong>\u2013 unikalny stop aluminium zapewnia idealne po\u0142\u0105czenie wytrzyma\u0142o\u015bci, lekko\u015bci i odporno\u015bci na korozj\u0119;<br \/>\n<\/span><\/li>\n<li><span style=\"font-family: inherit; font-size: inherit;\"><strong>wszechstronno\u015b\u0107\u00a0<\/strong>\u2013 odp\u0142yw mo\u017cna mocowa\u0107 pionowo lub po bokach, zale\u017cnie od potrzeb;<br \/>\n<\/span><\/li>\n<li><span style=\"font-family: inherit; font-size: inherit;\">\u00a0<strong>nowe uszczelnienie kabla<\/strong>\u00a0 &#8211; zapewnia ochron\u0119 przeciw wyciekom wody z\u00a0wej\u015bcia kablowego;<br \/>\n<\/span><\/li>\n<li><span style=\"font-family: inherit; font-size: inherit;\"><strong>zabezpieczenie silnika<\/strong>\u00a0&#8211; silniki klasy F\u00a0z\u00a0wy\u0142\u0105cznikami termicznymi na ka\u017cdym zwoju;<br \/>\n<\/span><\/li>\n<li><span style=\"font-family: inherit; font-size: inherit;\"><strong>zwi\u0119kszona odporno\u015b\u0107 na zu\u017cycie<\/strong>\u00a0&#8211; wirniki o\u00a0wysokiej zawarto\u015bci chromu (55HRC) wyr\u00f3\u017cniaj\u0105 si\u0119 wy\u017csz\u0105 odporno\u015bci\u0105 na zu\u017cycie;<br \/>\n<\/span><\/li>\n<li><span style=\"font-family: inherit; font-size: inherit;\"><strong>rozszerzona wydajno\u015b\u0107 <\/strong>\u2013 konstrukcja pompy zapewnia wszechstronne ch\u0142odzenie silnika, gwarantuj\u0105c tym samym lepsz\u0105 wydajno\u015b\u0107;<br \/>\n<\/span><\/li>\n<li><span style=\"font-family: inherit; font-size: inherit;\"><strong>modu\u0142owe rozwi\u0105zanie uszczelniaj\u0105ce<\/strong>\u00a0&#8211; w\u00a0zale\u017cno\u015bci od wielko\u015bci pompy system uszczelniaj\u0105cy jest przystosowany tak, aby zapewni\u0107 najlepsze rozwi\u0105zanie;<br \/>\n<\/span><\/li>\n<li><span style=\"font-family: inherit; font-size: inherit;\"><strong>ma\u0142a masa i kompaktowa konstrukcja<\/strong>\u00a0&#8211; masa i\u00a0wymiary pomp\u00a0<strong>WEDA<\/strong>\u00a0sprawiaj\u0105, \u017ce mo\u017cna \u0142atwo je transportowa\u0107, instalowa\u0107 i\u00a0przechowywa\u0107, tak\u017ce w\u00a0miejscach o\u00a0ograniczonej przestrzeni<br \/>\n<\/span><\/li>\n<li><span style=\"font-family: inherit; font-size: inherit;\"><strong>WEDA +<br \/>\n&#8211;\u00a0<\/strong>kontrola rotacji;<br \/>\n<strong>\u00a0\u00a0\u00a0\u00a0\u00a0\u00a0\u00a0\u00a0 &#8211;<\/strong>\u00a0zabezpieczenie przed awari\u0105;<br \/>\n<strong>\u00a0\u00a0\u00a0\u00a0\u00a0\u00a0\u00a0\u00a0 &#8211;<\/strong>\u00a0wy\u0142\u0105cznik termiczny;<br \/>\n<strong>\u00a0\u00a0\u00a0\u00a0\u00a0\u00a0\u00a0\u00a0 &#8211;<\/strong> przerzutkowe zatyczki fazowe do pomp tr\u00f3jfazowych<\/span><\/li>\n<\/ul>\n<\/div>\n<div class=\"m-containerseemore__coloumn\">\n<h4 class=\"e-headline e-headline--h4 \">Zastosowanie:<\/h4>\n<ul>\n<li>og\u00f3lne odwodnienia;<\/li>\n<li>woda gruntowa;<\/li>\n<li>woda surowa;<\/li>\n<li>place budowy<\/li>\n<\/ul>\n<\/div>\n<\/div>\n<\/div>\n<\/div>\n<div class=\"m-containerseemore__link\"><\/div>\n<\/td>\n<td style=\"width: 50%;\">\n<div class=\"m-containerexpander__head\">\n<div class=\"m-containerexpander__head\">\n<div class=\"mceTemp\"><\/div>\n<\/div>\n<\/div>\n<p><a href=\"https:\/\/kazal.pl\/sklep\/product-category\/atlas-copco-poznan-agregaty-pradotworcze-atlas-copco-sprezarki-poznan\/\"><img loading=\"lazy\" decoding=\"async\" class=\"aligncenter wp-image-4323 size-full\" style=\"margin-top: 0.857143rem; margin-bottom: 0.857143rem;\" src=\"https:\/\/kazal.pl\/sklep\/wp-content\/uploads\/2021\/05\/ATLAS-COPCO-Poznan-dystrybutor-sprezarki-Poznan-pompy-atlas-copc-Poznan-agregaty-pradotworcze-atlas-copco-Poznan.jpg\" alt=\"ATLAS-COPCO-Poznan-dystrybutor-sprezarki-Poznan-pompy-atlas-copc-Poznan-agregaty-pradotworcze-atlas-copco-Poznan\" width=\"200\" height=\"200\" srcset=\"https:\/\/kazal.pl\/sklep\/wp-content\/uploads\/2021\/05\/ATLAS-COPCO-Poznan-dystrybutor-sprezarki-Poznan-pompy-atlas-copc-Poznan-agregaty-pradotworcze-atlas-copco-Poznan.jpg 200w, https:\/\/kazal.pl\/sklep\/wp-content\/uploads\/2021\/05\/ATLAS-COPCO-Poznan-dystrybutor-sprezarki-Poznan-pompy-atlas-copc-Poznan-agregaty-pradotworcze-atlas-copco-Poznan-150x150.jpg 150w, https:\/\/kazal.pl\/sklep\/wp-content\/uploads\/2021\/05\/ATLAS-COPCO-Poznan-dystrybutor-sprezarki-Poznan-pompy-atlas-copc-Poznan-agregaty-pradotworcze-atlas-copco-Poznan-90x90.jpg 90w\" sizes=\"auto, (max-width: 200px) 100vw, 200px\" \/><\/a><\/p>\n<div class=\"m-containerexpander__head\">\n<div class=\"mceTemp\"><\/div>\n<h4 class=\"e-headline e-headline--h3 m-containerexpander__headline\"><a href=\"https:\/\/kazal.pl\/sklep\/product-category\/atlas-copco-poznan-agregaty-pradotworcze-atlas-copco-sprezarki-poznan\/\">ATLAS COPCO<\/a><\/h4>\n<div class=\"m-containerexpander__collapseicon\"><\/div>\n<\/div>\n<div class=\"m-containerexpander__content\">\n<div class=\"m-containerexpander__innercontent\">\n<div class=\"m-textparagraph m-textparagraph--types c-richtext\">\n<p><b>Atlas Copco<\/b> \u2013 szwedzkie przedsi\u0119biorstwo za\u0142o\u017cone w 1873 r., kt\u00f3rego dzia\u0142alno\u015b\u0107 obejmuje sprzeda\u017c, wynajem i serwis urz\u0105dze\u0144 z zakresu techniki spr\u0119\u017conego powietrza, techniki g\u00f3rnictwa i budownictwa oraz techniki przemys\u0142owej.<\/p>\n<p style=\"text-align: center;\"><iframe loading=\"lazy\" src=\"\/\/www.youtube.com\/embed\/KxqKGsPSHSc\" width=\"560\" height=\"314\" allowfullscreen=\"allowfullscreen\"><\/iframe><\/p>\n<\/div>\n<\/div>\n<\/div>\n<\/td>\n<\/tr>\n<\/tbody>\n<\/table>\n<table style=\"width: 100%; border-collapse: collapse; background-color: #cccccc;\">\n<tbody>\n<tr>\n<td style=\"width: 100%;\"><span style=\"font-size: 20px;\"><strong>Parametry techniczne:<\/strong><\/span><\/td>\n<\/tr>\n<\/tbody>\n<\/table>\n<table style=\"width: 100%; height: 114px;\">\n<tbody>\n<tr>\n<th style=\"width: 30.4%;\">maks. wydajno\u015b\u0107:<\/th>\n<td style=\"width: 69.44%;\">250 \/ 15,0 [l\/min \/ m3\/h]<\/td>\n<\/tr>\n<tr>\n<th style=\"width: 30.4%;\">maks. wysoko\u015b\u0107 podnoszenia:<\/th>\n<td style=\"width: 69.44%;\">11,3 [m]<\/td>\n<\/tr>\n<tr>\n<th style=\"width: 30.4%;\">\u015brednica kr\u00f3\u0107ca wylotowego:<\/th>\n<td style=\"width: 69.44%;\">50 \/ 2\u00a0[mm \/ &#8220;]<\/td>\n<\/tr>\n<tr>\n<th style=\"width: 30.4%;\">maks. wielko\u015b\u0107 cz\u0105stek sta\u0142ych:<\/th>\n<td style=\"width: 69.44%;\">7,5 [mm]<\/td>\n<\/tr>\n<tr>\n<th style=\"width: 30.4%;\">warto\u015b\u0107 pH cieczy:<\/th>\n<td style=\"width: 69.44%;\">5-8 [pH]<\/td>\n<\/tr>\n<tr>\n<th style=\"width: 30.4%;\">napi\u0119cie znamionowe:<\/th>\n<td style=\"width: 69.44%;\">230 [V]<\/td>\n<\/tr>\n<tr>\n<th style=\"width: 30.4%;\">znamionowa moc silnika:<\/th>\n<td style=\"width: 69.44%;\">0,4 [kW]<\/td>\n<\/tr>\n<tr>\n<th style=\"width: 30.4%;\">maks. moc wej\u015bciowa:<\/th>\n<td style=\"width: 69.44%;\">0,65 [kW]<\/td>\n<\/tr>\n<tr>\n<th style=\"width: 30.4%;\">waga:<\/th>\n<td style=\"width: 69.44%;\">9,0 [kg]<\/td>\n<\/tr>\n<tr>\n<th style=\"width: 30.4%;\">wyposa\u017cenie standardowe:<\/th>\n<td style=\"width: 69.44%;\">kr\u00f3ciec wylotowy g\u0142adki, kr\u00f3ciec wylotowy gwintowany, przew\u00f3d zasilaj\u0105cy 10 m<\/td>\n<\/tr>\n<tr>\n<th style=\"width: 30.4%;\">wyposa\u017cenie dodatkowe:<\/th>\n<td style=\"width: 69.44%;\">z\u0142\u0105cze STORZ (stra\u017cackie), w\u0105\u017c t\u0142oczny<\/td>\n<\/tr>\n<tr>\n<th style=\"width: 30.4%;\">nr katalogowy:<\/th>\n<td style=\"width: 69.44%;\">8162161200<\/td>\n<\/tr>\n<\/tbody>\n<\/table>\n<table style=\"width: 100%; border-collapse: collapse; background-color: #cccccc;\">\n<tbody>\n<tr>\n<td style=\"width: 100%;\"><span style=\"font-size: 20px;\"><strong>Zdj\u0119cia produktu:<\/strong><\/span><\/td>\n<\/tr>\n<\/tbody>\n<\/table>\n<div class=\"mceTemp\"><\/div>\n<table style=\"border-collapse: collapse; width: 100%;\">\n<tbody>\n<tr>\n<td style=\"width: 50%; text-align: center;\"><img loading=\"lazy\" decoding=\"async\" class=\"aligncenter wp-image-4386\" src=\"https:\/\/kazal.pl\/sklep\/wp-content\/uploads\/2021\/06\/Atlas-Copco-pompa-zatapialna-WEDA-04-200x300.jpg\" alt=\"Atlas-Copco-pompa-zatapialna-WEDA-04 Poznan\" width=\"350\" height=\"525\" srcset=\"https:\/\/kazal.pl\/sklep\/wp-content\/uploads\/2021\/06\/Atlas-Copco-pompa-zatapialna-WEDA-04-200x300.jpg 200w, https:\/\/kazal.pl\/sklep\/wp-content\/uploads\/2021\/06\/Atlas-Copco-pompa-zatapialna-WEDA-04-600x900.jpg 600w, https:\/\/kazal.pl\/sklep\/wp-content\/uploads\/2021\/06\/Atlas-Copco-pompa-zatapialna-WEDA-04.jpg 683w\" sizes=\"auto, (max-width: 350px) 100vw, 350px\" \/><\/td>\n<td style=\"width: 50%; text-align: center;\"><img loading=\"lazy\" decoding=\"async\" class=\"aligncenter wp-image-4387\" src=\"https:\/\/kazal.pl\/sklep\/wp-content\/uploads\/2021\/06\/pompa-weda-atlas-copco-250-litrow-min-jakosc-200x300.jpg\" alt=\"\" width=\"350\" height=\"526\" srcset=\"https:\/\/kazal.pl\/sklep\/wp-content\/uploads\/2021\/06\/pompa-weda-atlas-copco-250-litrow-min-jakosc-200x300.jpg 200w, https:\/\/kazal.pl\/sklep\/wp-content\/uploads\/2021\/06\/pompa-weda-atlas-copco-250-litrow-min-jakosc-600x901.jpg 600w, https:\/\/kazal.pl\/sklep\/wp-content\/uploads\/2021\/06\/pompa-weda-atlas-copco-250-litrow-min-jakosc.jpg 682w\" sizes=\"auto, (max-width: 350px) 100vw, 350px\" \/><\/td>\n<\/tr>\n<\/tbody>\n<\/table>\n<p>&nbsp;<\/p>\n<table style=\"width: 100%; border-collapse: collapse; background-color: #cccccc;\">\n<tbody>\n<tr>\n<td style=\"width: 100%;\"><span style=\"font-size: 20px;\"><strong>ATLAS COPCO Pompy do odwadniania &#8211; WIDEO:<\/strong><\/span><\/td>\n<\/tr>\n<\/tbody>\n<\/table>\n<table style=\"border-collapse: collapse; width: 100%;\">\n<tbody>\n<tr>\n<td style=\"width: 30%; text-align: center;\">&nbsp;<\/p>\n<table style=\"border-collapse: collapse; width: 100%;\">\n<tbody>\n<tr>\n<td style=\"width: 100%;\"><iframe loading=\"lazy\" src=\"\/\/www.youtube.com\/embed\/moi4FRbrwCc\" width=\"560\" height=\"314\" allowfullscreen=\"allowfullscreen\"><\/iframe><\/td>\n<\/tr>\n<tr>\n<td style=\"width: 100%;\"><iframe loading=\"lazy\" src=\"\/\/www.youtube.com\/embed\/9-H_KKA-Dgo\" width=\"560\" height=\"314\" allowfullscreen=\"allowfullscreen\"><\/iframe><\/td>\n<\/tr>\n<\/tbody>\n<\/table>\n<\/td>\n<\/tr>\n<\/tbody>\n<\/table>\n<table style=\"width: 100%; border-collapse: collapse; background-color: #cccccc;\">\n<tbody>\n<tr>\n<td style=\"width: 100%;\"><span style=\"font-size: 20px;\"><strong>Karty techniczne:<\/strong><\/span><\/td>\n<\/tr>\n<\/tbody>\n<\/table>\n<div id=\"attachment_4662\" style=\"width: 1034px\" class=\"wp-caption aligncenter\"><img loading=\"lazy\" decoding=\"async\" aria-describedby=\"caption-attachment-4662\" class=\"size-large wp-image-4662\" src=\"https:\/\/kazal.pl\/sklep\/wp-content\/uploads\/2021\/10\/POMPA-ZATAPIALNA-WODY-BRUDNEJ-ATLAS-COPCO-WEDA-D-04-BN-2-1024x841.png\" alt=\"POMPA-ZATAPIALNA-WODY-BRUDNEJ-ATLAS-COPCO-WEDA-D-04-BN-2\" width=\"1024\" height=\"841\" srcset=\"https:\/\/kazal.pl\/sklep\/wp-content\/uploads\/2021\/10\/POMPA-ZATAPIALNA-WODY-BRUDNEJ-ATLAS-COPCO-WEDA-D-04-BN-2-1024x841.png 1024w, https:\/\/kazal.pl\/sklep\/wp-content\/uploads\/2021\/10\/POMPA-ZATAPIALNA-WODY-BRUDNEJ-ATLAS-COPCO-WEDA-D-04-BN-2-300x246.png 300w, https:\/\/kazal.pl\/sklep\/wp-content\/uploads\/2021\/10\/POMPA-ZATAPIALNA-WODY-BRUDNEJ-ATLAS-COPCO-WEDA-D-04-BN-2-768x631.png 768w, https:\/\/kazal.pl\/sklep\/wp-content\/uploads\/2021\/10\/POMPA-ZATAPIALNA-WODY-BRUDNEJ-ATLAS-COPCO-WEDA-D-04-BN-2-1170x961.png 1170w, https:\/\/kazal.pl\/sklep\/wp-content\/uploads\/2021\/10\/POMPA-ZATAPIALNA-WODY-BRUDNEJ-ATLAS-COPCO-WEDA-D-04-BN-2-600x493.png 600w, https:\/\/kazal.pl\/sklep\/wp-content\/uploads\/2021\/10\/POMPA-ZATAPIALNA-WODY-BRUDNEJ-ATLAS-COPCO-WEDA-D-04-BN-2.png 1344w\" sizes=\"auto, (max-width: 1024px) 100vw, 1024px\" \/><p id=\"caption-attachment-4662\" class=\"wp-caption-text\">POMPA-ZATAPIALNA-WODY-BRUDNEJ-ATLAS-COPCO-WEDA-D-04-BN-2<\/p><\/div>\n<div id=\"attachment_4663\" style=\"width: 1034px\" class=\"wp-caption aligncenter\"><img loading=\"lazy\" decoding=\"async\" aria-describedby=\"caption-attachment-4663\" class=\"size-large wp-image-4663\" src=\"https:\/\/kazal.pl\/sklep\/wp-content\/uploads\/2021\/10\/POMPA-ZATAPIALNA-WODY-BRUDNEJ-ATLAS-COPCO-WEDA-D-04-BN-3-1024x583.png\" alt=\"POMPA-ZATAPIALNA-WODY-BRUDNEJ-ATLAS-COPCO-WEDA-D-04-BN-2\" width=\"1024\" height=\"583\" srcset=\"https:\/\/kazal.pl\/sklep\/wp-content\/uploads\/2021\/10\/POMPA-ZATAPIALNA-WODY-BRUDNEJ-ATLAS-COPCO-WEDA-D-04-BN-3-1024x583.png 1024w, https:\/\/kazal.pl\/sklep\/wp-content\/uploads\/2021\/10\/POMPA-ZATAPIALNA-WODY-BRUDNEJ-ATLAS-COPCO-WEDA-D-04-BN-3-300x171.png 300w, https:\/\/kazal.pl\/sklep\/wp-content\/uploads\/2021\/10\/POMPA-ZATAPIALNA-WODY-BRUDNEJ-ATLAS-COPCO-WEDA-D-04-BN-3-768x438.png 768w, https:\/\/kazal.pl\/sklep\/wp-content\/uploads\/2021\/10\/POMPA-ZATAPIALNA-WODY-BRUDNEJ-ATLAS-COPCO-WEDA-D-04-BN-3-1170x667.png 1170w, https:\/\/kazal.pl\/sklep\/wp-content\/uploads\/2021\/10\/POMPA-ZATAPIALNA-WODY-BRUDNEJ-ATLAS-COPCO-WEDA-D-04-BN-3-600x342.png 600w, https:\/\/kazal.pl\/sklep\/wp-content\/uploads\/2021\/10\/POMPA-ZATAPIALNA-WODY-BRUDNEJ-ATLAS-COPCO-WEDA-D-04-BN-3.png 1290w\" sizes=\"auto, (max-width: 1024px) 100vw, 1024px\" \/><p id=\"caption-attachment-4663\" class=\"wp-caption-text\">POMPA-ZATAPIALNA-WODY-BRUDNEJ-ATLAS-COPCO-WEDA-D-04-BN-2<\/p><\/div>\n<p><img loading=\"lazy\" decoding=\"async\" class=\"aligncenter wp-image-4385 size-large\" src=\"https:\/\/kazal.pl\/sklep\/wp-content\/uploads\/2021\/06\/Brochure-WEDA-pumps-range-50-Hz-Polish-2958-1891-20_Strona_04-724x1024.jpg\" alt=\"\" width=\"724\" height=\"1024\" srcset=\"https:\/\/kazal.pl\/sklep\/wp-content\/uploads\/2021\/06\/Brochure-WEDA-pumps-range-50-Hz-Polish-2958-1891-20_Strona_04-724x1024.jpg 724w, https:\/\/kazal.pl\/sklep\/wp-content\/uploads\/2021\/06\/Brochure-WEDA-pumps-range-50-Hz-Polish-2958-1891-20_Strona_04-212x300.jpg 212w, https:\/\/kazal.pl\/sklep\/wp-content\/uploads\/2021\/06\/Brochure-WEDA-pumps-range-50-Hz-Polish-2958-1891-20_Strona_04-768x1087.jpg 768w, https:\/\/kazal.pl\/sklep\/wp-content\/uploads\/2021\/06\/Brochure-WEDA-pumps-range-50-Hz-Polish-2958-1891-20_Strona_04-600x849.jpg 600w, https:\/\/kazal.pl\/sklep\/wp-content\/uploads\/2021\/06\/Brochure-WEDA-pumps-range-50-Hz-Polish-2958-1891-20_Strona_04.jpg 827w\" sizes=\"auto, (max-width: 724px) 100vw, 724px\" \/><\/p>\n","protected":false},"excerpt":{"rendered":"<table style=\"border-collapse: collapse; width: 100%;\">\n<tbody>\n<tr>\n<td style=\"width: 100%;\">\n<h6 class=\"e-headline e-headline--h2 e-headline--product\">Elektryczne pompy zatapialne <strong>Atlas Copco<\/strong>\u00a0\u00a0<strong>WEDA<\/strong> wraz z\u00a0akcesoriami zosta\u0142y opracowane z\u00a0my\u015bl\u0105 o\u00a0wielu zastosowaniach zwi\u0105zanych z\u00a0odwadnianiem w\u00a0r\u00f3\u017cnorodnych bran\u017cach. Zapewniaj\u0105 wydajno\u015b\u0107, niezawodno\u015b\u0107 i\u00a0\u0142atw\u0105 obs\u0142ug\u0119.<\/h6>\n<p>Pompy\u00a0<strong>WEDA<\/strong>\u00a0s\u0105 wyposa\u017cone w\u00a0zabezpieczenie rozrusznika i\u00a0silnika elektrycznego oraz opcjonalny automatyczny uk\u0142ad kontroli poziomu (p\u0142ywak). Regulowane dyfuzory z\u00a0gumy odpornej na zu\u017cycie oraz wirniki z\u00a0hartowanej stali wysokochromowej zapewniaj\u0105 trwa\u0142o\u015b\u0107 w\u00a0trudnych warunkach.<\/td>\n<\/tr>\n<\/tbody>\n<\/table>\n<table style=\"border-collapse: collapse; width: 100%;\">\n<tbody>\n<tr>\n<td style=\"width: 65.36%;\"><strong>Pompy WEDA<\/strong>\u00a0s\u0105 stworzone do eksploatacji w\u00a0wymagaj\u0105cych warunkach. Unikalny system uszczelniaj\u0105cy oraz konstrukcja modu\u0142owa sprawiaj\u0105, \u017ce jest to jedna z\u00a0najbardziej elastycznych serii pomp dost\u0119pnych na rynku. \u0141atwa obs\u0142uga i\u00a0konserwacja zapewniaj\u0105 optymaln\u0105 wydajno\u015b\u0107 pomp\u00a0<strong>WEDA<\/strong>. System uszczelnie\u0144\u00a0<strong>WEDA<\/strong>\u00a0jest rozwi\u0105zaniem serwisowym, kt\u00f3re mo\u017cna b\u0142yskawicznie zainstalowa\u0107 na placu budowy.<\/td>\n<td style=\"width: 34.64%;\"><a href=\"https:\/\/kazal.pl\/sklep\/product-category\/atlas-copco-poznan-agregaty-pradotworcze-atlas-copco-sprezarki-poznan\/\"><img loading=\"lazy\" decoding=\"async\" class=\"aligncenter wp-image-4323\" style=\"margin-top: 0.857143rem; margin-bottom: 0.857143rem;\" src=\"https:\/\/kazal.pl\/sklep\/wp-content\/uploads\/2021\/05\/ATLAS-COPCO-Poznan-dystrybutor-sprezarki-Poznan-pompy-atlas-copc-Poznan-agregaty-pradotworcze-atlas-copco-Poznan.jpg\" alt=\"ATLAS-COPCO-Poznan-dystrybutor-sprezarki-Poznan-pompy-atlas-copc-Poznan-agregaty-pradotworcze-atlas-copco-Poznan\" width=\"100\" height=\"100\" srcset=\"https:\/\/kazal.pl\/sklep\/wp-content\/uploads\/2021\/05\/ATLAS-COPCO-Poznan-dystrybutor-sprezarki-Poznan-pompy-atlas-copc-Poznan-agregaty-pradotworcze-atlas-copco-Poznan.jpg 200w, https:\/\/kazal.pl\/sklep\/wp-content\/uploads\/2021\/05\/ATLAS-COPCO-Poznan-dystrybutor-sprezarki-Poznan-pompy-atlas-copc-Poznan-agregaty-pradotworcze-atlas-copco-Poznan-150x150.jpg 150w, https:\/\/kazal.pl\/sklep\/wp-content\/uploads\/2021\/05\/ATLAS-COPCO-Poznan-dystrybutor-sprezarki-Poznan-pompy-atlas-copc-Poznan-agregaty-pradotworcze-atlas-copco-Poznan-90x90.jpg 90w\" sizes=\"auto, (max-width: 100px) 100vw, 100px\" \/><\/a><\/td>\n<\/tr>\n<\/tbody>\n<\/table>\n<table style=\"border-collapse: collapse; width: 100%;\">\n<tbody>\n<tr>\n<td style=\"width: 100%;\">\n<h6><span style=\"text-decoration: underline;\"><strong><span style=\"color: #ff0000; text-decoration: underline;\">NOWY<\/span><\/strong><\/span><span style=\"color: #ff0000;\"> &#8211; <span style=\"text-decoration: underline;\"><strong>Dost\u0119pny od r\u0119ki<\/strong> <\/span><\/span>&#8211; w sklepie stacjonarnym lub wysy\u0142ka.<\/h6>\n<\/td>\n<\/tr>\n<\/tbody>\n<\/table>\n","protected":false},"featured_media":4664,"comment_status":"open","ping_status":"closed","template":"","meta":[],"product_cat":[345,337,343,344],"product_tag":[347,350,495,496,348,351,349,494,493,497],"class_list":{"0":"post-4381","1":"product","2":"type-product","3":"status-publish","4":"has-post-thumbnail","6":"product_cat-atlas-copco-pompy-do-odwadniania-poznan","7":"product_cat-atlas-copco-poznan-agregaty-pradotworcze-atlas-copco-sprezarki-poznan","8":"product_cat-pompy-do-odwadniania-poznan","9":"product_cat-atlas-copco-pompy-odwadniajace-weda-poznan","10":"product_tag-atlas-copco","11":"product_tag-atlas-copco-poznan","12":"product_tag-atlas-copco-weda","13":"product_tag-d04n","14":"product_tag-pompy-do-odwadniania","15":"product_tag-pompy-do-odwadniania-poznan","16":"product_tag-pompy-odwadniajace-weda","17":"product_tag-weda","18":"product_tag-weda-d04","19":"product_tag-weda-d04n","20":"product_shipping_class-wysylka-inpost","22":"first","23":"instock","24":"featured","25":"taxable","26":"shipping-taxable","27":"purchasable","28":"product-type-simple"},"_links":{"self":[{"href":"https:\/\/kazal.pl\/sklep\/wp-json\/wp\/v2\/product\/4381","targetHints":{"allow":["GET"]}}],"collection":[{"href":"https:\/\/kazal.pl\/sklep\/wp-json\/wp\/v2\/product"}],"about":[{"href":"https:\/\/kazal.pl\/sklep\/wp-json\/wp\/v2\/types\/product"}],"replies":[{"embeddable":true,"href":"https:\/\/kazal.pl\/sklep\/wp-json\/wp\/v2\/comments?post=4381"}],"wp:featuredmedia":[{"embeddable":true,"href":"https:\/\/kazal.pl\/sklep\/wp-json\/wp\/v2\/media\/4664"}],"wp:attachment":[{"href":"https:\/\/kazal.pl\/sklep\/wp-json\/wp\/v2\/media?parent=4381"}],"wp:term":[{"taxonomy":"product_cat","embeddable":true,"href":"https:\/\/kazal.pl\/sklep\/wp-json\/wp\/v2\/product_cat?post=4381"},{"taxonomy":"product_tag","embeddable":true,"href":"https:\/\/kazal.pl\/sklep\/wp-json\/wp\/v2\/product_tag?post=4381"}],"curies":[{"name":"wp","href":"https:\/\/api.w.org\/{rel}","templated":true}]}}