{"id":4450,"date":"2021-06-21T12:00:48","date_gmt":"2021-06-21T12:00:48","guid":{"rendered":"https:\/\/kazal.pl\/sklep\/?post_type=product&#038;p=4450"},"modified":"2025-11-03T15:50:03","modified_gmt":"2025-11-03T15:50:03","slug":"atlas-copco-agregat-pradotworczy-p-3000-s5-1-fazowy-z-avr-8170023099","status":"publish","type":"product","link":"https:\/\/kazal.pl\/sklep\/product\/atlas-copco-agregat-pradotworczy-p-3000-s5-1-fazowy-z-avr-8170023099\/","title":{"rendered":"ATLAS COPCO Agregat pr\u0105dotw\u00f3rczy P 3000 S5 1-fazowy z AVR moc 2.5kW 2.5kVa [8170023099]"},"content":{"rendered":"<table style=\"width: 100%; border-collapse: collapse; background-color: #cccccc;\">\n<tbody>\n<tr>\n<td style=\"width: 100%;\"><span style=\"font-size: 20px;\"><strong>ATLAS COPCO Agregat pr\u0105dotw\u00f3rczy P 3000 S5 1-fazowy z AVR<\/strong><\/span><\/td>\n<\/tr>\n<\/tbody>\n<\/table>\n<table style=\"border-collapse: collapse; width: 100%;\">\n<tbody>\n<tr>\n<td style=\"width: 50%;\">\n<h5>ATLAS COPCO oferuje kompletn\u0105 seri\u0119 przeno\u015bnych generator\u00f3w, kt\u00f3rych zadaniem jest spe\u0142nienie wszystkich wymaga\u0144 u\u017cytkownik\u00f3w.<\/h5>\n<p>Do og\u00f3lnych codziennych zastosowa\u0144 lub regularnych zastosowa\u0144 w ramach jednego zadania najlepszym rozwi\u0105zaniem s\u0105 generatory <strong>P<\/strong>. Wszystkie modele zapewniaj\u0105 sprawdzon\u0105 niezawodno\u015b\u0107, niskie zu\u017cycie paliwa, niski poziom emisji ha\u0142asu i d\u0142ugi czas pracy bez tankowania, a okre\u015blone kombinacje parametr\u00f3w znakomicie pasuj\u0105 do wykonywanych<br \/>\nprac.<br \/>\nGeneratory <strong>P<\/strong> s\u0105 g\u0142\u00f3wnie przeznaczone dla wykonawc\u00f3w podczas osobistej realizacji zlece\u0144, gdy szybko potrzebne jest przeno\u015bne \u017ar\u00f3d\u0142o mocy.<\/td>\n<\/tr>\n<\/tbody>\n<\/table>\n<table style=\"width: 100%; border-collapse: collapse; background-color: #cccccc;\">\n<tbody>\n<tr>\n<td style=\"width: 100%;\"><span style=\"font-size: 20px;\"><strong>Charakterystyka:<\/strong><\/span><\/td>\n<\/tr>\n<\/tbody>\n<\/table>\n<table style=\"border-collapse: collapse; width: 100%;\">\n<tbody>\n<tr>\n<td style=\"width: 50%;\">\n<div class=\"m-containerseemore__container\">\n<div class=\"m-containerseemore__content\">\n<div class=\"m-containerseemore__coloumn\">\n<div class=\"m-containerseemore__coloumn\">\n<h4 class=\"e-headline e-headline--h4 \">Funkcje:<\/h4>\n<p>Funkcje i\u00a0korzy\u015bci:<\/p>\n<p>\u2022\u00a0\u00a0 \u00a0automatyczna regulacja napi\u0119cia (AVR) pozwala pracowa\u0107 z\u00a0odbiornikami wra\u017cliwymi na jako\u015b\u0107 napi\u0119cia;<br \/>\n\u2022\u00a0\u00a0 \u00a0zabezpieczone gniazda elektryczne daj\u0105 bezpiecze\u0144stwo podczas u\u017cytkowania;<br \/>\n\u2022\u00a0\u00a0 \u00a0wytrzyma\u0142a obudowa minimalizuje ryzyko uszkodzenia oraz zapewnia cich\u0105 prac\u0119;<br \/>\n\u2022\u00a0\u00a0 \u00a0du\u017cy zbiornik zapewnia d\u0142ug\u0105 prac\u0119 bez tankowania;<br \/>\n\u2022\u00a0\u00a0 \u00a0zabezpieczenie termiczne stanowi ochron\u0119 pr\u0105dnicy;<br \/>\n\u2022\u00a0\u00a0 \u00a0alarmy silnika informuj\u0105 o\u00a0niskim poziomie oleju oraz zapobiegaj\u0105 jego przeci\u0105\u017ceniu;<\/p>\n<\/div>\n<div class=\"m-containerseemore__coloumn\">\n<h4 class=\"e-headline e-headline--h4 \">Zastosowanie:<\/h4>\n<ul>\n<li>zasilanie urz\u0105dze\u0144;<\/li>\n<li>zasilanie maszyn;<\/li>\n<li>zasilanie domu;<\/li>\n<li>place budowy<\/li>\n<\/ul>\n<\/div>\n<\/div>\n<\/div>\n<\/div>\n<div class=\"m-containerseemore__link\"><\/div>\n<\/td>\n<td style=\"width: 50%;\">\n<div class=\"m-containerexpander__head\">\n<div class=\"m-containerexpander__head\">\n<div class=\"mceTemp\"><\/div>\n<\/div>\n<\/div>\n<p><a href=\"https:\/\/kazal.pl\/sklep\/product-category\/atlas-copco-poznan-agregaty-pradotworcze-atlas-copco-sprezarki-poznan\/\"><img loading=\"lazy\" decoding=\"async\" class=\"aligncenter wp-image-4323 size-full\" style=\"margin-top: 0.857143rem; margin-bottom: 0.857143rem;\" src=\"https:\/\/kazal.pl\/sklep\/wp-content\/uploads\/2021\/05\/ATLAS-COPCO-Poznan-dystrybutor-sprezarki-Poznan-pompy-atlas-copc-Poznan-agregaty-pradotworcze-atlas-copco-Poznan.jpg\" alt=\"ATLAS-COPCO-Poznan-dystrybutor-sprezarki-Poznan-pompy-atlas-copc-Poznan-agregaty-pradotworcze-atlas-copco-Poznan\" width=\"200\" height=\"200\" srcset=\"https:\/\/kazal.pl\/sklep\/wp-content\/uploads\/2021\/05\/ATLAS-COPCO-Poznan-dystrybutor-sprezarki-Poznan-pompy-atlas-copc-Poznan-agregaty-pradotworcze-atlas-copco-Poznan.jpg 200w, https:\/\/kazal.pl\/sklep\/wp-content\/uploads\/2021\/05\/ATLAS-COPCO-Poznan-dystrybutor-sprezarki-Poznan-pompy-atlas-copc-Poznan-agregaty-pradotworcze-atlas-copco-Poznan-150x150.jpg 150w, https:\/\/kazal.pl\/sklep\/wp-content\/uploads\/2021\/05\/ATLAS-COPCO-Poznan-dystrybutor-sprezarki-Poznan-pompy-atlas-copc-Poznan-agregaty-pradotworcze-atlas-copco-Poznan-90x90.jpg 90w\" sizes=\"auto, (max-width: 200px) 100vw, 200px\" \/><\/a><\/p>\n<div class=\"m-containerexpander__head\">\n<div class=\"mceTemp\"><\/div>\n<h4 class=\"e-headline e-headline--h3 m-containerexpander__headline\"><a href=\"https:\/\/kazal.pl\/sklep\/product-category\/atlas-copco-poznan-agregaty-pradotworcze-atlas-copco-sprezarki-poznan\/\">ATLAS COPCO<\/a><\/h4>\n<div class=\"m-containerexpander__collapseicon\"><\/div>\n<\/div>\n<div class=\"m-containerexpander__content\">\n<div class=\"m-containerexpander__innercontent\">\n<div class=\"m-textparagraph m-textparagraph--types c-richtext\">\n<p><b>Atlas Copco<\/b> \u2013 szwedzkie przedsi\u0119biorstwo za\u0142o\u017cone w 1873 r., kt\u00f3rego dzia\u0142alno\u015b\u0107 obejmuje sprzeda\u017c, wynajem i serwis urz\u0105dze\u0144 z zakresu techniki spr\u0119\u017conego powietrza, techniki g\u00f3rnictwa i budownictwa oraz techniki przemys\u0142owej.<\/p>\n<p style=\"text-align: center;\"><iframe loading=\"lazy\" src=\"\/\/www.youtube.com\/embed\/KxqKGsPSHSc\" width=\"560\" height=\"314\" allowfullscreen=\"allowfullscreen\"><\/iframe><\/p>\n<\/div>\n<\/div>\n<\/div>\n<\/td>\n<\/tr>\n<\/tbody>\n<\/table>\n<table style=\"width: 100%; border-collapse: collapse; background-color: #cccccc;\">\n<tbody>\n<tr>\n<td style=\"width: 100%;\"><span style=\"font-size: 20px;\"><strong>Parametry techniczne:<\/strong><\/span><\/td>\n<\/tr>\n<\/tbody>\n<\/table>\n<table style=\"width: 100%; height: 114px;\">\n<tbody>\n<tr>\n<th style=\"width: 17.92%;\">moc znamionowa:<\/th>\n<td style=\"width: 81.92%;\">2,3 \/ 2,3 [kVA \/ kW]<\/td>\n<\/tr>\n<tr>\n<th style=\"width: 17.92%;\">moc maksymalna:<\/th>\n<td style=\"width: 81.92%;\">2,5 \/ 2,5 [kVA \/ kW]<\/td>\n<\/tr>\n<tr>\n<th style=\"width: 17.92%;\">napi\u0119cie znamionowe:<\/th>\n<td style=\"width: 81.92%;\">230 [V]<\/td>\n<\/tr>\n<tr>\n<th style=\"width: 17.92%;\">silnik:<\/th>\n<td style=\"width: 81.92%;\">AC 200AF<\/td>\n<\/tr>\n<tr>\n<th style=\"width: 17.92%;\">rodzaj rozruchu:<\/th>\n<td style=\"width: 81.92%;\">r\u0119czny<\/td>\n<\/tr>\n<tr>\n<th style=\"width: 17.92%;\">rodzaj paliwa:<\/th>\n<td style=\"width: 81.92%;\">benzyna<\/td>\n<\/tr>\n<tr>\n<th style=\"width: 17.92%;\">pr\u0119dko\u015b\u0107 znamionowa:<\/th>\n<td style=\"width: 81.92%;\">3000 [obr\/min]<\/td>\n<\/tr>\n<tr>\n<th style=\"width: 17.92%;\">zu\u017cycie paliwa przy 100% mocy nominalnej:<\/th>\n<td style=\"width: 81.92%;\">1,4 [l\/h]<\/td>\n<\/tr>\n<tr>\n<th style=\"width: 17.92%;\">pojemno\u015b\u0107 zbiornika paliwa:<\/th>\n<td style=\"width: 81.92%;\">15 [l]<\/td>\n<\/tr>\n<tr>\n<th style=\"width: 17.92%;\">czas pracy przy 100% mocy nominalnej:<\/th>\n<td style=\"width: 81.92%;\">11 [h]<\/td>\n<\/tr>\n<tr>\n<th style=\"width: 17.92%;\">gniazda:<\/th>\n<td style=\"width: 81.92%;\">2 x\u00a0230 V\u00a016 A<\/td>\n<\/tr>\n<tr>\n<th style=\"width: 17.92%;\">moc akustyczna LWA:<\/th>\n<td style=\"width: 81.92%;\">95 [dB (A)]<\/td>\n<\/tr>\n<tr>\n<th style=\"width: 17.92%;\">d\u0142ugo\u015b\u0107:<\/th>\n<td style=\"width: 81.92%;\">590 [mm]<\/td>\n<\/tr>\n<tr>\n<th style=\"width: 17.92%;\">szeroko\u015b\u0107:<\/th>\n<td style=\"width: 81.92%;\">430 [mm]<\/td>\n<\/tr>\n<tr>\n<th style=\"width: 17.92%;\">wysoko\u015b\u0107:<\/th>\n<td style=\"width: 81.92%;\">480 [mm]<\/td>\n<\/tr>\n<tr>\n<th style=\"width: 17.92%;\">waga (bez paliwa):<\/th>\n<td style=\"width: 81.92%;\">46 [kg]<\/td>\n<\/tr>\n<tr>\n<th style=\"width: 17.92%;\">wyposa\u017cenie standardowe:<\/th>\n<td style=\"width: 81.92%;\">rozrusznik mechaniczny, du\u017cy zbiornik paliwa, gniazda, automatyczna regulacja napi\u0119cia (AVR), licznik godzin, wy\u0142\u0105cznik automatyczny, zgodno\u015b\u0107 z\u00a0CE w\u00a0zakresie emisji ha\u0142asu, zabezpieczenie przed niskim poziomem oleju<\/td>\n<\/tr>\n<tr>\n<th style=\"width: 17.92%;\">nr katalogowy:<\/th>\n<td style=\"width: 81.92%;\">8170 0230 99<\/td>\n<\/tr>\n<\/tbody>\n<\/table>\n<table style=\"width: 100%; border-collapse: collapse; background-color: #cccccc;\">\n<tbody>\n<tr>\n<td style=\"width: 100%;\"><span style=\"font-size: 20px;\"><strong>Zdj\u0119cia produktu:<\/strong><\/span><\/td>\n<\/tr>\n<\/tbody>\n<\/table>\n<div class=\"mceTemp\"><\/div>\n<table style=\"border-collapse: collapse; width: 100%;\">\n<tbody>\n<tr>\n<td style=\"width: 50%; text-align: center;\">\n<div id=\"attachment_4451\" style=\"width: 560px\" class=\"wp-caption aligncenter\"><img loading=\"lazy\" decoding=\"async\" aria-describedby=\"caption-attachment-4451\" class=\"wp-image-4451\" src=\"https:\/\/kazal.pl\/sklep\/wp-content\/uploads\/2021\/06\/4317518c8a96d1e235f879309d459d08-300x200.jpg\" alt=\"ATLAS-COPCO-Agregat-pradotworczy-1-fazowy-P-3000-S5-Poznan-dostepny-Dystrybutor-Atlas-Copco-Poznan-FHU-KAZAL\" width=\"550\" height=\"367\" srcset=\"https:\/\/kazal.pl\/sklep\/wp-content\/uploads\/2021\/06\/4317518c8a96d1e235f879309d459d08-300x200.jpg 300w, https:\/\/kazal.pl\/sklep\/wp-content\/uploads\/2021\/06\/4317518c8a96d1e235f879309d459d08-600x400.jpg 600w, https:\/\/kazal.pl\/sklep\/wp-content\/uploads\/2021\/06\/4317518c8a96d1e235f879309d459d08.jpg 640w\" sizes=\"auto, (max-width: 550px) 100vw, 550px\" \/><p id=\"caption-attachment-4451\" class=\"wp-caption-text\"><span style=\"color: #ffffff;\">ATLAS-COPCO-Agregat-pradotworczy-1-fazowy-P-3000-S5-Poznan-dostepny-Dystrybutor-Atlas-Copco-Poznan-FHU-KAZAL<\/span><\/p><\/div><\/td>\n<td style=\"width: 50%; text-align: center;\"><img loading=\"lazy\" decoding=\"async\" class=\"aligncenter wp-image-4453\" src=\"https:\/\/kazal.pl\/sklep\/wp-content\/uploads\/2021\/06\/20210618_151551-146x300.jpg\" alt=\"\" width=\"267\" height=\"550\" srcset=\"https:\/\/kazal.pl\/sklep\/wp-content\/uploads\/2021\/06\/20210618_151551-146x300.jpg 146w, https:\/\/kazal.pl\/sklep\/wp-content\/uploads\/2021\/06\/20210618_151551-498x1024.jpg 498w, https:\/\/kazal.pl\/sklep\/wp-content\/uploads\/2021\/06\/20210618_151551-768x1580.jpg 768w, https:\/\/kazal.pl\/sklep\/wp-content\/uploads\/2021\/06\/20210618_151551-747x1536.jpg 747w, https:\/\/kazal.pl\/sklep\/wp-content\/uploads\/2021\/06\/20210618_151551-996x2048.jpg 996w, https:\/\/kazal.pl\/sklep\/wp-content\/uploads\/2021\/06\/20210618_151551-1170x2407.jpg 1170w, https:\/\/kazal.pl\/sklep\/wp-content\/uploads\/2021\/06\/20210618_151551-600x1234.jpg 600w, https:\/\/kazal.pl\/sklep\/wp-content\/uploads\/2021\/06\/20210618_151551-scaled.jpg 1244w\" sizes=\"auto, (max-width: 267px) 100vw, 267px\" \/><\/td>\n<\/tr>\n<\/tbody>\n<\/table>\n<table style=\"border-collapse: collapse; width: 100%;\">\n<tbody>\n<tr>\n<td style=\"width: 100%; text-align: center;\">\n<div id=\"attachment_4811\" style=\"width: 1260px\" class=\"wp-caption aligncenter\"><img loading=\"lazy\" decoding=\"async\" aria-describedby=\"caption-attachment-4811\" class=\"wp-image-4811 size-full\" src=\"https:\/\/kazal.pl\/sklep\/wp-content\/uploads\/2021\/06\/Agregaty-pradotworcze-Poznan-ATLAS-COPCO-Poznan-agregat-pradotworczy-p6500-avr-1-fazowy-moc-5-5kw-5-5kva-agreagty-sprezarki-mloty-wyburzeniowe-pompy-zanurzeniowe-Poznan-FHU-KAZAL-3.jpg\" alt=\"Agregaty-pradotworcze-Poznan-ATLAS-COPCO-Poznan-agregat-pradotworczy-p6500-avr-1-fazowy-moc-5-5kw-5-5kva-agreagty-sprezarki-mloty-wyburzeniowe-pompy-zanurzeniowe-Poznan-FHU-KAZAL\" width=\"1250\" height=\"807\" srcset=\"https:\/\/kazal.pl\/sklep\/wp-content\/uploads\/2021\/06\/Agregaty-pradotworcze-Poznan-ATLAS-COPCO-Poznan-agregat-pradotworczy-p6500-avr-1-fazowy-moc-5-5kw-5-5kva-agreagty-sprezarki-mloty-wyburzeniowe-pompy-zanurzeniowe-Poznan-FHU-KAZAL-3.jpg 1250w, https:\/\/kazal.pl\/sklep\/wp-content\/uploads\/2021\/06\/Agregaty-pradotworcze-Poznan-ATLAS-COPCO-Poznan-agregat-pradotworczy-p6500-avr-1-fazowy-moc-5-5kw-5-5kva-agreagty-sprezarki-mloty-wyburzeniowe-pompy-zanurzeniowe-Poznan-FHU-KAZAL-3-300x194.jpg 300w, https:\/\/kazal.pl\/sklep\/wp-content\/uploads\/2021\/06\/Agregaty-pradotworcze-Poznan-ATLAS-COPCO-Poznan-agregat-pradotworczy-p6500-avr-1-fazowy-moc-5-5kw-5-5kva-agreagty-sprezarki-mloty-wyburzeniowe-pompy-zanurzeniowe-Poznan-FHU-KAZAL-3-1024x661.jpg 1024w, https:\/\/kazal.pl\/sklep\/wp-content\/uploads\/2021\/06\/Agregaty-pradotworcze-Poznan-ATLAS-COPCO-Poznan-agregat-pradotworczy-p6500-avr-1-fazowy-moc-5-5kw-5-5kva-agreagty-sprezarki-mloty-wyburzeniowe-pompy-zanurzeniowe-Poznan-FHU-KAZAL-3-768x496.jpg 768w, https:\/\/kazal.pl\/sklep\/wp-content\/uploads\/2021\/06\/Agregaty-pradotworcze-Poznan-ATLAS-COPCO-Poznan-agregat-pradotworczy-p6500-avr-1-fazowy-moc-5-5kw-5-5kva-agreagty-sprezarki-mloty-wyburzeniowe-pompy-zanurzeniowe-Poznan-FHU-KAZAL-3-1170x755.jpg 1170w, https:\/\/kazal.pl\/sklep\/wp-content\/uploads\/2021\/06\/Agregaty-pradotworcze-Poznan-ATLAS-COPCO-Poznan-agregat-pradotworczy-p6500-avr-1-fazowy-moc-5-5kw-5-5kva-agreagty-sprezarki-mloty-wyburzeniowe-pompy-zanurzeniowe-Poznan-FHU-KAZAL-3-600x387.jpg 600w\" sizes=\"auto, (max-width: 1250px) 100vw, 1250px\" \/><p id=\"caption-attachment-4811\" class=\"wp-caption-text\">Agregaty pr\u0105dotw\u00f3rcze Pozna\u0144 ATLAS COPCO agregat pr\u0105dotw\u00f3rczy p6500 AVR 1-fazowy moc 5.5kw-5.5kva i &#8211; agregat pr\u0105dotw\u00f3rczy p3000 AVR 1-fazowy moc 2.5kw-2.5kva Pozna\u0144 FHU KAZAL<\/p><\/div><\/td>\n<\/tr>\n<\/tbody>\n<\/table>\n<table style=\"width: 100%; border-collapse: collapse; background-color: #cccccc;\">\n<tbody>\n<tr>\n<td style=\"width: 100%;\"><span style=\"font-size: 20px;\"><strong>ATLAS COPCO Agregaty pr\u0105dotw\u00f3rcze &#8211; WIDEO:<\/strong><\/span><\/td>\n<\/tr>\n<\/tbody>\n<\/table>\n<table style=\"border-collapse: collapse; width: 100%;\">\n<tbody>\n<tr>\n<td style=\"width: 30%; text-align: center;\">&nbsp;<\/p>\n<table style=\"border-collapse: collapse; width: 100%;\">\n<tbody>\n<tr>\n<td style=\"width: 100%;\"><iframe loading=\"lazy\" src=\"\/\/www.youtube.com\/embed\/thnH-5fdcZw\" width=\"560\" height=\"314\" allowfullscreen=\"allowfullscreen\"><\/iframe><\/td>\n<\/tr>\n<tr>\n<td style=\"width: 100%;\"><iframe loading=\"lazy\" src=\"\/\/www.youtube.com\/embed\/9Eq7NMIC1Fs\" width=\"560\" height=\"314\" allowfullscreen=\"allowfullscreen\"><\/iframe><\/td>\n<\/tr>\n<\/tbody>\n<\/table>\n<\/td>\n<\/tr>\n<\/tbody>\n<\/table>\n<table style=\"width: 100%; border-collapse: collapse; background-color: #cccccc;\">\n<tbody>\n<tr>\n<td style=\"width: 100%;\"><span style=\"font-size: 20px;\"><strong>Karty techniczne:<\/strong><\/span><\/td>\n<\/tr>\n<\/tbody>\n<\/table>\n<div id=\"attachment_4454\" style=\"width: 1070px\" class=\"wp-caption aligncenter\"><img loading=\"lazy\" decoding=\"async\" aria-describedby=\"caption-attachment-4454\" class=\"wp-image-4454\" src=\"https:\/\/kazal.pl\/sklep\/wp-content\/uploads\/2021\/06\/15-Atlas-Copco-agregaty-iP-P-QEP-01.2021_Strona_07-724x1024.png\" alt=\"Agregat pr\u0105dotw\u00f3rczy ATLAS COPCO Pozna\u0144 FHU KAZAL\" width=\"1060\" height=\"1500\" srcset=\"https:\/\/kazal.pl\/sklep\/wp-content\/uploads\/2021\/06\/15-Atlas-Copco-agregaty-iP-P-QEP-01.2021_Strona_07-724x1024.png 724w, https:\/\/kazal.pl\/sklep\/wp-content\/uploads\/2021\/06\/15-Atlas-Copco-agregaty-iP-P-QEP-01.2021_Strona_07-212x300.png 212w, https:\/\/kazal.pl\/sklep\/wp-content\/uploads\/2021\/06\/15-Atlas-Copco-agregaty-iP-P-QEP-01.2021_Strona_07-768x1087.png 768w, https:\/\/kazal.pl\/sklep\/wp-content\/uploads\/2021\/06\/15-Atlas-Copco-agregaty-iP-P-QEP-01.2021_Strona_07-1086x1536.png 1086w, https:\/\/kazal.pl\/sklep\/wp-content\/uploads\/2021\/06\/15-Atlas-Copco-agregaty-iP-P-QEP-01.2021_Strona_07-1447x2048.png 1447w, https:\/\/kazal.pl\/sklep\/wp-content\/uploads\/2021\/06\/15-Atlas-Copco-agregaty-iP-P-QEP-01.2021_Strona_07-1170x1655.png 1170w, https:\/\/kazal.pl\/sklep\/wp-content\/uploads\/2021\/06\/15-Atlas-Copco-agregaty-iP-P-QEP-01.2021_Strona_07-600x849.png 600w\" sizes=\"auto, (max-width: 1060px) 100vw, 1060px\" \/><p id=\"caption-attachment-4454\" class=\"wp-caption-text\">Agregat pr\u0105dotw\u00f3rczy P 3000 S5 ATLAS COPCO Pozna\u0144 FHU KAZAL<\/p><\/div>\n","protected":false},"excerpt":{"rendered":"<table style=\"border-collapse: collapse; width: 100%;\">\n<tbody>\n<tr>\n<td style=\"width: 100%;\">\n<h6 class=\"e-headline e-headline--h2 e-headline--product\">Przeno\u015bne generatory firmy <strong>Atlas Copco<\/strong> zosta\u0142y opracowane z\u00a0my\u015bl\u0105 o\u00a0profesjonalistach i\u00a0firmach wykonawczych, kt\u00f3rzy potrzebuj\u0105 niezawodnego \u017ar\u00f3d\u0142a mocy w\u00a0trakcie pracy. Trwa\u0142e wykonanie generator\u00f3w tej serii to gwarancja niezawodnego dzia\u0142ania w\u00a0d\u0142ugoterminowym horyzoncie u\u017cytkowania, nawet w\u00a0najtrudniejszych warunkach eksploatacji.<\/h6>\n<p>\u0141atwa obs\u0142uga, wbudowane funkcje bezpiecze\u0144stwa oraz wyj\u0105tkowa jako\u015b\u0107 konstrukcji sprawiaj\u0105, \u017ce generatory s\u0105 idealnym partnerem w pracy dla firm z bran\u017cy budowlanej, bez wzgl\u0119du na miejsce i rodzaj realizowanych zada\u0144. Od niewielkich modeli do u\u017cytku jednoosobowego, a\u017c do du\u017cych konstrukcji zasilaj\u0105cych place budowy \u2013 oferujemy to, czego potrzebujesz !<\/td>\n<\/tr>\n<\/tbody>\n<\/table>\n<table style=\"border-collapse: collapse; width: 100%;\">\n<tbody>\n<tr>\n<td style=\"width: 65.36%;\"><strong>Seria P\u00a0agregat\u00f3w Atlas Copco<\/strong>\u00a0 \u00a0oferuje du\u017c\u0105 wydajno\u015b\u0107, trwa\u0142\u0105 konstrukcj\u0119 i\u00a0prost\u0105 konserwacj\u0119 .\u00a0Urz\u0105dzenia tej serii idealne sprawdzaj\u0105 si\u0119 m.in. w\u00a0bran\u017cy budowlanej lub w\u00a0rolnictwie i\u00a0hodowli zwierz\u0105t. Konstrukcje generator\u00f3w powsta\u0142y w\u00a0naszym centrum innowacji, aby spe\u0142ni\u0107 najwy\u017csze standardy jako\u015bciowe przy relatywnie niskiej cenie. Bogaty pakiet wyposa\u017cenia standardowego stawia te urz\u0105dzenia w\u00a0gronie najlepszych w\u00a0swojej klasie.<\/td>\n<td style=\"width: 34.64%;\"><a href=\"https:\/\/kazal.pl\/sklep\/product-category\/atlas-copco-poznan-agregaty-pradotworcze-atlas-copco-sprezarki-poznan\/\"><img loading=\"lazy\" decoding=\"async\" class=\"aligncenter wp-image-4323\" style=\"margin-top: 0.857143rem; margin-bottom: 0.857143rem;\" src=\"https:\/\/kazal.pl\/sklep\/wp-content\/uploads\/2021\/05\/ATLAS-COPCO-Poznan-dystrybutor-sprezarki-Poznan-pompy-atlas-copc-Poznan-agregaty-pradotworcze-atlas-copco-Poznan.jpg\" alt=\"ATLAS-COPCO-Poznan-dystrybutor-sprezarki-Poznan-pompy-atlas-copc-Poznan-agregaty-pradotworcze-atlas-copco-Poznan\" width=\"100\" height=\"100\" srcset=\"https:\/\/kazal.pl\/sklep\/wp-content\/uploads\/2021\/05\/ATLAS-COPCO-Poznan-dystrybutor-sprezarki-Poznan-pompy-atlas-copc-Poznan-agregaty-pradotworcze-atlas-copco-Poznan.jpg 200w, https:\/\/kazal.pl\/sklep\/wp-content\/uploads\/2021\/05\/ATLAS-COPCO-Poznan-dystrybutor-sprezarki-Poznan-pompy-atlas-copc-Poznan-agregaty-pradotworcze-atlas-copco-Poznan-150x150.jpg 150w, https:\/\/kazal.pl\/sklep\/wp-content\/uploads\/2021\/05\/ATLAS-COPCO-Poznan-dystrybutor-sprezarki-Poznan-pompy-atlas-copc-Poznan-agregaty-pradotworcze-atlas-copco-Poznan-90x90.jpg 90w\" sizes=\"auto, (max-width: 100px) 100vw, 100px\" \/><\/a><\/td>\n<\/tr>\n<\/tbody>\n<\/table>\n<table style=\"border-collapse: collapse; width: 100%;\">\n<tbody>\n<tr>\n<td style=\"width: 100%;\">\n<h6><span style=\"text-decoration: underline;\"><strong><span style=\"color: #ff0000; text-decoration: underline;\">NOWY<\/span><\/strong><\/span><span style=\"color: #ff0000;\"> &#8211; <span style=\"text-decoration: underline;\"><strong>Dost\u0119pny<\/strong>\u00a0<\/span><\/span>&#8211; w sklepie stacjonarnym lub wysy\u0142ka.<\/h6>\n<\/td>\n<\/tr>\n<\/tbody>\n<\/table>\n","protected":false},"featured_media":4808,"comment_status":"open","ping_status":"closed","template":"","meta":[],"product_cat":[172,337,371],"product_tag":[373,376,175,372,347,350],"class_list":{"0":"post-4450","1":"product","2":"type-product","3":"status-publish","4":"has-post-thumbnail","6":"product_cat-agregaty-pradotworcze","7":"product_cat-atlas-copco-poznan-agregaty-pradotworcze-atlas-copco-sprezarki-poznan","8":"product_cat-atlas-copco-agregaty-pradotworcze","9":"product_tag-agregat-1-fazowy","10":"product_tag-agregat-z-avr","11":"product_tag-agregaty-pradotworcze","12":"product_tag-agregaty-pradotworcze-poznan","13":"product_tag-atlas-copco","14":"product_tag-atlas-copco-poznan","15":"product_shipping_class-atlas-copco-agregat-p3000","17":"first","18":"onbackorder","19":"featured","20":"taxable","21":"shipping-taxable","22":"purchasable","23":"product-type-simple"},"_links":{"self":[{"href":"https:\/\/kazal.pl\/sklep\/wp-json\/wp\/v2\/product\/4450","targetHints":{"allow":["GET"]}}],"collection":[{"href":"https:\/\/kazal.pl\/sklep\/wp-json\/wp\/v2\/product"}],"about":[{"href":"https:\/\/kazal.pl\/sklep\/wp-json\/wp\/v2\/types\/product"}],"replies":[{"embeddable":true,"href":"https:\/\/kazal.pl\/sklep\/wp-json\/wp\/v2\/comments?post=4450"}],"wp:featuredmedia":[{"embeddable":true,"href":"https:\/\/kazal.pl\/sklep\/wp-json\/wp\/v2\/media\/4808"}],"wp:attachment":[{"href":"https:\/\/kazal.pl\/sklep\/wp-json\/wp\/v2\/media?parent=4450"}],"wp:term":[{"taxonomy":"product_cat","embeddable":true,"href":"https:\/\/kazal.pl\/sklep\/wp-json\/wp\/v2\/product_cat?post=4450"},{"taxonomy":"product_tag","embeddable":true,"href":"https:\/\/kazal.pl\/sklep\/wp-json\/wp\/v2\/product_tag?post=4450"}],"curies":[{"name":"wp","href":"https:\/\/api.w.org\/{rel}","templated":true}]}}