{"id":4685,"date":"2021-11-04T12:28:03","date_gmt":"2021-11-04T12:28:03","guid":{"rendered":"https:\/\/kazal.pl\/sklep\/?post_type=product&#038;p=4685"},"modified":"2023-02-13T10:04:38","modified_gmt":"2023-02-13T10:04:38","slug":"jazon-gilotyna-przecinak-do-kostki-brukowej-kr400-krobet-400","status":"publish","type":"product","link":"https:\/\/kazal.pl\/sklep\/product\/jazon-gilotyna-przecinak-do-kostki-brukowej-kr400-krobet-400\/","title":{"rendered":"JAZON Gilotyna przecinak do kostki brukowej KR400 KROBET 400"},"content":{"rendered":"<div class=\"table-responsive\"><\/div>\n<table style=\"width: 100%; border-collapse: collapse; background-color: #cccccc;\">\n<tbody>\n<tr>\n<td style=\"width: 100%;\"><span style=\"font-size: 20px;\"><strong>JAZON Gilotyna przecinarka mechaniczna KR400 KROBET 400<\/strong><\/span><\/td>\n<\/tr>\n<\/tbody>\n<\/table>\n<table style=\"border-collapse: collapse; width: 100%;\">\n<tbody>\n<tr>\n<td style=\"width: 50%;\">\n<h5>Przecinaki brukarskie s\u0142u\u017c\u0105ce do ci\u0119cia kostki brukowej, obrze\u017cy chodnikowych, p\u0142ytek chodnikowych, bloczk\u00f3w fundamentowych, kraw\u0119\u017cnik\u00f3w oraz r\u00f3\u017cnego rodzaju ceg\u0142y. W gilotynie zamontowane s\u0105 \u0142atwo wymienialne no\u017ce o trzech ostrzach.<\/h5>\n<\/td>\n<\/tr>\n<\/tbody>\n<\/table>\n<table style=\"width: 100%; border-collapse: collapse; background-color: #cccccc;\">\n<tbody>\n<tr>\n<td style=\"width: 100%;\"><span style=\"font-size: 20px;\"><strong>Charakterystyka:<\/strong><\/span><\/td>\n<\/tr>\n<\/tbody>\n<\/table>\n<table style=\"border-collapse: collapse; width: 100%;\">\n<tbody>\n<tr>\n<td style=\"width: 50%;\">\n<div class=\"m-containerseemore__container\">\n<div class=\"m-containerseemore__content\">\n<div class=\"m-containerseemore__coloumn\">\n<div class=\"m-containerseemore__coloumn\">\n<h4>Gilotyna przecinak do kostki brukowej KROBET 400 \/ KR400<\/h4>\n<h4 class=\"e-headline e-headline--h4 \">Opis przedmiotu:<\/h4>\n<p><strong>\u00a0<\/strong>Maksymalna d\u0142ugo\u015b\u0107 ci\u0119cia <strong>410 mm<\/strong>, maksymalna wysoko\u015b\u0107 ci\u0119cia <strong>110 mm<\/strong>, ci\u0119\u017car <strong>34 kg<\/strong><\/p>\n<\/div>\n<\/div>\n<\/div>\n<\/div>\n<div class=\"m-containerseemore__link\"><\/div>\n<\/td>\n<td style=\"width: 50%;\">\n<div class=\"m-containerexpander__head\">\n<div class=\"m-containerexpander__head\">\n<div class=\"mceTemp\"><\/div>\n<\/div>\n<\/div>\n<p><a href=\"https:\/\/kazal.pl\/sklep\/product-category\/narzedzia-brukarskie\/jazon-narzedzia-brukarskie\/\"><img loading=\"lazy\" decoding=\"async\" class=\"alignnone wp-image-4325 size-full\" style=\"margin-top: 0.857143rem; margin-bottom: 0.857143rem;\" src=\"https:\/\/kazal.pl\/sklep\/wp-content\/uploads\/2021\/05\/JAZON-Poznan-wozek-brukarski-krab-1200-narzedzia-brukarskie-Poznan-chwytaki-do-kostki-Poznan-FHU-KAZAL-Poznan-02-MIMAL-PROBST-BELLE-Poznan-MGK-MGD-IB25-WB1-CHP1-CHJZ2-CHW-CHPJ-CHU_.jpg\" alt=\"JAZON-Poznan-wozek-brukarski-narzedzia-brukarskie-Poznan-chwytaki-do-kostki-Poznan-FHU-KAZAL-Poznan-02-MIMAL-PROBST-BELLE-Poznan-MGK-MGD-IB25-WB1-CHP1-CHJZ2-CHW-CHPJ-CHU_\" width=\"200\" height=\"200\" srcset=\"https:\/\/kazal.pl\/sklep\/wp-content\/uploads\/2021\/05\/JAZON-Poznan-wozek-brukarski-krab-1200-narzedzia-brukarskie-Poznan-chwytaki-do-kostki-Poznan-FHU-KAZAL-Poznan-02-MIMAL-PROBST-BELLE-Poznan-MGK-MGD-IB25-WB1-CHP1-CHJZ2-CHW-CHPJ-CHU_.jpg 200w, https:\/\/kazal.pl\/sklep\/wp-content\/uploads\/2021\/05\/JAZON-Poznan-wozek-brukarski-krab-1200-narzedzia-brukarskie-Poznan-chwytaki-do-kostki-Poznan-FHU-KAZAL-Poznan-02-MIMAL-PROBST-BELLE-Poznan-MGK-MGD-IB25-WB1-CHP1-CHJZ2-CHW-CHPJ-CHU_-150x150.jpg 150w, https:\/\/kazal.pl\/sklep\/wp-content\/uploads\/2021\/05\/JAZON-Poznan-wozek-brukarski-krab-1200-narzedzia-brukarskie-Poznan-chwytaki-do-kostki-Poznan-FHU-KAZAL-Poznan-02-MIMAL-PROBST-BELLE-Poznan-MGK-MGD-IB25-WB1-CHP1-CHJZ2-CHW-CHPJ-CHU_-90x90.jpg 90w\" sizes=\"auto, (max-width: 200px) 100vw, 200px\" \/><\/a><\/p>\n<div class=\"m-containerexpander__head\">\n<div class=\"mceTemp\"><\/div>\n<h4 class=\"e-headline e-headline--h3 m-containerexpander__headline\"><a href=\"https:\/\/kazal.pl\/sklep\/product-category\/narzedzia-brukarskie\/jazon-narzedzia-brukarskie\/\">JAZON Sp. z o.o.<\/a><\/h4>\n<div class=\"m-containerexpander__collapseicon\"><\/div>\n<\/div>\n<div class=\"m-containerexpander__content\">\n<div class=\"m-containerexpander__innercontent\">\n<div class=\"m-textparagraph m-textparagraph--types c-richtext\">\n<p>Narz\u0119dzia brukarskie JAZON Pozna\u0144. JAZON jest producentem profesjonalnych narz\u0119dzi oraz maszyn do prac drogowych i brukarskich. Gwarantuje wysok\u0105 jako\u015b\u0107 oraz dost\u0119pno\u015b\u0107 cz\u0119\u015bci zamiennych i akcesori\u00f3w. Wszystkie produkty posiadaj\u0105 niezb\u0119dne atesty i certyfikaty.<\/p>\n<p style=\"text-align: center;\"><iframe loading=\"lazy\" src=\"\/\/www.youtube.com\/embed\/OSxj_Sv2ro8\" width=\"400\" height=\"224\" allowfullscreen=\"allowfullscreen\" data-mce-fragment=\"1\"><\/iframe><\/p>\n<\/div>\n<\/div>\n<\/div>\n<\/td>\n<\/tr>\n<\/tbody>\n<\/table>\n<table style=\"width: 100%; border-collapse: collapse; background-color: #cccccc;\">\n<tbody>\n<tr>\n<td style=\"width: 100%;\"><span style=\"font-size: 20px;\"><strong>Parametry techniczne:<\/strong><\/span><\/td>\n<\/tr>\n<\/tbody>\n<\/table>\n<table style=\"width: 100%; height: 114px;\">\n<tbody>\n<tr style=\"height: 114px;\">\n<td style=\"width: 68.16%; height: 114px;\">\n<div class=\"productParams__item flex_row bg_color\">\n<div class=\"productParams__paramName grow\">\n<table style=\"border-collapse: collapse; width: 100%;\">\n<tbody>\n<tr>\n<td style=\"width: 50%;\">\n<div class=\"productParams__item flex_row bg_color\">\n<div class=\"productParams__paramName grow\"><strong>MAKSYMALNA D\u0141UGO\u015a\u0106 CI\u0118CIA<\/strong><\/div>\n<\/div>\n<\/td>\n<td style=\"width: 50%;\">410 mm<\/td>\n<\/tr>\n<tr>\n<td style=\"width: 50%;\"><strong>MAKSYMALNA WYSOKO\u015a\u0106 CI\u0118CIA<\/strong><\/td>\n<td style=\"width: 50%;\">110 mm<\/td>\n<\/tr>\n<tr>\n<td style=\"width: 50%;\"><strong>SYSTEM CI\u0118CIA<\/strong><\/td>\n<td style=\"width: 50%;\">N\u00f3\u017c<\/td>\n<\/tr>\n<tr>\n<td style=\"width: 50%;\"><strong>CI\u0118\u017bAR<\/strong><\/td>\n<td style=\"width: 50%;\">34 kg<\/td>\n<\/tr>\n<\/tbody>\n<\/table>\n<\/div>\n<\/div>\n<\/td>\n<\/tr>\n<\/tbody>\n<\/table>\n<table style=\"width: 100%; border-collapse: collapse; background-color: #cccccc;\">\n<tbody>\n<tr>\n<td style=\"width: 100%;\"><span style=\"font-size: 20px;\"><strong>Zdj\u0119cia produktu:<\/strong><\/span><\/td>\n<\/tr>\n<\/tbody>\n<\/table>\n<div class=\"mceTemp\"><\/div>\n<table style=\"border-collapse: collapse; width: 98.9573%;\">\n<tbody>\n<tr>\n<td style=\"width: 50%;\">\n<div id=\"attachment_4687\" style=\"width: 1034px\" class=\"wp-caption aligncenter\"><img loading=\"lazy\" decoding=\"async\" aria-describedby=\"caption-attachment-4687\" class=\"wp-image-4687 size-large\" src=\"https:\/\/kazal.pl\/sklep\/wp-content\/uploads\/2021\/11\/Gilotyna-do-kostki-przecinarka-JAZON-KROBET-KR400-FHU-KAZAL-Narzedzia-brukarskie-dystrybutor-chwytaki-mlotki-brukarskie-Poznan-FHU-KAZAL-PROBST-MIMAL-SIMPLEX-mlotki-brukarskie-Poznan-1024x1024.jpg\" alt=\"Gilotyna-do-kostki-przecinarka-JAZON-KROBET-KR400-FHU-KAZAL-Narzedzia-brukarskie-dystrybutor-chwytaki-mlotki-brukarskie-Poznan-FHU-KAZAL-PROBST-MIMAL-SIMPLEX-mlotki-brukarskie-Poznan\" width=\"1024\" height=\"1024\" srcset=\"https:\/\/kazal.pl\/sklep\/wp-content\/uploads\/2021\/11\/Gilotyna-do-kostki-przecinarka-JAZON-KROBET-KR400-FHU-KAZAL-Narzedzia-brukarskie-dystrybutor-chwytaki-mlotki-brukarskie-Poznan-FHU-KAZAL-PROBST-MIMAL-SIMPLEX-mlotki-brukarskie-Poznan-1024x1024.jpg 1024w, https:\/\/kazal.pl\/sklep\/wp-content\/uploads\/2021\/11\/Gilotyna-do-kostki-przecinarka-JAZON-KROBET-KR400-FHU-KAZAL-Narzedzia-brukarskie-dystrybutor-chwytaki-mlotki-brukarskie-Poznan-FHU-KAZAL-PROBST-MIMAL-SIMPLEX-mlotki-brukarskie-Poznan-300x300.jpg 300w, https:\/\/kazal.pl\/sklep\/wp-content\/uploads\/2021\/11\/Gilotyna-do-kostki-przecinarka-JAZON-KROBET-KR400-FHU-KAZAL-Narzedzia-brukarskie-dystrybutor-chwytaki-mlotki-brukarskie-Poznan-FHU-KAZAL-PROBST-MIMAL-SIMPLEX-mlotki-brukarskie-Poznan-150x150.jpg 150w, https:\/\/kazal.pl\/sklep\/wp-content\/uploads\/2021\/11\/Gilotyna-do-kostki-przecinarka-JAZON-KROBET-KR400-FHU-KAZAL-Narzedzia-brukarskie-dystrybutor-chwytaki-mlotki-brukarskie-Poznan-FHU-KAZAL-PROBST-MIMAL-SIMPLEX-mlotki-brukarskie-Poznan-768x768.jpg 768w, https:\/\/kazal.pl\/sklep\/wp-content\/uploads\/2021\/11\/Gilotyna-do-kostki-przecinarka-JAZON-KROBET-KR400-FHU-KAZAL-Narzedzia-brukarskie-dystrybutor-chwytaki-mlotki-brukarskie-Poznan-FHU-KAZAL-PROBST-MIMAL-SIMPLEX-mlotki-brukarskie-Poznan-1170x1170.jpg 1170w, https:\/\/kazal.pl\/sklep\/wp-content\/uploads\/2021\/11\/Gilotyna-do-kostki-przecinarka-JAZON-KROBET-KR400-FHU-KAZAL-Narzedzia-brukarskie-dystrybutor-chwytaki-mlotki-brukarskie-Poznan-FHU-KAZAL-PROBST-MIMAL-SIMPLEX-mlotki-brukarskie-Poznan-600x600.jpg 600w, https:\/\/kazal.pl\/sklep\/wp-content\/uploads\/2021\/11\/Gilotyna-do-kostki-przecinarka-JAZON-KROBET-KR400-FHU-KAZAL-Narzedzia-brukarskie-dystrybutor-chwytaki-mlotki-brukarskie-Poznan-FHU-KAZAL-PROBST-MIMAL-SIMPLEX-mlotki-brukarskie-Poznan-90x90.jpg 90w, https:\/\/kazal.pl\/sklep\/wp-content\/uploads\/2021\/11\/Gilotyna-do-kostki-przecinarka-JAZON-KROBET-KR400-FHU-KAZAL-Narzedzia-brukarskie-dystrybutor-chwytaki-mlotki-brukarskie-Poznan-FHU-KAZAL-PROBST-MIMAL-SIMPLEX-mlotki-brukarskie-Poznan.jpg 1200w\" sizes=\"auto, (max-width: 1024px) 100vw, 1024px\" \/><p id=\"caption-attachment-4687\" class=\"wp-caption-text\"><span style=\"color: #ffffff;\">Gilotyna-do-kostki-przecinarka-JAZON-KROBET-KR400-FHU-KAZAL-Narzedzia-brukarskie-dystrybutor-chwytaki-mlotki-brukarskie-Poznan-FHU-KAZAL-PROBST-MIMAL-SIMPLEX-mlotki-brukarskie-Poznan<\/span><\/p><\/div><\/td>\n<\/tr>\n<\/tbody>\n<\/table>\n<p>&nbsp;<\/p>\n<table style=\"width: 100%; border-collapse: collapse; background-color: #cccccc;\">\n<tbody>\n<tr>\n<td style=\"width: 100%;\"><span style=\"font-size: 20px;\"><strong>JAZON Narz\u0119dzia brukarskie &#8211; WIDEO:<\/strong><\/span><\/td>\n<\/tr>\n<\/tbody>\n<\/table>\n<table style=\"border-collapse: collapse; width: 100%;\">\n<tbody>\n<tr>\n<td style=\"width: 30%; text-align: center;\">&nbsp;<\/p>\n<table style=\"border-collapse: collapse; width: 100%; height: 347px;\">\n<tbody>\n<tr style=\"height: 24px;\">\n<td style=\"width: 50%; height: 24px;\"><iframe loading=\"lazy\" src=\"\/\/www.youtube.com\/embed\/dfx3YOj2Ehw\" width=\"400\" height=\"224\" allowfullscreen=\"allowfullscreen\" data-mce-fragment=\"1\"><\/iframe><\/td>\n<td style=\"width: 50%; height: 24px;\"><iframe loading=\"lazy\" src=\"\/\/www.youtube.com\/embed\/I3FtaWQwdVg\" width=\"400\" height=\"224\" allowfullscreen=\"allowfullscreen\" data-mce-fragment=\"1\"><\/iframe><\/td>\n<\/tr>\n<tr style=\"height: 323px;\">\n<td style=\"width: 50%; height: 323px;\"><iframe loading=\"lazy\" src=\"\/\/www.youtube.com\/embed\/SR9O3__rJIg\" width=\"400\" height=\"224\" allowfullscreen=\"allowfullscreen\" data-mce-fragment=\"1\"><\/iframe><\/td>\n<td style=\"width: 50%; height: 323px;\"><iframe loading=\"lazy\" src=\"\/\/www.youtube.com\/embed\/dIuuKldcQSY\" width=\"400\" height=\"224\" allowfullscreen=\"allowfullscreen\" data-mce-fragment=\"1\"><\/iframe><\/td>\n<\/tr>\n<\/tbody>\n<\/table>\n<\/td>\n<\/tr>\n<\/tbody>\n<\/table>\n<table style=\"width: 100%; border-collapse: collapse; background-color: #cccccc;\">\n<tbody>\n<tr>\n<td style=\"width: 100%;\"><span style=\"font-size: 20px;\"><strong>Karty techniczne:<\/strong><\/span><\/td>\n<\/tr>\n<\/tbody>\n<\/table>\n<p><img loading=\"lazy\" decoding=\"async\" class=\"aligncenter wp-image-4373\" src=\"https:\/\/kazal.pl\/sklep\/wp-content\/uploads\/2021\/06\/JAZON-Katalog-narzedzi-i-urzadzen_Strona_01-730x1024.jpg\" alt=\"\" width=\"450\" height=\"631\" srcset=\"https:\/\/kazal.pl\/sklep\/wp-content\/uploads\/2021\/06\/JAZON-Katalog-narzedzi-i-urzadzen_Strona_01-730x1024.jpg 730w, https:\/\/kazal.pl\/sklep\/wp-content\/uploads\/2021\/06\/JAZON-Katalog-narzedzi-i-urzadzen_Strona_01-214x300.jpg 214w, https:\/\/kazal.pl\/sklep\/wp-content\/uploads\/2021\/06\/JAZON-Katalog-narzedzi-i-urzadzen_Strona_01-768x1077.jpg 768w, https:\/\/kazal.pl\/sklep\/wp-content\/uploads\/2021\/06\/JAZON-Katalog-narzedzi-i-urzadzen_Strona_01-600x841.jpg 600w, https:\/\/kazal.pl\/sklep\/wp-content\/uploads\/2021\/06\/JAZON-Katalog-narzedzi-i-urzadzen_Strona_01.jpg 910w\" sizes=\"auto, (max-width: 450px) 100vw, 450px\" \/><\/p>\n","protected":false},"excerpt":{"rendered":"<p>&nbsp;<\/p>\n<table style=\"border-collapse: collapse; width: 100%;\">\n<tbody>\n<tr>\n<td style=\"width: 100%;\">\n<h5>Przecinaki brukarskie s\u0142u\u017c\u0105ce do ci\u0119cia kostki brukowej, obrze\u017cy chodnikowych, p\u0142ytek chodnikowych, bloczk\u00f3w fundamentowych, kraw\u0119\u017cnik\u00f3w oraz r\u00f3\u017cnego rodzaju ceg\u0142y. W gilotynie zamontowane s\u0105 \u0142atwo wymienialne no\u017ce o trzech ostrzach.<\/h5>\n<\/td>\n<\/tr>\n<\/tbody>\n<\/table>\n<table style=\"border-collapse: collapse; width: 100%;\">\n<tbody>\n<tr>\n<td style=\"width: 65.36%;\"><span style=\"font-family: inherit; font-size: inherit;\">Narz\u0119dzie s\u0142u\u017c\u0105ce do ci\u0119cia kostki brukowej, obrze\u017cy chodnikowych, p\u0142ytek chodnikowych, bloczk\u00f3w fundamentowych, kraw\u0119\u017cnik\u00f3w oraz r\u00f3\u017cnego rodzaju ceg\u0142y. W gilotynie zamontowane s\u0105 \u0142atwo wymienialne no\u017ce o trzech ostrzach.<\/span><\/td>\n<td style=\"width: 34.64%;\"><a href=\"https:\/\/kazal.pl\/sklep\/product-category\/narzedzia-brukarskie\/jazon-narzedzia-brukarskie\/\"><img loading=\"lazy\" decoding=\"async\" class=\"aligncenter wp-image-4325\" style=\"margin-top: 0.857143rem; margin-bottom: 0.857143rem;\" src=\"https:\/\/kazal.pl\/sklep\/wp-content\/uploads\/2021\/05\/JAZON-Poznan-wozek-brukarski-krab-1200-narzedzia-brukarskie-Poznan-chwytaki-do-kostki-Poznan-FHU-KAZAL-Poznan-02-MIMAL-PROBST-BELLE-Poznan-MGK-MGD-IB25-WB1-CHP1-CHJZ2-CHW-CHPJ-CHU_.jpg\" alt=\"JAZON-Poznan-wozek-brukarski-narzedzia-brukarskie-Poznan-chwytaki-do-kostki-Poznan-FHU-KAZAL-Poznan-02-MIMAL-PROBST-BELLE-Poznan-MGK-MGD-IB25-WB1-CHP1-CHJZ2-CHW-CHPJ-CHU_\" width=\"100\" height=\"100\" srcset=\"https:\/\/kazal.pl\/sklep\/wp-content\/uploads\/2021\/05\/JAZON-Poznan-wozek-brukarski-krab-1200-narzedzia-brukarskie-Poznan-chwytaki-do-kostki-Poznan-FHU-KAZAL-Poznan-02-MIMAL-PROBST-BELLE-Poznan-MGK-MGD-IB25-WB1-CHP1-CHJZ2-CHW-CHPJ-CHU_.jpg 200w, https:\/\/kazal.pl\/sklep\/wp-content\/uploads\/2021\/05\/JAZON-Poznan-wozek-brukarski-krab-1200-narzedzia-brukarskie-Poznan-chwytaki-do-kostki-Poznan-FHU-KAZAL-Poznan-02-MIMAL-PROBST-BELLE-Poznan-MGK-MGD-IB25-WB1-CHP1-CHJZ2-CHW-CHPJ-CHU_-150x150.jpg 150w, https:\/\/kazal.pl\/sklep\/wp-content\/uploads\/2021\/05\/JAZON-Poznan-wozek-brukarski-krab-1200-narzedzia-brukarskie-Poznan-chwytaki-do-kostki-Poznan-FHU-KAZAL-Poznan-02-MIMAL-PROBST-BELLE-Poznan-MGK-MGD-IB25-WB1-CHP1-CHJZ2-CHW-CHPJ-CHU_-90x90.jpg 90w\" sizes=\"auto, (max-width: 100px) 100vw, 100px\" \/><\/a><\/td>\n<\/tr>\n<\/tbody>\n<\/table>\n<p>&nbsp;<\/p>\n","protected":false},"featured_media":4687,"comment_status":"open","ping_status":"closed","template":"","meta":[],"product_cat":[217,327,218,252],"product_tag":[436,437,510,506,507,509,223,508,504,505,229,298,299,300],"class_list":{"0":"post-4685","1":"product","2":"type-product","3":"status-publish","4":"has-post-thumbnail","6":"product_cat-jazon-narzedzia-brukarskie","7":"product_cat-jazon","8":"product_cat-narzedzia-brukarskie","9":"product_cat-pozostale-narzedzia-jazon","10":"product_tag-dystrybutor-narzedzi-brukarskich","11":"product_tag-dystrybutor-narzedzi-brukarskich-poznan","12":"product_tag-gilotyna-do-kostki-brukowej","13":"product_tag-gilotyna-jazon","14":"product_tag-gilotyna-krobet","15":"product_tag-gilotyna-nozyce-przecinak-do-kostki","16":"product_tag-jazon","17":"product_tag-jazon-krobet-400","18":"product_tag-kr400","19":"product_tag-krobet-400","20":"product_tag-narzedzia-brukarskie","21":"product_tag-narzedzia-brukarskie-jazon","22":"product_tag-narzedzia-brukarskie-jazon-poznan","23":"product_tag-poznan-narzedzia-brukarskie-jazon","24":"product_shipping_class-kurier-probst-teleplan","26":"first","27":"onbackorder","28":"featured","29":"taxable","30":"shipping-taxable","31":"purchasable","32":"product-type-simple"},"_links":{"self":[{"href":"https:\/\/kazal.pl\/sklep\/wp-json\/wp\/v2\/product\/4685","targetHints":{"allow":["GET"]}}],"collection":[{"href":"https:\/\/kazal.pl\/sklep\/wp-json\/wp\/v2\/product"}],"about":[{"href":"https:\/\/kazal.pl\/sklep\/wp-json\/wp\/v2\/types\/product"}],"replies":[{"embeddable":true,"href":"https:\/\/kazal.pl\/sklep\/wp-json\/wp\/v2\/comments?post=4685"}],"wp:featuredmedia":[{"embeddable":true,"href":"https:\/\/kazal.pl\/sklep\/wp-json\/wp\/v2\/media\/4687"}],"wp:attachment":[{"href":"https:\/\/kazal.pl\/sklep\/wp-json\/wp\/v2\/media?parent=4685"}],"wp:term":[{"taxonomy":"product_cat","embeddable":true,"href":"https:\/\/kazal.pl\/sklep\/wp-json\/wp\/v2\/product_cat?post=4685"},{"taxonomy":"product_tag","embeddable":true,"href":"https:\/\/kazal.pl\/sklep\/wp-json\/wp\/v2\/product_tag?post=4685"}],"curies":[{"name":"wp","href":"https:\/\/api.w.org\/{rel}","templated":true}]}}