{"id":4753,"date":"2022-02-08T09:23:21","date_gmt":"2022-02-08T09:23:21","guid":{"rendered":"https:\/\/kazal.pl\/sklep\/?post_type=product&#038;p=4753"},"modified":"2024-10-17T16:18:12","modified_gmt":"2024-10-17T16:18:12","slug":"jazon-chwytak-do-blokow-zawieszany-chbz2","status":"publish","type":"product","link":"https:\/\/kazal.pl\/sklep\/product\/jazon-chwytak-do-blokow-zawieszany-chbz2\/","title":{"rendered":"JAZON Chwytak do blok\u00f3w zawieszany CHBZ2"},"content":{"rendered":"<div class=\"table-responsive\"><\/div>\n<table style=\"width: 100%; border-collapse: collapse; background-color: #cccccc;\">\n<tbody>\n<tr>\n<td style=\"width: 100%;\"><span style=\"font-size: 20px;\"><strong>JAZON Chwytak do blok\u00f3w zawieszany CHBZ2<\/strong><\/span><\/td>\n<\/tr>\n<\/tbody>\n<\/table>\n<table style=\"border-collapse: collapse; width: 100%;\">\n<tbody>\n<tr>\n<td style=\"width: 50%;\">\n<h5>Chwytak do maszynowego przenoszenia blok\u00f3w, s\u0142up\u00f3w betonowych itp.<\/h5>\n<\/td>\n<\/tr>\n<\/tbody>\n<\/table>\n<table style=\"width: 100%; border-collapse: collapse; background-color: #cccccc;\">\n<tbody>\n<tr>\n<td style=\"width: 100%;\"><span style=\"font-size: 20px;\"><strong>Charakterystyka:<\/strong><\/span><\/td>\n<\/tr>\n<\/tbody>\n<\/table>\n<table style=\"border-collapse: collapse; width: 100%;\">\n<tbody>\n<tr>\n<td style=\"width: 50%;\">\n<div class=\"m-containerseemore__container\">\n<div class=\"m-containerseemore__content\">\n<div class=\"m-containerseemore__coloumn\">\n<div class=\"m-containerseemore__coloumn\">\n<h4><span style=\"font-size: 20px;\"><strong>JAZON Chwytak do blok\u00f3w zawieszany CHBZ2<\/strong><\/span><\/h4>\n<h4 class=\"e-headline e-headline--h4 \">Opis przedmiotu:<\/h4>\n<p>Chwytak do maszynowego przenoszenia blok\u00f3w, s\u0142up\u00f3w betonowych itp.<\/p>\n<p>Chwytak przeznaczony do monta\u017cu na wi\u0119kszo\u015bci maszyn z funkcj\u0105 podnoszenia.<\/p>\n<p>Obs\u0142uga jednoosobowa.<\/p>\n<p><strong>Opis wariantu:<\/strong> Chwytak sprzedawany bez \u0142a\u0144cucha.<\/p>\n<\/div>\n<\/div>\n<\/div>\n<\/div>\n<div class=\"m-containerseemore__link\"><\/div>\n<\/td>\n<td style=\"width: 50%;\">\n<div class=\"m-containerexpander__head\">\n<div class=\"m-containerexpander__head\">\n<div class=\"mceTemp\"><\/div>\n<\/div>\n<\/div>\n<p><a href=\"https:\/\/kazal.pl\/sklep\/product-category\/narzedzia-brukarskie\/jazon-narzedzia-brukarskie\/\"><img loading=\"lazy\" decoding=\"async\" class=\"alignnone wp-image-4325 size-full\" style=\"margin-top: 0.857143rem; margin-bottom: 0.857143rem;\" src=\"https:\/\/kazal.pl\/sklep\/wp-content\/uploads\/2021\/05\/JAZON-Poznan-wozek-brukarski-krab-1200-narzedzia-brukarskie-Poznan-chwytaki-do-kostki-Poznan-FHU-KAZAL-Poznan-02-MIMAL-PROBST-BELLE-Poznan-MGK-MGD-IB25-WB1-CHP1-CHJZ2-CHW-CHPJ-CHU_.jpg\" alt=\"JAZON-Poznan-wozek-brukarski-narzedzia-brukarskie-Poznan-chwytaki-do-kostki-Poznan-FHU-KAZAL-Poznan-02-MIMAL-PROBST-BELLE-Poznan-MGK-MGD-IB25-WB1-CHP1-CHJZ2-CHW-CHPJ-CHU_\" width=\"200\" height=\"200\" srcset=\"https:\/\/kazal.pl\/sklep\/wp-content\/uploads\/2021\/05\/JAZON-Poznan-wozek-brukarski-krab-1200-narzedzia-brukarskie-Poznan-chwytaki-do-kostki-Poznan-FHU-KAZAL-Poznan-02-MIMAL-PROBST-BELLE-Poznan-MGK-MGD-IB25-WB1-CHP1-CHJZ2-CHW-CHPJ-CHU_.jpg 200w, https:\/\/kazal.pl\/sklep\/wp-content\/uploads\/2021\/05\/JAZON-Poznan-wozek-brukarski-krab-1200-narzedzia-brukarskie-Poznan-chwytaki-do-kostki-Poznan-FHU-KAZAL-Poznan-02-MIMAL-PROBST-BELLE-Poznan-MGK-MGD-IB25-WB1-CHP1-CHJZ2-CHW-CHPJ-CHU_-150x150.jpg 150w, https:\/\/kazal.pl\/sklep\/wp-content\/uploads\/2021\/05\/JAZON-Poznan-wozek-brukarski-krab-1200-narzedzia-brukarskie-Poznan-chwytaki-do-kostki-Poznan-FHU-KAZAL-Poznan-02-MIMAL-PROBST-BELLE-Poznan-MGK-MGD-IB25-WB1-CHP1-CHJZ2-CHW-CHPJ-CHU_-90x90.jpg 90w\" sizes=\"auto, (max-width: 200px) 100vw, 200px\" \/><\/a><\/p>\n<div class=\"m-containerexpander__head\">\n<div class=\"mceTemp\"><\/div>\n<h4 class=\"e-headline e-headline--h3 m-containerexpander__headline\"><a href=\"https:\/\/kazal.pl\/sklep\/product-category\/narzedzia-brukarskie\/jazon-narzedzia-brukarskie\/\">JAZON Sp. z o.o.<\/a><\/h4>\n<div class=\"m-containerexpander__collapseicon\"><\/div>\n<\/div>\n<div class=\"m-containerexpander__content\">\n<div class=\"m-containerexpander__innercontent\">\n<div class=\"m-textparagraph m-textparagraph--types c-richtext\">\n<p>Narz\u0119dzia brukarskie JAZON Pozna\u0144. JAZON jest producentem profesjonalnych narz\u0119dzi oraz maszyn do prac drogowych i brukarskich. Gwarantuje wysok\u0105 jako\u015b\u0107 oraz dost\u0119pno\u015b\u0107 cz\u0119\u015bci zamiennych i akcesori\u00f3w. Wszystkie produkty posiadaj\u0105 niezb\u0119dne atesty i certyfikaty.<\/p>\n<p style=\"text-align: center;\"><iframe loading=\"lazy\" src=\"\/\/www.youtube.com\/embed\/OSxj_Sv2ro8\" width=\"400\" height=\"224\" allowfullscreen=\"allowfullscreen\" data-mce-fragment=\"1\"><\/iframe><\/p>\n<\/div>\n<\/div>\n<\/div>\n<\/td>\n<\/tr>\n<\/tbody>\n<\/table>\n<table style=\"width: 100%; border-collapse: collapse; background-color: #cccccc;\">\n<tbody>\n<tr>\n<td style=\"width: 100%;\"><span style=\"font-size: 20px;\"><strong>Parametry techniczne:<\/strong><\/span><\/td>\n<\/tr>\n<\/tbody>\n<\/table>\n<table style=\"width: 100%; height: 114px;\">\n<tbody>\n<tr style=\"height: 114px;\">\n<td style=\"width: 68.16%; height: 114px;\">\n<div class=\"productParams__item flex_row bg_color\">\n<div class=\"productParams__paramName grow\">\n<table style=\"border-collapse: collapse; width: 100%; height: 96px;\">\n<tbody>\n<tr style=\"height: 24px;\">\n<td class=\"text-muted pl-0\" style=\"width: 69.168%; height: 24px;\"><strong>Szeroko\u015b\u0107 chwytu<\/strong><\/td>\n<td class=\"text-right text-primary font-weight-bold pr-0\" style=\"width: 30.6688%; height: 24px;\">20 &#8211; 80 cm skok co 5 cm<\/td>\n<\/tr>\n<tr style=\"height: 24px;\">\n<td class=\"text-muted pl-0\" style=\"width: 69.168%; height: 24px;\"><strong>No\u015bno\u015b\u0107 dopuszczalna<\/strong><\/td>\n<td class=\"text-right text-primary font-weight-bold pr-0\" style=\"width: 30.6688%; height: 24px;\">250 kg<\/td>\n<\/tr>\n<tr style=\"height: 24px;\">\n<td class=\"text-muted pl-0\" style=\"width: 69.168%; height: 24px;\"><strong>Masa w\u0142asna<\/strong><\/td>\n<td class=\"text-right text-primary font-weight-bold pr-0\" style=\"width: 30.6688%; height: 24px;\">24 kg<\/td>\n<\/tr>\n<\/tbody>\n<\/table>\n<\/div>\n<\/div>\n<\/td>\n<\/tr>\n<\/tbody>\n<\/table>\n<table style=\"width: 100%; border-collapse: collapse; background-color: #cccccc;\">\n<tbody>\n<tr>\n<td style=\"width: 100%;\"><span style=\"font-size: 20px;\"><strong>Zdj\u0119cia produktu:<\/strong><\/span><\/td>\n<\/tr>\n<\/tbody>\n<\/table>\n<div class=\"mceTemp\"><\/div>\n<table style=\"border-collapse: collapse; width: 100%;\">\n<tbody>\n<tr>\n<td style=\"width: 100%; text-align: center;\">\n<div id=\"attachment_4756\" style=\"width: 610px\" class=\"wp-caption aligncenter\"><img loading=\"lazy\" decoding=\"async\" aria-describedby=\"caption-attachment-4756\" class=\"wp-image-4756\" src=\"https:\/\/kazal.pl\/sklep\/wp-content\/uploads\/2022\/02\/Chwytak-do-blokow-zawieszany-CHBZ2-JAZON-Fhu-KAZAL-Poznan-dystrybutor-agrgaty-pradotworcze-pompy-do-wody-Atlas-Copco-LEICA-Jazon-Probst-1024x1024.jpg\" alt=\"Chwytak-do-blokow-zawieszany-CHBZ2-JAZON-Fhu-KAZAL-Poznan-dystrybutor-agrgaty-pradotworcze-pompy-do-wody-Atlas-Copco-LEICA-Jazon-Probst\" width=\"600\" height=\"600\" srcset=\"https:\/\/kazal.pl\/sklep\/wp-content\/uploads\/2022\/02\/Chwytak-do-blokow-zawieszany-CHBZ2-JAZON-Fhu-KAZAL-Poznan-dystrybutor-agrgaty-pradotworcze-pompy-do-wody-Atlas-Copco-LEICA-Jazon-Probst-1024x1024.jpg 1024w, https:\/\/kazal.pl\/sklep\/wp-content\/uploads\/2022\/02\/Chwytak-do-blokow-zawieszany-CHBZ2-JAZON-Fhu-KAZAL-Poznan-dystrybutor-agrgaty-pradotworcze-pompy-do-wody-Atlas-Copco-LEICA-Jazon-Probst-300x300.jpg 300w, https:\/\/kazal.pl\/sklep\/wp-content\/uploads\/2022\/02\/Chwytak-do-blokow-zawieszany-CHBZ2-JAZON-Fhu-KAZAL-Poznan-dystrybutor-agrgaty-pradotworcze-pompy-do-wody-Atlas-Copco-LEICA-Jazon-Probst-150x150.jpg 150w, https:\/\/kazal.pl\/sklep\/wp-content\/uploads\/2022\/02\/Chwytak-do-blokow-zawieszany-CHBZ2-JAZON-Fhu-KAZAL-Poznan-dystrybutor-agrgaty-pradotworcze-pompy-do-wody-Atlas-Copco-LEICA-Jazon-Probst-768x768.jpg 768w, https:\/\/kazal.pl\/sklep\/wp-content\/uploads\/2022\/02\/Chwytak-do-blokow-zawieszany-CHBZ2-JAZON-Fhu-KAZAL-Poznan-dystrybutor-agrgaty-pradotworcze-pompy-do-wody-Atlas-Copco-LEICA-Jazon-Probst-1170x1170.jpg 1170w, https:\/\/kazal.pl\/sklep\/wp-content\/uploads\/2022\/02\/Chwytak-do-blokow-zawieszany-CHBZ2-JAZON-Fhu-KAZAL-Poznan-dystrybutor-agrgaty-pradotworcze-pompy-do-wody-Atlas-Copco-LEICA-Jazon-Probst-600x600.jpg 600w, https:\/\/kazal.pl\/sklep\/wp-content\/uploads\/2022\/02\/Chwytak-do-blokow-zawieszany-CHBZ2-JAZON-Fhu-KAZAL-Poznan-dystrybutor-agrgaty-pradotworcze-pompy-do-wody-Atlas-Copco-LEICA-Jazon-Probst-90x90.jpg 90w, https:\/\/kazal.pl\/sklep\/wp-content\/uploads\/2022\/02\/Chwytak-do-blokow-zawieszany-CHBZ2-JAZON-Fhu-KAZAL-Poznan-dystrybutor-agrgaty-pradotworcze-pompy-do-wody-Atlas-Copco-LEICA-Jazon-Probst.jpg 1200w\" sizes=\"auto, (max-width: 600px) 100vw, 600px\" \/><p id=\"caption-attachment-4756\" class=\"wp-caption-text\"><span style=\"color: #ffffff;\">Chwytak-do-blokow-zawieszany-CHBZ2-JAZON-Fhu-KAZAL-Poznan-dystrybutor-agrgaty-pradotworcze-pompy-do-wody-Atlas-Copco-LEICA-Jazon-Probst<\/span><\/p><\/div><\/td>\n<\/tr>\n<\/tbody>\n<\/table>\n<table style=\"border-collapse: collapse; width: 100%;\">\n<tbody>\n<tr>\n<td style=\"width: 50%;\"><img loading=\"lazy\" decoding=\"async\" class=\"aligncenter wp-image-4758 size-full\" src=\"https:\/\/kazal.pl\/sklep\/wp-content\/uploads\/2022\/02\/chwytak-do-blokow-zawieszany-1.jpg\" alt=\"\" width=\"500\" height=\"500\" srcset=\"https:\/\/kazal.pl\/sklep\/wp-content\/uploads\/2022\/02\/chwytak-do-blokow-zawieszany-1.jpg 500w, https:\/\/kazal.pl\/sklep\/wp-content\/uploads\/2022\/02\/chwytak-do-blokow-zawieszany-1-300x300.jpg 300w, https:\/\/kazal.pl\/sklep\/wp-content\/uploads\/2022\/02\/chwytak-do-blokow-zawieszany-1-150x150.jpg 150w, https:\/\/kazal.pl\/sklep\/wp-content\/uploads\/2022\/02\/chwytak-do-blokow-zawieszany-1-90x90.jpg 90w\" sizes=\"auto, (max-width: 500px) 100vw, 500px\" \/><\/td>\n<td style=\"width: 50%;\"><img loading=\"lazy\" decoding=\"async\" class=\"aligncenter wp-image-4759 size-full\" src=\"https:\/\/kazal.pl\/sklep\/wp-content\/uploads\/2022\/02\/chwytak-do-blokow-zawieszany.jpg\" alt=\"\" width=\"500\" height=\"500\" srcset=\"https:\/\/kazal.pl\/sklep\/wp-content\/uploads\/2022\/02\/chwytak-do-blokow-zawieszany.jpg 500w, https:\/\/kazal.pl\/sklep\/wp-content\/uploads\/2022\/02\/chwytak-do-blokow-zawieszany-300x300.jpg 300w, https:\/\/kazal.pl\/sklep\/wp-content\/uploads\/2022\/02\/chwytak-do-blokow-zawieszany-150x150.jpg 150w, https:\/\/kazal.pl\/sklep\/wp-content\/uploads\/2022\/02\/chwytak-do-blokow-zawieszany-90x90.jpg 90w\" sizes=\"auto, (max-width: 500px) 100vw, 500px\" \/><\/td>\n<\/tr>\n<tr>\n<td style=\"width: 50%;\"><img loading=\"lazy\" decoding=\"async\" class=\"aligncenter wp-image-4757 size-full\" src=\"https:\/\/kazal.pl\/sklep\/wp-content\/uploads\/2022\/02\/chwytak-do-blokow-zawieszany-2.jpg\" alt=\"\" width=\"500\" height=\"500\" srcset=\"https:\/\/kazal.pl\/sklep\/wp-content\/uploads\/2022\/02\/chwytak-do-blokow-zawieszany-2.jpg 500w, https:\/\/kazal.pl\/sklep\/wp-content\/uploads\/2022\/02\/chwytak-do-blokow-zawieszany-2-300x300.jpg 300w, https:\/\/kazal.pl\/sklep\/wp-content\/uploads\/2022\/02\/chwytak-do-blokow-zawieszany-2-150x150.jpg 150w, https:\/\/kazal.pl\/sklep\/wp-content\/uploads\/2022\/02\/chwytak-do-blokow-zawieszany-2-90x90.jpg 90w\" sizes=\"auto, (max-width: 500px) 100vw, 500px\" \/><\/td>\n<td style=\"width: 50%;\"><img loading=\"lazy\" decoding=\"async\" class=\"aligncenter wp-image-4760\" src=\"https:\/\/kazal.pl\/sklep\/wp-content\/uploads\/2022\/02\/Chwytak-do-blokow-zawieszany-CHBZ2-JAZON-Fhu-KAZAL-Poznan-dystrybutor-agrgaty-pradotworcze-pompy-do-wody-Atlas-Copco-LEICA-Jazon-Probst--150x150.png\" alt=\"\" width=\"500\" height=\"331\" srcset=\"https:\/\/kazal.pl\/sklep\/wp-content\/uploads\/2022\/02\/Chwytak-do-blokow-zawieszany-CHBZ2-JAZON-Fhu-KAZAL-Poznan-dystrybutor-agrgaty-pradotworcze-pompy-do-wody-Atlas-Copco-LEICA-Jazon-Probst--300x198.png 300w, https:\/\/kazal.pl\/sklep\/wp-content\/uploads\/2022\/02\/Chwytak-do-blokow-zawieszany-CHBZ2-JAZON-Fhu-KAZAL-Poznan-dystrybutor-agrgaty-pradotworcze-pompy-do-wody-Atlas-Copco-LEICA-Jazon-Probst--1024x677.png 1024w, https:\/\/kazal.pl\/sklep\/wp-content\/uploads\/2022\/02\/Chwytak-do-blokow-zawieszany-CHBZ2-JAZON-Fhu-KAZAL-Poznan-dystrybutor-agrgaty-pradotworcze-pompy-do-wody-Atlas-Copco-LEICA-Jazon-Probst--768x508.png 768w, https:\/\/kazal.pl\/sklep\/wp-content\/uploads\/2022\/02\/Chwytak-do-blokow-zawieszany-CHBZ2-JAZON-Fhu-KAZAL-Poznan-dystrybutor-agrgaty-pradotworcze-pompy-do-wody-Atlas-Copco-LEICA-Jazon-Probst--1536x1015.png 1536w, https:\/\/kazal.pl\/sklep\/wp-content\/uploads\/2022\/02\/Chwytak-do-blokow-zawieszany-CHBZ2-JAZON-Fhu-KAZAL-Poznan-dystrybutor-agrgaty-pradotworcze-pompy-do-wody-Atlas-Copco-LEICA-Jazon-Probst--1170x773.png 1170w, https:\/\/kazal.pl\/sklep\/wp-content\/uploads\/2022\/02\/Chwytak-do-blokow-zawieszany-CHBZ2-JAZON-Fhu-KAZAL-Poznan-dystrybutor-agrgaty-pradotworcze-pompy-do-wody-Atlas-Copco-LEICA-Jazon-Probst--600x397.png 600w, https:\/\/kazal.pl\/sklep\/wp-content\/uploads\/2022\/02\/Chwytak-do-blokow-zawieszany-CHBZ2-JAZON-Fhu-KAZAL-Poznan-dystrybutor-agrgaty-pradotworcze-pompy-do-wody-Atlas-Copco-LEICA-Jazon-Probst-.png 2000w\" sizes=\"auto, (max-width: 500px) 100vw, 500px\" \/><\/td>\n<\/tr>\n<\/tbody>\n<\/table>\n<table style=\"width: 100%; border-collapse: collapse; background-color: #cccccc;\">\n<tbody>\n<tr>\n<td style=\"width: 100%;\"><span style=\"font-size: 20px;\"><strong>JAZON Narz\u0119dzia brukarskie &#8211; WIDEO:<\/strong><\/span><\/td>\n<\/tr>\n<\/tbody>\n<\/table>\n<table style=\"border-collapse: collapse; width: 100%;\">\n<tbody>\n<tr>\n<td style=\"width: 30%; text-align: center;\">&nbsp;<\/p>\n<table style=\"border-collapse: collapse; width: 100%; height: 347px;\">\n<tbody>\n<tr style=\"height: 24px;\">\n<td style=\"width: 50%; height: 24px;\"><iframe loading=\"lazy\" src=\"\/\/www.youtube.com\/embed\/dfx3YOj2Ehw\" width=\"400\" height=\"224\" allowfullscreen=\"allowfullscreen\" data-mce-fragment=\"1\"><\/iframe><\/td>\n<td style=\"width: 50%; height: 24px;\"><iframe loading=\"lazy\" src=\"\/\/www.youtube.com\/embed\/I3FtaWQwdVg\" width=\"400\" height=\"224\" allowfullscreen=\"allowfullscreen\" data-mce-fragment=\"1\"><\/iframe><\/td>\n<\/tr>\n<tr style=\"height: 323px;\">\n<td style=\"width: 50%; height: 323px;\"><iframe loading=\"lazy\" src=\"\/\/www.youtube.com\/embed\/SR9O3__rJIg\" width=\"400\" height=\"224\" allowfullscreen=\"allowfullscreen\" data-mce-fragment=\"1\"><\/iframe><\/td>\n<td style=\"width: 50%; height: 323px;\"><iframe loading=\"lazy\" src=\"\/\/www.youtube.com\/embed\/dIuuKldcQSY\" width=\"400\" height=\"224\" allowfullscreen=\"allowfullscreen\" data-mce-fragment=\"1\"><\/iframe><\/td>\n<\/tr>\n<\/tbody>\n<\/table>\n<\/td>\n<\/tr>\n<\/tbody>\n<\/table>\n<table style=\"width: 100%; border-collapse: collapse; background-color: #cccccc;\">\n<tbody>\n<tr>\n<td style=\"width: 100%;\"><span style=\"font-size: 20px;\"><strong>Karty techniczne:<\/strong><\/span><\/td>\n<\/tr>\n<\/tbody>\n<\/table>\n<div id=\"attachment_4754\" style=\"width: 736px\" class=\"wp-caption aligncenter\"><img loading=\"lazy\" decoding=\"async\" aria-describedby=\"caption-attachment-4754\" class=\"wp-image-4754 size-large\" src=\"https:\/\/kazal.pl\/sklep\/wp-content\/uploads\/2022\/02\/Chwytak-do-blokow-zawieszany-CHBZ2-JAZON-Fhu-KAZAL-Poznan-dystrybutor-agrgaty-pradotworcze-pompy-do-wody-Atlas-Copco-LEICA-Jazon-Probst-726x1024.png\" alt=\"Chwytak-do-blokow-zawieszany-CHBZ2-JAZON-Fhu-KAZAL-Poznan-dystrybutor-agrgaty-pradotworcze-pompy-do-wody-Atlas-Copco-LEICA-Jazon-Probst\" width=\"726\" height=\"1024\" srcset=\"https:\/\/kazal.pl\/sklep\/wp-content\/uploads\/2022\/02\/Chwytak-do-blokow-zawieszany-CHBZ2-JAZON-Fhu-KAZAL-Poznan-dystrybutor-agrgaty-pradotworcze-pompy-do-wody-Atlas-Copco-LEICA-Jazon-Probst-726x1024.png 726w, https:\/\/kazal.pl\/sklep\/wp-content\/uploads\/2022\/02\/Chwytak-do-blokow-zawieszany-CHBZ2-JAZON-Fhu-KAZAL-Poznan-dystrybutor-agrgaty-pradotworcze-pompy-do-wody-Atlas-Copco-LEICA-Jazon-Probst-213x300.png 213w, https:\/\/kazal.pl\/sklep\/wp-content\/uploads\/2022\/02\/Chwytak-do-blokow-zawieszany-CHBZ2-JAZON-Fhu-KAZAL-Poznan-dystrybutor-agrgaty-pradotworcze-pompy-do-wody-Atlas-Copco-LEICA-Jazon-Probst-768x1083.png 768w, https:\/\/kazal.pl\/sklep\/wp-content\/uploads\/2022\/02\/Chwytak-do-blokow-zawieszany-CHBZ2-JAZON-Fhu-KAZAL-Poznan-dystrybutor-agrgaty-pradotworcze-pompy-do-wody-Atlas-Copco-LEICA-Jazon-Probst-600x846.png 600w, https:\/\/kazal.pl\/sklep\/wp-content\/uploads\/2022\/02\/Chwytak-do-blokow-zawieszany-CHBZ2-JAZON-Fhu-KAZAL-Poznan-dystrybutor-agrgaty-pradotworcze-pompy-do-wody-Atlas-Copco-LEICA-Jazon-Probst.png 928w\" sizes=\"auto, (max-width: 726px) 100vw, 726px\" \/><p id=\"caption-attachment-4754\" class=\"wp-caption-text\"><span style=\"color: #ffffff;\">Chwytak-do-blokow-zawieszany-CHBZ2-JAZON-Fhu-KAZAL-Poznan-dystrybutor-agrgaty-pradotworcze-pompy-do-wody-Atlas-Copco-LEICA-Jazon-Probst<\/span><\/p><\/div>\n","protected":false},"excerpt":{"rendered":"<p>&nbsp;<\/p>\n<table style=\"border-collapse: collapse; width: 100%;\">\n<tbody>\n<tr>\n<td style=\"width: 50%;\">\n<h5>Chwytak do maszynowego przenoszenia blok\u00f3w, s\u0142up\u00f3w betonowych itp.<\/h5>\n<\/td>\n<\/tr>\n<\/tbody>\n<\/table>\n<table style=\"border-collapse: collapse; width: 100%;\">\n<tbody>\n<tr>\n<td style=\"width: 65.36%;\">Chwytak do maszynowego przenoszenia blok\u00f3w, s\u0142up\u00f3w betonowych itp.<\/td>\n<td style=\"width: 34.64%;\"><a href=\"https:\/\/kazal.pl\/sklep\/product-category\/narzedzia-brukarskie\/jazon-narzedzia-brukarskie\/\"><img loading=\"lazy\" decoding=\"async\" class=\"aligncenter wp-image-4325\" style=\"margin-top: 0.857143rem; margin-bottom: 0.857143rem;\" src=\"https:\/\/kazal.pl\/sklep\/wp-content\/uploads\/2021\/05\/JAZON-Poznan-wozek-brukarski-krab-1200-narzedzia-brukarskie-Poznan-chwytaki-do-kostki-Poznan-FHU-KAZAL-Poznan-02-MIMAL-PROBST-BELLE-Poznan-MGK-MGD-IB25-WB1-CHP1-CHJZ2-CHW-CHPJ-CHU_.jpg\" alt=\"JAZON-Poznan-wozek-brukarski-narzedzia-brukarskie-Poznan-chwytaki-do-kostki-Poznan-FHU-KAZAL-Poznan-02-MIMAL-PROBST-BELLE-Poznan-MGK-MGD-IB25-WB1-CHP1-CHJZ2-CHW-CHPJ-CHU_\" width=\"100\" height=\"100\" srcset=\"https:\/\/kazal.pl\/sklep\/wp-content\/uploads\/2021\/05\/JAZON-Poznan-wozek-brukarski-krab-1200-narzedzia-brukarskie-Poznan-chwytaki-do-kostki-Poznan-FHU-KAZAL-Poznan-02-MIMAL-PROBST-BELLE-Poznan-MGK-MGD-IB25-WB1-CHP1-CHJZ2-CHW-CHPJ-CHU_.jpg 200w, https:\/\/kazal.pl\/sklep\/wp-content\/uploads\/2021\/05\/JAZON-Poznan-wozek-brukarski-krab-1200-narzedzia-brukarskie-Poznan-chwytaki-do-kostki-Poznan-FHU-KAZAL-Poznan-02-MIMAL-PROBST-BELLE-Poznan-MGK-MGD-IB25-WB1-CHP1-CHJZ2-CHW-CHPJ-CHU_-150x150.jpg 150w, https:\/\/kazal.pl\/sklep\/wp-content\/uploads\/2021\/05\/JAZON-Poznan-wozek-brukarski-krab-1200-narzedzia-brukarskie-Poznan-chwytaki-do-kostki-Poznan-FHU-KAZAL-Poznan-02-MIMAL-PROBST-BELLE-Poznan-MGK-MGD-IB25-WB1-CHP1-CHJZ2-CHW-CHPJ-CHU_-90x90.jpg 90w\" sizes=\"auto, (max-width: 100px) 100vw, 100px\" \/><\/a><\/td>\n<\/tr>\n<\/tbody>\n<\/table>\n<table style=\"border-collapse: collapse; width: 100%;\">\n<tbody>\n<tr>\n<td style=\"width: 100%;\">\n<h6><span style=\"text-decoration: underline;\"><strong><span style=\"color: #ff0000; text-decoration: underline;\">NOWY<\/span><\/strong><\/span><span style=\"color: #ff0000;\"> &#8211; <span style=\"text-decoration: underline;\"><strong>Dost\u0119pny<\/strong> na zam\u00f3wienie <\/span><\/span>&#8211; w sklepie stacjonarnym lub wysy\u0142ka.<\/h6>\n<\/td>\n<\/tr>\n<\/tbody>\n<\/table>\n<p>&nbsp;<\/p>\n","protected":false},"featured_media":4756,"comment_status":"open","ping_status":"closed","template":"","meta":[],"product_cat":[338,327,217,218],"product_tag":[626,627,436,437,223,229,298,299,300],"class_list":{"0":"post-4753","1":"product","2":"type-product","3":"status-publish","4":"has-post-thumbnail","6":"product_cat-chwytaki-zawieszane-jazon","7":"product_cat-jazon","8":"product_cat-jazon-narzedzia-brukarskie","9":"product_cat-narzedzia-brukarskie","10":"product_tag-chbz2","11":"product_tag-chwytak-zawieszany-chbz2","12":"product_tag-dystrybutor-narzedzi-brukarskich","13":"product_tag-dystrybutor-narzedzi-brukarskich-poznan","14":"product_tag-jazon","15":"product_tag-narzedzia-brukarskie","16":"product_tag-narzedzia-brukarskie-jazon","17":"product_tag-narzedzia-brukarskie-jazon-poznan","18":"product_tag-poznan-narzedzia-brukarskie-jazon","19":"product_shipping_class-wysylka-inpost","21":"first","22":"onbackorder","23":"featured","24":"taxable","25":"shipping-taxable","26":"purchasable","27":"product-type-simple"},"_links":{"self":[{"href":"https:\/\/kazal.pl\/sklep\/wp-json\/wp\/v2\/product\/4753","targetHints":{"allow":["GET"]}}],"collection":[{"href":"https:\/\/kazal.pl\/sklep\/wp-json\/wp\/v2\/product"}],"about":[{"href":"https:\/\/kazal.pl\/sklep\/wp-json\/wp\/v2\/types\/product"}],"replies":[{"embeddable":true,"href":"https:\/\/kazal.pl\/sklep\/wp-json\/wp\/v2\/comments?post=4753"}],"wp:featuredmedia":[{"embeddable":true,"href":"https:\/\/kazal.pl\/sklep\/wp-json\/wp\/v2\/media\/4756"}],"wp:attachment":[{"href":"https:\/\/kazal.pl\/sklep\/wp-json\/wp\/v2\/media?parent=4753"}],"wp:term":[{"taxonomy":"product_cat","embeddable":true,"href":"https:\/\/kazal.pl\/sklep\/wp-json\/wp\/v2\/product_cat?post=4753"},{"taxonomy":"product_tag","embeddable":true,"href":"https:\/\/kazal.pl\/sklep\/wp-json\/wp\/v2\/product_tag?post=4753"}],"curies":[{"name":"wp","href":"https:\/\/api.w.org\/{rel}","templated":true}]}}