{"id":4788,"date":"2022-03-14T09:43:19","date_gmt":"2022-03-14T09:43:19","guid":{"rendered":"https:\/\/kazal.pl\/sklep\/?post_type=product&#038;p=4788"},"modified":"2023-01-03T10:33:21","modified_gmt":"2023-01-03T10:33:21","slug":"probst-wozek-brukarski-vtk-v-do-transportu-kostki-brukowej","status":"publish","type":"product","link":"https:\/\/kazal.pl\/sklep\/product\/probst-wozek-brukarski-vtk-v-do-transportu-kostki-brukowej\/","title":{"rendered":"PROBST W\u00f3zek brukarski VTK-V do transportu kostki brukowej"},"content":{"rendered":"<p>&nbsp;<\/p>\n<table style=\"width: 100%; border-collapse: collapse; background-color: #cccccc;\">\n<tbody>\n<tr>\n<td style=\"width: 100%;\"><strong><span style=\"font-size: 20px;\">PROBST Regulowany w\u00f3zek transportowy do kostki brukowej VTK-V<\/span><\/strong><\/td>\n<\/tr>\n<\/tbody>\n<\/table>\n<table style=\"border-collapse: collapse; width: 100%;\">\n<tbody>\n<tr>\n<td style=\"width: 50%;\">\n<p class=\" product__desc--scope\"><span style=\"font-size: 16px;\"><strong>Do bez wysi\u0142kowego transportu zwi\u0105zanych lub lu\u017anych kostek brukowych, kraw\u0119\u017cnik\u00f3w, p\u0142yt, itp.<\/strong><\/span><\/p>\n<\/td>\n<\/tr>\n<\/tbody>\n<\/table>\n<table style=\"width: 100%; border-collapse: collapse; background-color: #cccccc;\">\n<tbody>\n<tr>\n<td style=\"width: 100%;\"><span style=\"font-size: 20px;\"><strong>Charakterystyka:<\/strong><\/span><\/td>\n<\/tr>\n<\/tbody>\n<\/table>\n<table style=\"border-collapse: collapse; width: 100%;\">\n<tbody>\n<tr>\n<td style=\"width: 50%;\">\n<div class=\"m-containerseemore__container\">\n<div class=\"m-containerseemore__content\">\n<div class=\"m-containerseemore__coloumn\">\n<div class=\"m-containerseemore__coloumn\">\n<h4 class=\"e-headline e-headline--h4 \">Funkcje:<\/h4>\n<p>Chwytanie i zaciskanie odbywa si\u0119 za pomoc\u0105 d\u017awigni 90\u00b0 (maksymalny nacisk 15 kg).<br \/>\nRegulowana szeroko\u015b\u0107 chwytu od 550 mm do 1.050 mm.<br \/>\nMinimaln\u0105 i maksymaln\u0105 szeroko\u015b\u0107 chwytu mo\u017cna zmienia\u0107 za pomoc\u0105 specjalnych chwyt\u00f3w.<\/p>\n<h3>Dodatkowe informacje<\/h3>\n<div class=\"margin-top\">\n<ul>\n<li>Zintegrowane urz\u0105dzenie zabezpieczaj\u0105ce zapobiega przeci\u0105\u017ceniu mechanizmu chwytaj\u0105cego.<\/li>\n<li>Korzystne roz\u0142o\u017cenie obci\u0105\u017cenia i lekka konstrukcja urz\u0105dzenia zapewniaj\u0105 jego optymaln\u0105 prac\u0119.<\/li>\n<li>Dzi\u0119ki w\u0105skiej konstrukcji mo\u017cna stosowa\u0107 na najmniejszych placach budowy.<\/li>\n<li>Bloczki i prefabrykaty mo\u017cna \u0142atwo za\u0142adowa\u0107 z palety bez konieczno\u015bci stosowania rampy.<\/li>\n<li>W pe\u0142ni mechaniczny.<\/li>\n<li>Regulacja odbywa si\u0119 bezstopniowo i bez u\u017cycia narz\u0119dzi.<\/li>\n<li>Wytrzyma\u0142e, galwanizowane powierzchnie.<\/li>\n<\/ul>\n<\/div>\n<\/div>\n<div class=\"m-containerseemore__coloumn\"><\/div>\n<\/div>\n<\/div>\n<\/div>\n<div class=\"m-containerseemore__link\"><\/div>\n<\/td>\n<td style=\"width: 50%;\">\n<div class=\"m-containerexpander__head\">\n<div class=\"m-containerexpander__head\">\n<div class=\"mceTemp\"><\/div>\n<\/div>\n<\/div>\n<p><a href=\"https:\/\/kazal.pl\/sklep\/product-category\/narzedzia-brukarskie\/probst-narzedzia-brukarskie\/\"><img loading=\"lazy\" decoding=\"async\" class=\"wp-image-4324 size-full alignnone\" style=\"margin-top: 0.857143rem; margin-bottom: 0.857143rem;\" src=\"https:\/\/kazal.pl\/sklep\/wp-content\/uploads\/2021\/05\/PROBST-Poznan-narzedzia-brukarskie-poznan-probst-chwytaki-do-kraweznikow-poznan-ukladarki-do-kostki-poznan-probst-dystrybutor.jpg\" alt=\"PROBST-Poznan-narzedzia-brukarskie-poznan-probst-chwytaki-do-kraweznikow-poznan-ukladarki-do-kostki-poznan-probst-dystrybutor\" width=\"200\" height=\"200\" srcset=\"https:\/\/kazal.pl\/sklep\/wp-content\/uploads\/2021\/05\/PROBST-Poznan-narzedzia-brukarskie-poznan-probst-chwytaki-do-kraweznikow-poznan-ukladarki-do-kostki-poznan-probst-dystrybutor.jpg 200w, https:\/\/kazal.pl\/sklep\/wp-content\/uploads\/2021\/05\/PROBST-Poznan-narzedzia-brukarskie-poznan-probst-chwytaki-do-kraweznikow-poznan-ukladarki-do-kostki-poznan-probst-dystrybutor-150x150.jpg 150w, https:\/\/kazal.pl\/sklep\/wp-content\/uploads\/2021\/05\/PROBST-Poznan-narzedzia-brukarskie-poznan-probst-chwytaki-do-kraweznikow-poznan-ukladarki-do-kostki-poznan-probst-dystrybutor-90x90.jpg 90w\" sizes=\"auto, (max-width: 200px) 100vw, 200px\" \/><\/a><\/p>\n<div class=\"m-containerexpander__head\">\n<h4 class=\"e-headline e-headline--h3 m-containerexpander__headline\"><a href=\"https:\/\/kazal.pl\/sklep\/product-category\/narzedzia-brukarskie\/probst-narzedzia-brukarskie\/\">PROBST GmbH<\/a><\/h4>\n<div class=\"m-containerexpander__collapseicon\"><\/div>\n<\/div>\n<div class=\"m-containerexpander__content\">\n<div class=\"m-containerexpander__innercontent\">\n<div class=\"m-textparagraph m-textparagraph--types c-richtext\">\n<p>Narz\u0119dzia brukarskie PROBST Pozna\u0144. Firma Probst oferuje najszersz\u0105 na \u015bwiecie gam\u0119 urz\u0105dze\u0144 i maszyn przeznaczonych do transportu i uk\u0142adania ka\u017cdego rodzaju prefabrykat\u00f3w betonowych wykorzystywanych w budownictwie.<\/p>\n<p style=\"text-align: center;\"><iframe loading=\"lazy\" src=\"\/\/www.youtube.com\/embed\/J3r-UAuVMFg\" width=\"560\" height=\"314\" allowfullscreen=\"allowfullscreen\"><\/iframe><\/p>\n<\/div>\n<\/div>\n<\/div>\n<\/td>\n<\/tr>\n<\/tbody>\n<\/table>\n<table style=\"width: 100%; border-collapse: collapse; background-color: #cccccc;\">\n<tbody>\n<tr>\n<td style=\"width: 100%;\"><span style=\"font-size: 20px;\"><strong>Parametry techniczne:<\/strong><\/span><\/td>\n<\/tr>\n<\/tbody>\n<\/table>\n<table style=\"width: 100%; height: 114px;\">\n<tbody>\n<tr style=\"height: 114px;\">\n<td style=\"width: 31.68%; height: 114px;\"><strong>PRODUCENT<\/strong><br \/>\n<strong>KOD PRODUKTU<\/strong><br \/>\n<strong>SZEROKO\u015a\u0106 ROBOCZA<\/strong><br \/>\n<strong>MASA W\u0141ASNA<\/strong><\/td>\n<td style=\"width: 68.16%; height: 114px;\"><strong>PROBST<\/strong><br \/>\n51100015<br \/>\n550-1050<br \/>\n68 KG<\/td>\n<\/tr>\n<\/tbody>\n<\/table>\n<table style=\"width: 100%; border-collapse: collapse; background-color: #cccccc;\">\n<tbody>\n<tr>\n<td style=\"width: 100%;\"><span style=\"font-size: 20px;\"><strong>Zdj\u0119cia produktu:<\/strong><\/span><\/td>\n<\/tr>\n<\/tbody>\n<\/table>\n<div class=\"mceTemp\"><\/div>\n<table style=\"border-collapse: collapse; width: 100%;\">\n<tbody>\n<tr>\n<td style=\"width: 50%;\">\n<div id=\"attachment_4793\" style=\"width: 660px\" class=\"wp-caption aligncenter\"><img loading=\"lazy\" decoding=\"async\" aria-describedby=\"caption-attachment-4793\" class=\"wp-image-4793\" src=\"https:\/\/kazal.pl\/sklep\/wp-content\/uploads\/2022\/03\/csm_4-actionimages_185_11_vtk-v_6_verbundsteintransportkarre_9132-032_hp_374fbad8e9-150x150.jpg\" alt=\"Wozek brukarski do transportu kostki VTK-V Probst Poznan\" width=\"650\" height=\"434\" srcset=\"https:\/\/kazal.pl\/sklep\/wp-content\/uploads\/2022\/03\/csm_4-actionimages_185_11_vtk-v_6_verbundsteintransportkarre_9132-032_hp_374fbad8e9-300x200.jpg 300w, https:\/\/kazal.pl\/sklep\/wp-content\/uploads\/2022\/03\/csm_4-actionimages_185_11_vtk-v_6_verbundsteintransportkarre_9132-032_hp_374fbad8e9-1024x683.jpg 1024w, https:\/\/kazal.pl\/sklep\/wp-content\/uploads\/2022\/03\/csm_4-actionimages_185_11_vtk-v_6_verbundsteintransportkarre_9132-032_hp_374fbad8e9-768x512.jpg 768w, https:\/\/kazal.pl\/sklep\/wp-content\/uploads\/2022\/03\/csm_4-actionimages_185_11_vtk-v_6_verbundsteintransportkarre_9132-032_hp_374fbad8e9-1170x781.jpg 1170w, https:\/\/kazal.pl\/sklep\/wp-content\/uploads\/2022\/03\/csm_4-actionimages_185_11_vtk-v_6_verbundsteintransportkarre_9132-032_hp_374fbad8e9-600x400.jpg 600w, https:\/\/kazal.pl\/sklep\/wp-content\/uploads\/2022\/03\/csm_4-actionimages_185_11_vtk-v_6_verbundsteintransportkarre_9132-032_hp_374fbad8e9.jpg 1220w\" sizes=\"auto, (max-width: 650px) 100vw, 650px\" \/><p id=\"caption-attachment-4793\" class=\"wp-caption-text\">Wozek brukarski do transportu kostki VTK-V Probst Poznan<\/p><\/div><\/td>\n<td style=\"width: 50%;\">\n<div id=\"attachment_4794\" style=\"width: 660px\" class=\"wp-caption aligncenter\"><img loading=\"lazy\" decoding=\"async\" aria-describedby=\"caption-attachment-4794\" class=\"wp-image-4794\" src=\"https:\/\/kazal.pl\/sklep\/wp-content\/uploads\/2022\/03\/csm_4-actionimages_185_10_51100015_Probst_VTKV_387c84028a-150x150.jpg\" alt=\"Wozek brukarski do transportu kostki VTK-V Probst Poznan\" width=\"650\" height=\"844\" srcset=\"https:\/\/kazal.pl\/sklep\/wp-content\/uploads\/2022\/03\/csm_4-actionimages_185_10_51100015_Probst_VTKV_387c84028a-231x300.jpg 231w, https:\/\/kazal.pl\/sklep\/wp-content\/uploads\/2022\/03\/csm_4-actionimages_185_10_51100015_Probst_VTKV_387c84028a-789x1024.jpg 789w, https:\/\/kazal.pl\/sklep\/wp-content\/uploads\/2022\/03\/csm_4-actionimages_185_10_51100015_Probst_VTKV_387c84028a-768x997.jpg 768w, https:\/\/kazal.pl\/sklep\/wp-content\/uploads\/2022\/03\/csm_4-actionimages_185_10_51100015_Probst_VTKV_387c84028a-1183x1536.jpg 1183w, https:\/\/kazal.pl\/sklep\/wp-content\/uploads\/2022\/03\/csm_4-actionimages_185_10_51100015_Probst_VTKV_387c84028a-1170x1519.jpg 1170w, https:\/\/kazal.pl\/sklep\/wp-content\/uploads\/2022\/03\/csm_4-actionimages_185_10_51100015_Probst_VTKV_387c84028a-600x779.jpg 600w, https:\/\/kazal.pl\/sklep\/wp-content\/uploads\/2022\/03\/csm_4-actionimages_185_10_51100015_Probst_VTKV_387c84028a.jpg 1220w\" sizes=\"auto, (max-width: 650px) 100vw, 650px\" \/><p id=\"caption-attachment-4794\" class=\"wp-caption-text\">Wozek brukarski do transportu kostki VTK-V Probst Poznan<\/p><\/div><\/td>\n<\/tr>\n<\/tbody>\n<\/table>\n<p>&nbsp;<\/p>\n<table style=\"width: 100%; border-collapse: collapse; background-color: #cccccc;\">\n<tbody>\n<tr>\n<td style=\"width: 100%;\"><span style=\"font-size: 20px;\"><strong>PROBST Narz\u0119dzia brukarskie &#8211; WIDEO:<\/strong><\/span><\/td>\n<\/tr>\n<\/tbody>\n<\/table>\n<table style=\"border-collapse: collapse; width: 100%;\">\n<tbody>\n<tr>\n<td style=\"width: 30%; text-align: center;\">&nbsp;<\/p>\n<table style=\"border-collapse: collapse; width: 100%; height: 347px;\">\n<tbody>\n<tr style=\"height: 24px;\">\n<td style=\"width: 50%; height: 24px;\"><iframe loading=\"lazy\" src=\"\/\/www.youtube.com\/embed\/KuXieTsuCaQ\" width=\"560\" height=\"314\" allowfullscreen=\"allowfullscreen\"><\/iframe><\/td>\n<\/tr>\n<tr style=\"height: 323px;\">\n<td style=\"width: 50%; height: 323px;\"><iframe loading=\"lazy\" src=\"\/\/www.youtube.com\/embed\/HRfgdsjxsZQ\" width=\"560\" height=\"314\" allowfullscreen=\"allowfullscreen\"><\/iframe><\/td>\n<\/tr>\n<\/tbody>\n<\/table>\n<\/td>\n<\/tr>\n<\/tbody>\n<\/table>\n<table style=\"width: 100%; border-collapse: collapse; background-color: #cccccc;\">\n<tbody>\n<tr>\n<td style=\"width: 100%;\"><span style=\"font-size: 20px;\"><strong>Karty techniczne:<\/strong><\/span><\/td>\n<\/tr>\n<\/tbody>\n<\/table>\n<table style=\"border-collapse: collapse; width: 100%;\">\n<tbody>\n<tr>\n<td style=\"width: 50%; text-align: center;\">\n<div id=\"attachment_4507\" style=\"width: 560px\" class=\"wp-caption aligncenter\"><img loading=\"lazy\" decoding=\"async\" aria-describedby=\"caption-attachment-4507\" class=\"wp-image-4507 size-full\" src=\"https:\/\/kazal.pl\/sklep\/wp-content\/uploads\/2021\/07\/Katalog-Site-equipment-Urzadzenia-budowlane-PL-2020_Strona_001-1.png\" alt=\"Narz\u0119dzia brukarskie PROBST Pozna\u0144 FHU KAZAL\" width=\"550\" height=\"778\" srcset=\"https:\/\/kazal.pl\/sklep\/wp-content\/uploads\/2021\/07\/Katalog-Site-equipment-Urzadzenia-budowlane-PL-2020_Strona_001-1.png 550w, https:\/\/kazal.pl\/sklep\/wp-content\/uploads\/2021\/07\/Katalog-Site-equipment-Urzadzenia-budowlane-PL-2020_Strona_001-1-212x300.png 212w\" sizes=\"auto, (max-width: 550px) 100vw, 550px\" \/><p id=\"caption-attachment-4507\" class=\"wp-caption-text\">Narz\u0119dzia brukarskie PROBST Pozna\u0144 FHU KAZAL<\/p><\/div><\/td>\n<td style=\"width: 50%; text-align: center;\">\n<div id=\"attachment_4795\" style=\"width: 560px\" class=\"wp-caption aligncenter\"><img loading=\"lazy\" decoding=\"async\" aria-describedby=\"caption-attachment-4795\" class=\"wp-image-4795\" src=\"https:\/\/kazal.pl\/sklep\/wp-content\/uploads\/2022\/03\/Katalog-Site-equipment-Urzadzenia-budowlane-PL-2020_Strona_015-150x150.png\" alt=\"Wozek brukarski do transportu kostki VTK-V Probst Poznan\" width=\"550\" height=\"778\" srcset=\"https:\/\/kazal.pl\/sklep\/wp-content\/uploads\/2022\/03\/Katalog-Site-equipment-Urzadzenia-budowlane-PL-2020_Strona_015-212x300.png 212w, https:\/\/kazal.pl\/sklep\/wp-content\/uploads\/2022\/03\/Katalog-Site-equipment-Urzadzenia-budowlane-PL-2020_Strona_015-724x1024.png 724w, https:\/\/kazal.pl\/sklep\/wp-content\/uploads\/2022\/03\/Katalog-Site-equipment-Urzadzenia-budowlane-PL-2020_Strona_015-768x1086.png 768w, https:\/\/kazal.pl\/sklep\/wp-content\/uploads\/2022\/03\/Katalog-Site-equipment-Urzadzenia-budowlane-PL-2020_Strona_015-1086x1536.png 1086w, https:\/\/kazal.pl\/sklep\/wp-content\/uploads\/2022\/03\/Katalog-Site-equipment-Urzadzenia-budowlane-PL-2020_Strona_015-1448x2048.png 1448w, https:\/\/kazal.pl\/sklep\/wp-content\/uploads\/2022\/03\/Katalog-Site-equipment-Urzadzenia-budowlane-PL-2020_Strona_015-1170x1655.png 1170w, https:\/\/kazal.pl\/sklep\/wp-content\/uploads\/2022\/03\/Katalog-Site-equipment-Urzadzenia-budowlane-PL-2020_Strona_015-600x849.png 600w\" sizes=\"auto, (max-width: 550px) 100vw, 550px\" \/><p id=\"caption-attachment-4795\" class=\"wp-caption-text\">Wozek brukarski do transportu kostki VTK-V Probst Poznan<\/p><\/div><\/td>\n<\/tr>\n<\/tbody>\n<\/table>\n","protected":false},"excerpt":{"rendered":"<table style=\"border-collapse: collapse; width: 100%;\">\n<tbody>\n<tr>\n<td style=\"width: 100%;\">\n<h5 class=\"e-headline e-headline--h2 e-headline--product\">Do bez wysi\u0142kowego transportu zwi\u0105zanych lub lu\u017anych kostek brukowych, kraw\u0119\u017cnik\u00f3w, p\u0142yt, itp.<\/h5>\n<\/td>\n<\/tr>\n<\/tbody>\n<\/table>\n<table style=\"border-collapse: collapse; width: 100%;\">\n<tbody>\n<tr>\n<td style=\"width: 65.36%;\">Chwytanie i zaciskanie odbywa si\u0119 za pomoc\u0105 d\u017awigni 90\u00b0 (maksymalny nacisk 15 kg).<br \/>\nRegulowana szeroko\u015b\u0107 chwytu od 550 mm do 1.050 mm.<br \/>\nMinimaln\u0105 i maksymaln\u0105 szeroko\u015b\u0107 chwytu mo\u017cna zmienia\u0107 za pomoc\u0105 specjalnych chwyt\u00f3w.<\/td>\n<td style=\"width: 34.64%;\"><a href=\"https:\/\/kazal.pl\/sklep\/product-category\/narzedzia-brukarskie\/probst-narzedzia-brukarskie\/\"><img loading=\"lazy\" decoding=\"async\" class=\"aligncenter wp-image-4324 size-thumbnail\" style=\"margin-top: 0.857143rem; margin-bottom: 0.857143rem;\" src=\"https:\/\/kazal.pl\/sklep\/wp-content\/uploads\/2021\/05\/PROBST-Poznan-narzedzia-brukarskie-poznan-probst-chwytaki-do-kraweznikow-poznan-ukladarki-do-kostki-poznan-probst-dystrybutor-150x150.jpg\" alt=\"PROBST-Poznan-narzedzia-brukarskie-poznan-probst-chwytaki-do-kraweznikow-poznan-ukladarki-do-kostki-poznan-probst-dystrybutor\" width=\"150\" height=\"150\" srcset=\"https:\/\/kazal.pl\/sklep\/wp-content\/uploads\/2021\/05\/PROBST-Poznan-narzedzia-brukarskie-poznan-probst-chwytaki-do-kraweznikow-poznan-ukladarki-do-kostki-poznan-probst-dystrybutor-150x150.jpg 150w, https:\/\/kazal.pl\/sklep\/wp-content\/uploads\/2021\/05\/PROBST-Poznan-narzedzia-brukarskie-poznan-probst-chwytaki-do-kraweznikow-poznan-ukladarki-do-kostki-poznan-probst-dystrybutor-90x90.jpg 90w, https:\/\/kazal.pl\/sklep\/wp-content\/uploads\/2021\/05\/PROBST-Poznan-narzedzia-brukarskie-poznan-probst-chwytaki-do-kraweznikow-poznan-ukladarki-do-kostki-poznan-probst-dystrybutor.jpg 200w\" sizes=\"auto, (max-width: 150px) 100vw, 150px\" \/><\/a><\/td>\n<\/tr>\n<\/tbody>\n<\/table>\n<table style=\"border-collapse: collapse; width: 100%;\">\n<tbody>\n<tr>\n<td style=\"width: 100%;\">\n<h6><span style=\"text-decoration: underline;\"><strong><span style=\"color: #ff0000; text-decoration: underline;\">NOWY<\/span><\/strong><\/span><span style=\"color: #ff0000;\"> &#8211; <span style=\"text-decoration: underline;\"><strong>Dost\u0119pny od r\u0119ki<\/strong> <\/span><\/span>&#8211; w sklepie stacjonarnym lub wysy\u0142ka.<\/h6>\n<\/td>\n<\/tr>\n<\/tbody>\n<\/table>\n","protected":false},"featured_media":4790,"comment_status":"open","ping_status":"closed","template":"","meta":[],"product_cat":[218,484,311,312],"product_tag":[229,266,397,321,319,681,682,679,680],"class_list":{"0":"post-4788","1":"product","2":"type-product","3":"status-publish","4":"has-post-thumbnail","6":"product_cat-narzedzia-brukarskie","7":"product_cat-pozostale-narzedzia-brukarskie-probst","8":"product_cat-probst","9":"product_cat-probst-narzedzia-brukarskie","10":"product_tag-narzedzia-brukarskie","11":"product_tag-narzedzia-brukarskie-poznan","12":"product_tag-narzedzia-brukarskie-probst","13":"product_tag-poznan-narzedzia-brukarskie-probst-poznan","14":"product_tag-probst-poznan","15":"product_tag-probst-wozek-brukarski","16":"product_tag-taczka-do-transportu-kostki","17":"product_tag-wozek-brukarski","18":"product_tag-wozek-brukarski-vtk-v","19":"product_shipping_class-wysylka-kurier-paleta-180x80-cm","21":"first","22":"instock","23":"featured","24":"taxable","25":"shipping-taxable","26":"purchasable","27":"product-type-simple"},"_links":{"self":[{"href":"https:\/\/kazal.pl\/sklep\/wp-json\/wp\/v2\/product\/4788","targetHints":{"allow":["GET"]}}],"collection":[{"href":"https:\/\/kazal.pl\/sklep\/wp-json\/wp\/v2\/product"}],"about":[{"href":"https:\/\/kazal.pl\/sklep\/wp-json\/wp\/v2\/types\/product"}],"replies":[{"embeddable":true,"href":"https:\/\/kazal.pl\/sklep\/wp-json\/wp\/v2\/comments?post=4788"}],"wp:featuredmedia":[{"embeddable":true,"href":"https:\/\/kazal.pl\/sklep\/wp-json\/wp\/v2\/media\/4790"}],"wp:attachment":[{"href":"https:\/\/kazal.pl\/sklep\/wp-json\/wp\/v2\/media?parent=4788"}],"wp:term":[{"taxonomy":"product_cat","embeddable":true,"href":"https:\/\/kazal.pl\/sklep\/wp-json\/wp\/v2\/product_cat?post=4788"},{"taxonomy":"product_tag","embeddable":true,"href":"https:\/\/kazal.pl\/sklep\/wp-json\/wp\/v2\/product_tag?post=4788"}],"curies":[{"name":"wp","href":"https:\/\/api.w.org\/{rel}","templated":true}]}}