{"id":4849,"date":"2023-01-02T10:44:28","date_gmt":"2023-01-02T10:44:28","guid":{"rendered":"https:\/\/kazal.pl\/sklep\/?post_type=product&#038;p=4849"},"modified":"2024-10-17T16:20:57","modified_gmt":"2024-10-17T16:20:57","slug":"jazon-lata-przykraweznikowa-lp-listwa-zgarniajaca","status":"publish","type":"product","link":"https:\/\/kazal.pl\/sklep\/product\/jazon-lata-przykraweznikowa-lp-listwa-zgarniajaca\/","title":{"rendered":"JAZON \u0141ata przykraw\u0119\u017cnikowa \u0141P listwa zgarniaj\u0105ca"},"content":{"rendered":"<div class=\"table-responsive\"><\/div>\n<table style=\"width: 100%; border-collapse: collapse; background-color: #cccccc;\">\n<tbody>\n<tr>\n<td style=\"width: 100%;\"><span style=\"font-size: 20px;\"><strong>JAZON \u0141ata przykraw\u0119\u017cnikowa \u0141P listwa zgarniaj\u0105ca<\/strong><\/span><\/td>\n<\/tr>\n<\/tbody>\n<\/table>\n<table style=\"border-collapse: collapse; width: 100%;\">\n<tbody>\n<tr>\n<td style=\"width: 50%;\">\n<h5><strong>\u0141ata przykraw\u0119\u017cnikowa Jazon \u0141P<\/strong>\u00a0do wyr\u00f3wnywania powierzchni przy kraw\u0119\u017cnikach.<\/h5>\n<\/td>\n<\/tr>\n<\/tbody>\n<\/table>\n<table style=\"width: 100%; border-collapse: collapse; background-color: #cccccc;\">\n<tbody>\n<tr>\n<td style=\"width: 100%;\"><span style=\"font-size: 20px;\"><strong>Charakterystyka:<\/strong><\/span><\/td>\n<\/tr>\n<\/tbody>\n<\/table>\n<table style=\"border-collapse: collapse; width: 100%;\">\n<tbody>\n<tr>\n<td style=\"width: 50%;\">\n<div class=\"m-containerseemore__container\">\n<div class=\"m-containerseemore__content\">\n<div class=\"m-containerseemore__coloumn\">\n<div class=\"m-containerseemore__coloumn\">\n<h4><span style=\"font-size: 20px;\"><strong>JAZON \u0141ata przykraw\u0119\u017cnikowa \u0141P listwa zgarniaj\u0105ca<\/strong><\/span><\/h4>\n<h4 class=\"e-headline e-headline--h4 \">Opis przedmiotu:<\/h4>\n<p><strong>\u0141ata przykraw\u0119\u017cnikowa Jazon \u0141P<\/strong>\u00a0do wyr\u00f3wnywania powierzchni przy kraw\u0119\u017cnikach. Szczeg\u00f3lnie przydatna jest podczas\u00a0<strong>uk\u0142adania koryt \u015bciekowych<\/strong>\u00a0lub\u00a0<strong>warstw kostki do odprowadzania wody<\/strong>.<\/p>\n<p>Regulacja zakresu wysoko\u015bci od podstawy kraw\u0119\u017cnika wynosi 3,5 &#8211; 18 cm. Ca\u0142kowity ci\u0119\u017car \u0142aty wynosi 8,5 kg.<\/p>\n<p><span style=\"font-family: inherit; font-size: inherit;\">.<\/span><\/p>\n<p>Obs\u0142uga jednoosobowa.<\/p>\n<p><strong>Opis wariantu:<\/strong> Brak.<\/p>\n<\/div>\n<\/div>\n<\/div>\n<\/div>\n<div class=\"m-containerseemore__link\"><\/div>\n<\/td>\n<td style=\"width: 50%;\">\n<div class=\"m-containerexpander__head\">\n<div class=\"m-containerexpander__head\">\n<div class=\"mceTemp\"><\/div>\n<\/div>\n<\/div>\n<p><a href=\"https:\/\/kazal.pl\/sklep\/product-category\/narzedzia-brukarskie\/jazon-narzedzia-brukarskie\/\"><img loading=\"lazy\" decoding=\"async\" class=\"alignnone wp-image-4325 size-full\" style=\"margin-top: 0.857143rem; margin-bottom: 0.857143rem;\" src=\"https:\/\/kazal.pl\/sklep\/wp-content\/uploads\/2021\/05\/JAZON-Poznan-wozek-brukarski-krab-1200-narzedzia-brukarskie-Poznan-chwytaki-do-kostki-Poznan-FHU-KAZAL-Poznan-02-MIMAL-PROBST-BELLE-Poznan-MGK-MGD-IB25-WB1-CHP1-CHJZ2-CHW-CHPJ-CHU_.jpg\" alt=\"JAZON-Poznan-wozek-brukarski-narzedzia-brukarskie-Poznan-chwytaki-do-kostki-Poznan-FHU-KAZAL-Poznan-02-MIMAL-PROBST-BELLE-Poznan-MGK-MGD-IB25-WB1-CHP1-CHJZ2-CHW-CHPJ-CHU_\" width=\"200\" height=\"200\" srcset=\"https:\/\/kazal.pl\/sklep\/wp-content\/uploads\/2021\/05\/JAZON-Poznan-wozek-brukarski-krab-1200-narzedzia-brukarskie-Poznan-chwytaki-do-kostki-Poznan-FHU-KAZAL-Poznan-02-MIMAL-PROBST-BELLE-Poznan-MGK-MGD-IB25-WB1-CHP1-CHJZ2-CHW-CHPJ-CHU_.jpg 200w, https:\/\/kazal.pl\/sklep\/wp-content\/uploads\/2021\/05\/JAZON-Poznan-wozek-brukarski-krab-1200-narzedzia-brukarskie-Poznan-chwytaki-do-kostki-Poznan-FHU-KAZAL-Poznan-02-MIMAL-PROBST-BELLE-Poznan-MGK-MGD-IB25-WB1-CHP1-CHJZ2-CHW-CHPJ-CHU_-150x150.jpg 150w, https:\/\/kazal.pl\/sklep\/wp-content\/uploads\/2021\/05\/JAZON-Poznan-wozek-brukarski-krab-1200-narzedzia-brukarskie-Poznan-chwytaki-do-kostki-Poznan-FHU-KAZAL-Poznan-02-MIMAL-PROBST-BELLE-Poznan-MGK-MGD-IB25-WB1-CHP1-CHJZ2-CHW-CHPJ-CHU_-90x90.jpg 90w\" sizes=\"auto, (max-width: 200px) 100vw, 200px\" \/><\/a><\/p>\n<div class=\"m-containerexpander__head\">\n<div class=\"mceTemp\"><\/div>\n<h4 class=\"e-headline e-headline--h3 m-containerexpander__headline\"><a href=\"https:\/\/kazal.pl\/sklep\/product-category\/narzedzia-brukarskie\/jazon-narzedzia-brukarskie\/\">JAZON Sp. z o.o.<\/a><\/h4>\n<div class=\"m-containerexpander__collapseicon\"><\/div>\n<\/div>\n<div class=\"m-containerexpander__content\">\n<div class=\"m-containerexpander__innercontent\">\n<div class=\"m-textparagraph m-textparagraph--types c-richtext\">\n<p>Narz\u0119dzia brukarskie JAZON Pozna\u0144. JAZON jest producentem profesjonalnych narz\u0119dzi oraz maszyn do prac drogowych i brukarskich. Gwarantuje wysok\u0105 jako\u015b\u0107 oraz dost\u0119pno\u015b\u0107 cz\u0119\u015bci zamiennych i akcesori\u00f3w. Wszystkie produkty posiadaj\u0105 niezb\u0119dne atesty i certyfikaty.<\/p>\n<p style=\"text-align: center;\"><iframe loading=\"lazy\" src=\"\/\/www.youtube.com\/embed\/OSxj_Sv2ro8\" width=\"400\" height=\"224\" allowfullscreen=\"allowfullscreen\" data-mce-fragment=\"1\"><\/iframe><\/p>\n<\/div>\n<\/div>\n<\/div>\n<\/td>\n<\/tr>\n<\/tbody>\n<\/table>\n<table style=\"width: 100%; border-collapse: collapse; background-color: #cccccc;\">\n<tbody>\n<tr>\n<td style=\"width: 100%;\"><span style=\"font-size: 20px;\"><strong>Parametry techniczne:<\/strong><\/span><\/td>\n<\/tr>\n<\/tbody>\n<\/table>\n<table style=\"width: 100%; height: 114px;\">\n<tbody>\n<tr style=\"height: 114px;\">\n<td style=\"width: 68.16%; height: 114px;\">\n<div class=\"productParams__item flex_row bg_color\">\n<div class=\"productParams__paramName grow\">\n<table style=\"border-collapse: collapse; width: 100%; height: 72px;\">\n<tbody>\n<tr style=\"height: 24px;\">\n<td class=\"text-muted pl-0\" style=\"width: 69.168%; height: 24px;\"><strong>Regulacja szeroko\u015bci uchwytu<\/strong><\/td>\n<td class=\"text-right text-primary font-weight-bold pr-0\" style=\"width: 30.6688%; height: 24px;\">29, 38 cm<\/td>\n<\/tr>\n<tr style=\"height: 24px;\">\n<td class=\"text-muted pl-0\" style=\"width: 69.168%; height: 24px;\"><strong>Wysoko\u015b\u0107 od podstawy kraw\u0119\u017cnika<\/strong><\/td>\n<td class=\"text-right text-primary font-weight-bold pr-0\" style=\"width: 30.6688%; height: 24px;\">3,5 &#8211; 18 cm<\/td>\n<\/tr>\n<tr style=\"height: 24px;\">\n<td class=\"text-muted pl-0\" style=\"width: 69.168%; height: 24px;\"><strong>Masa w\u0142asna<\/strong><\/td>\n<td class=\"text-right text-primary font-weight-bold pr-0\" style=\"width: 30.6688%; height: 24px;\">8,5 kg<\/td>\n<\/tr>\n<\/tbody>\n<\/table>\n<\/div>\n<\/div>\n<\/td>\n<\/tr>\n<\/tbody>\n<\/table>\n<table style=\"width: 100%; border-collapse: collapse; background-color: #cccccc;\">\n<tbody>\n<tr>\n<td style=\"width: 100%;\"><span style=\"font-size: 20px;\"><strong>Zdj\u0119cia produktu:<\/strong><\/span><\/td>\n<\/tr>\n<\/tbody>\n<\/table>\n<div class=\"mceTemp\"><\/div>\n<table style=\"border-collapse: collapse; width: 100%;\">\n<tbody>\n<tr>\n<td style=\"width: 100%; text-align: center;\">\n<div id=\"attachment_4852\" style=\"width: 1034px\" class=\"wp-caption aligncenter\"><img loading=\"lazy\" decoding=\"async\" aria-describedby=\"caption-attachment-4852\" class=\"wp-image-4852 size-large\" src=\"https:\/\/kazal.pl\/sklep\/wp-content\/uploads\/2023\/01\/Lata-przykraweznikowa-LP-JAZON-FHU-KAZAL-centrum-brukarskie-Poznan-2-1024x1024.jpg\" alt=\"Lata-przykraweznikowa-LP-JAZON-FHU-KAZAL-centrum-brukarskie-Poznan\" width=\"1024\" height=\"1024\" srcset=\"https:\/\/kazal.pl\/sklep\/wp-content\/uploads\/2023\/01\/Lata-przykraweznikowa-LP-JAZON-FHU-KAZAL-centrum-brukarskie-Poznan-2-1024x1024.jpg 1024w, https:\/\/kazal.pl\/sklep\/wp-content\/uploads\/2023\/01\/Lata-przykraweznikowa-LP-JAZON-FHU-KAZAL-centrum-brukarskie-Poznan-2-300x300.jpg 300w, https:\/\/kazal.pl\/sklep\/wp-content\/uploads\/2023\/01\/Lata-przykraweznikowa-LP-JAZON-FHU-KAZAL-centrum-brukarskie-Poznan-2-150x150.jpg 150w, https:\/\/kazal.pl\/sklep\/wp-content\/uploads\/2023\/01\/Lata-przykraweznikowa-LP-JAZON-FHU-KAZAL-centrum-brukarskie-Poznan-2-768x768.jpg 768w, https:\/\/kazal.pl\/sklep\/wp-content\/uploads\/2023\/01\/Lata-przykraweznikowa-LP-JAZON-FHU-KAZAL-centrum-brukarskie-Poznan-2-1170x1170.jpg 1170w, https:\/\/kazal.pl\/sklep\/wp-content\/uploads\/2023\/01\/Lata-przykraweznikowa-LP-JAZON-FHU-KAZAL-centrum-brukarskie-Poznan-2-600x600.jpg 600w, https:\/\/kazal.pl\/sklep\/wp-content\/uploads\/2023\/01\/Lata-przykraweznikowa-LP-JAZON-FHU-KAZAL-centrum-brukarskie-Poznan-2-90x90.jpg 90w, https:\/\/kazal.pl\/sklep\/wp-content\/uploads\/2023\/01\/Lata-przykraweznikowa-LP-JAZON-FHU-KAZAL-centrum-brukarskie-Poznan-2.jpg 1200w\" sizes=\"auto, (max-width: 1024px) 100vw, 1024px\" \/><p id=\"caption-attachment-4852\" class=\"wp-caption-text\">JAZON \u0141ata przykraw\u0119\u017cnikowa \u0141P listwa zgarniaj\u0105ca<\/p><\/div><\/td>\n<\/tr>\n<\/tbody>\n<\/table>\n<table style=\"border-collapse: collapse; width: 100%;\">\n<tbody>\n<tr>\n<td style=\"width: 50%;\">\n<div id=\"attachment_4851\" style=\"width: 610px\" class=\"wp-caption aligncenter\"><img loading=\"lazy\" decoding=\"async\" aria-describedby=\"caption-attachment-4851\" class=\"wp-image-4851\" src=\"https:\/\/kazal.pl\/sklep\/wp-content\/uploads\/2023\/01\/Lata-przykraweznikowa-LP-JAZON-FHU-KAZAL-centrum-brukarskie-Poznan-3-300x300.jpg\" alt=\"Lata-przykraweznikowa-LP-JAZON-FHU-KAZAL-centrum-brukarskie-Poznan-3\" width=\"600\" height=\"600\" srcset=\"https:\/\/kazal.pl\/sklep\/wp-content\/uploads\/2023\/01\/Lata-przykraweznikowa-LP-JAZON-FHU-KAZAL-centrum-brukarskie-Poznan-3-300x300.jpg 300w, https:\/\/kazal.pl\/sklep\/wp-content\/uploads\/2023\/01\/Lata-przykraweznikowa-LP-JAZON-FHU-KAZAL-centrum-brukarskie-Poznan-3-1024x1024.jpg 1024w, https:\/\/kazal.pl\/sklep\/wp-content\/uploads\/2023\/01\/Lata-przykraweznikowa-LP-JAZON-FHU-KAZAL-centrum-brukarskie-Poznan-3-150x150.jpg 150w, https:\/\/kazal.pl\/sklep\/wp-content\/uploads\/2023\/01\/Lata-przykraweznikowa-LP-JAZON-FHU-KAZAL-centrum-brukarskie-Poznan-3-768x768.jpg 768w, https:\/\/kazal.pl\/sklep\/wp-content\/uploads\/2023\/01\/Lata-przykraweznikowa-LP-JAZON-FHU-KAZAL-centrum-brukarskie-Poznan-3-1170x1170.jpg 1170w, https:\/\/kazal.pl\/sklep\/wp-content\/uploads\/2023\/01\/Lata-przykraweznikowa-LP-JAZON-FHU-KAZAL-centrum-brukarskie-Poznan-3-600x600.jpg 600w, https:\/\/kazal.pl\/sklep\/wp-content\/uploads\/2023\/01\/Lata-przykraweznikowa-LP-JAZON-FHU-KAZAL-centrum-brukarskie-Poznan-3-90x90.jpg 90w, https:\/\/kazal.pl\/sklep\/wp-content\/uploads\/2023\/01\/Lata-przykraweznikowa-LP-JAZON-FHU-KAZAL-centrum-brukarskie-Poznan-3.jpg 1200w\" sizes=\"auto, (max-width: 600px) 100vw, 600px\" \/><p id=\"caption-attachment-4851\" class=\"wp-caption-text\">JAZON \u0141ata przykraw\u0119\u017cnikowa \u0141P listwa zgarniaj\u0105ca<\/p><\/div><\/td>\n<td style=\"width: 50%;\">\n<div id=\"attachment_4850\" style=\"width: 610px\" class=\"wp-caption aligncenter\"><img loading=\"lazy\" decoding=\"async\" aria-describedby=\"caption-attachment-4850\" class=\"wp-image-4850\" src=\"https:\/\/kazal.pl\/sklep\/wp-content\/uploads\/2023\/01\/Lata-przykraweznikowa-LP-JAZON-FHU-KAZAL-centrum-brukarskie-Poznan-150x150.jpg\" alt=\"Lata-przykraweznikowa-LP-JAZON-FHU-KAZAL-centrum-brukarskie-Poznan-3\" width=\"600\" height=\"600\" srcset=\"https:\/\/kazal.pl\/sklep\/wp-content\/uploads\/2023\/01\/Lata-przykraweznikowa-LP-JAZON-FHU-KAZAL-centrum-brukarskie-Poznan-150x150.jpg 150w, https:\/\/kazal.pl\/sklep\/wp-content\/uploads\/2023\/01\/Lata-przykraweznikowa-LP-JAZON-FHU-KAZAL-centrum-brukarskie-Poznan-300x300.jpg 300w, https:\/\/kazal.pl\/sklep\/wp-content\/uploads\/2023\/01\/Lata-przykraweznikowa-LP-JAZON-FHU-KAZAL-centrum-brukarskie-Poznan-1024x1024.jpg 1024w, https:\/\/kazal.pl\/sklep\/wp-content\/uploads\/2023\/01\/Lata-przykraweznikowa-LP-JAZON-FHU-KAZAL-centrum-brukarskie-Poznan-768x768.jpg 768w, https:\/\/kazal.pl\/sklep\/wp-content\/uploads\/2023\/01\/Lata-przykraweznikowa-LP-JAZON-FHU-KAZAL-centrum-brukarskie-Poznan-1170x1170.jpg 1170w, https:\/\/kazal.pl\/sklep\/wp-content\/uploads\/2023\/01\/Lata-przykraweznikowa-LP-JAZON-FHU-KAZAL-centrum-brukarskie-Poznan-600x600.jpg 600w, https:\/\/kazal.pl\/sklep\/wp-content\/uploads\/2023\/01\/Lata-przykraweznikowa-LP-JAZON-FHU-KAZAL-centrum-brukarskie-Poznan-90x90.jpg 90w, https:\/\/kazal.pl\/sklep\/wp-content\/uploads\/2023\/01\/Lata-przykraweznikowa-LP-JAZON-FHU-KAZAL-centrum-brukarskie-Poznan.jpg 1200w\" sizes=\"auto, (max-width: 600px) 100vw, 600px\" \/><p id=\"caption-attachment-4850\" class=\"wp-caption-text\">JAZON \u0141ata przykraw\u0119\u017cnikowa \u0141P listwa zgarniaj\u0105ca<\/p><\/div><\/td>\n<\/tr>\n<\/tbody>\n<\/table>\n<table style=\"width: 100%; border-collapse: collapse; background-color: #cccccc;\">\n<tbody>\n<tr>\n<td style=\"width: 100%;\"><span style=\"font-size: 20px;\"><strong>JAZON Narz\u0119dzia brukarskie &#8211; WIDEO:<\/strong><\/span><\/td>\n<\/tr>\n<\/tbody>\n<\/table>\n<table style=\"border-collapse: collapse; width: 100%;\">\n<tbody>\n<tr>\n<td style=\"width: 30%; text-align: center;\">&nbsp;<\/p>\n<table style=\"border-collapse: collapse; width: 100%; height: 347px;\">\n<tbody>\n<tr style=\"height: 24px;\">\n<td style=\"width: 50%; height: 24px;\"><iframe loading=\"lazy\" src=\"\/\/www.youtube.com\/embed\/dfx3YOj2Ehw\" width=\"400\" height=\"224\" allowfullscreen=\"allowfullscreen\" data-mce-fragment=\"1\"><\/iframe><\/td>\n<td style=\"width: 50%; height: 24px;\"><iframe loading=\"lazy\" src=\"\/\/www.youtube.com\/embed\/I3FtaWQwdVg\" width=\"400\" height=\"224\" allowfullscreen=\"allowfullscreen\" data-mce-fragment=\"1\"><\/iframe><\/td>\n<\/tr>\n<tr style=\"height: 323px;\">\n<td style=\"width: 50%; height: 323px;\"><iframe loading=\"lazy\" src=\"\/\/www.youtube.com\/embed\/SR9O3__rJIg\" width=\"400\" height=\"224\" allowfullscreen=\"allowfullscreen\" data-mce-fragment=\"1\"><\/iframe><\/td>\n<td style=\"width: 50%; height: 323px;\"><iframe loading=\"lazy\" src=\"\/\/www.youtube.com\/embed\/dIuuKldcQSY\" width=\"400\" height=\"224\" allowfullscreen=\"allowfullscreen\" data-mce-fragment=\"1\"><\/iframe><\/td>\n<\/tr>\n<\/tbody>\n<\/table>\n<\/td>\n<\/tr>\n<\/tbody>\n<\/table>\n<table style=\"width: 100%; border-collapse: collapse; background-color: #cccccc;\">\n<tbody>\n<tr>\n<td style=\"width: 100%;\"><span style=\"font-size: 20px;\"><strong>Karty techniczne:<\/strong><\/span><\/td>\n<\/tr>\n<\/tbody>\n<\/table>\n","protected":false},"excerpt":{"rendered":"<p>&nbsp;<\/p>\n<table style=\"border-collapse: collapse; width: 100%;\">\n<tbody>\n<tr>\n<td style=\"width: 50%;\">\n<h5><strong>\u0141ata przykraw\u0119\u017cnikowa Jazon \u0141P<\/strong>\u00a0do wyr\u00f3wnywania powierzchni przy kraw\u0119\u017cnikach.<\/h5>\n<\/td>\n<\/tr>\n<\/tbody>\n<\/table>\n<table style=\"border-collapse: collapse; width: 100%;\">\n<tbody>\n<tr>\n<td style=\"width: 65.36%;\">\u00a0Szczeg\u00f3lnie przydatna jest podczas\u00a0<strong>uk\u0142adania koryt \u015bciekowych<\/strong>\u00a0lub\u00a0<strong>warstw kostki do odprowadzania wody<\/strong>.<\/td>\n<td style=\"width: 34.64%;\"><a href=\"https:\/\/kazal.pl\/sklep\/product-category\/narzedzia-brukarskie\/jazon-narzedzia-brukarskie\/\"><img loading=\"lazy\" decoding=\"async\" class=\"aligncenter wp-image-4325\" style=\"margin-top: 0.857143rem; margin-bottom: 0.857143rem;\" src=\"https:\/\/kazal.pl\/sklep\/wp-content\/uploads\/2021\/05\/JAZON-Poznan-wozek-brukarski-krab-1200-narzedzia-brukarskie-Poznan-chwytaki-do-kostki-Poznan-FHU-KAZAL-Poznan-02-MIMAL-PROBST-BELLE-Poznan-MGK-MGD-IB25-WB1-CHP1-CHJZ2-CHW-CHPJ-CHU_.jpg\" alt=\"JAZON-Poznan-wozek-brukarski-narzedzia-brukarskie-Poznan-chwytaki-do-kostki-Poznan-FHU-KAZAL-Poznan-02-MIMAL-PROBST-BELLE-Poznan-MGK-MGD-IB25-WB1-CHP1-CHJZ2-CHW-CHPJ-CHU_\" width=\"100\" height=\"100\" srcset=\"https:\/\/kazal.pl\/sklep\/wp-content\/uploads\/2021\/05\/JAZON-Poznan-wozek-brukarski-krab-1200-narzedzia-brukarskie-Poznan-chwytaki-do-kostki-Poznan-FHU-KAZAL-Poznan-02-MIMAL-PROBST-BELLE-Poznan-MGK-MGD-IB25-WB1-CHP1-CHJZ2-CHW-CHPJ-CHU_.jpg 200w, https:\/\/kazal.pl\/sklep\/wp-content\/uploads\/2021\/05\/JAZON-Poznan-wozek-brukarski-krab-1200-narzedzia-brukarskie-Poznan-chwytaki-do-kostki-Poznan-FHU-KAZAL-Poznan-02-MIMAL-PROBST-BELLE-Poznan-MGK-MGD-IB25-WB1-CHP1-CHJZ2-CHW-CHPJ-CHU_-150x150.jpg 150w, https:\/\/kazal.pl\/sklep\/wp-content\/uploads\/2021\/05\/JAZON-Poznan-wozek-brukarski-krab-1200-narzedzia-brukarskie-Poznan-chwytaki-do-kostki-Poznan-FHU-KAZAL-Poznan-02-MIMAL-PROBST-BELLE-Poznan-MGK-MGD-IB25-WB1-CHP1-CHJZ2-CHW-CHPJ-CHU_-90x90.jpg 90w\" sizes=\"auto, (max-width: 100px) 100vw, 100px\" \/><\/a><\/td>\n<\/tr>\n<\/tbody>\n<\/table>\n<table style=\"border-collapse: collapse; width: 100%;\">\n<tbody>\n<tr>\n<td style=\"width: 100%;\">\n<h6><span style=\"text-decoration: underline;\"><strong><span style=\"color: #ff0000; text-decoration: underline;\">NOWY<\/span><\/strong><\/span><span style=\"color: #ff0000;\"> &#8211; <span style=\"text-decoration: underline;\"><strong>Dost\u0119pny<\/strong>\u00a0<\/span><\/span>&#8211; w sklepie stacjonarnym lub wysy\u0142ka.<\/h6>\n<\/td>\n<\/tr>\n<\/tbody>\n<\/table>\n<p>&nbsp;<\/p>\n","protected":false},"featured_media":4852,"comment_status":"open","ping_status":"closed","template":"","meta":[],"product_cat":[327,217,218,579],"product_tag":[436,437,223,721,723,722,229,298,299,300,703,702],"class_list":{"0":"post-4849","1":"product","2":"type-product","3":"status-publish","4":"has-post-thumbnail","6":"product_cat-jazon","7":"product_cat-jazon-narzedzia-brukarskie","8":"product_cat-narzedzia-brukarskie","9":"product_cat-profilowanie-podloza","10":"product_tag-dystrybutor-narzedzi-brukarskich","11":"product_tag-dystrybutor-narzedzi-brukarskich-poznan","12":"product_tag-jazon","13":"product_tag-lata-przykraweznikowa","14":"product_tag-lata-przykraweznikowa-lp-jazon","15":"product_tag-lp-jazon","16":"product_tag-narzedzia-brukarskie","17":"product_tag-narzedzia-brukarskie-jazon","18":"product_tag-narzedzia-brukarskie-jazon-poznan","19":"product_tag-poznan-narzedzia-brukarskie-jazon","20":"product_tag-sciagacz-betonu","21":"product_tag-sciagacz-podbudowy-jazon","22":"product_shipping_class-wysylka-inpost","24":"first","25":"instock","26":"featured","27":"taxable","28":"shipping-taxable","29":"purchasable","30":"product-type-simple"},"_links":{"self":[{"href":"https:\/\/kazal.pl\/sklep\/wp-json\/wp\/v2\/product\/4849","targetHints":{"allow":["GET"]}}],"collection":[{"href":"https:\/\/kazal.pl\/sklep\/wp-json\/wp\/v2\/product"}],"about":[{"href":"https:\/\/kazal.pl\/sklep\/wp-json\/wp\/v2\/types\/product"}],"replies":[{"embeddable":true,"href":"https:\/\/kazal.pl\/sklep\/wp-json\/wp\/v2\/comments?post=4849"}],"wp:featuredmedia":[{"embeddable":true,"href":"https:\/\/kazal.pl\/sklep\/wp-json\/wp\/v2\/media\/4852"}],"wp:attachment":[{"href":"https:\/\/kazal.pl\/sklep\/wp-json\/wp\/v2\/media?parent=4849"}],"wp:term":[{"taxonomy":"product_cat","embeddable":true,"href":"https:\/\/kazal.pl\/sklep\/wp-json\/wp\/v2\/product_cat?post=4849"},{"taxonomy":"product_tag","embeddable":true,"href":"https:\/\/kazal.pl\/sklep\/wp-json\/wp\/v2\/product_tag?post=4849"}],"curies":[{"name":"wp","href":"https:\/\/api.w.org\/{rel}","templated":true}]}}