{"id":845,"date":"2021-02-19T05:56:46","date_gmt":"2021-02-19T05:56:46","guid":{"rendered":"http:\/\/localhost\/Wordpress\/wp_origine\/product\/import-placeholder-for-845\/"},"modified":"2022-04-06T09:48:28","modified_gmt":"2022-04-06T09:48:28","slug":"dr_schulze-tarcza-diamentowa-shark-350mm","status":"publish","type":"product","link":"https:\/\/kazal.pl\/sklep\/product\/dr_schulze-tarcza-diamentowa-shark-350mm\/","title":{"rendered":"Dr. SCHULZE Tarcza diamentowa &#8211; SHARK 350mm"},"content":{"rendered":"<table border=\"0\" width=\"100%\" align=\"center\">\n<tbody>\n<tr>\n<td valign=\"top\"><b>Symbol tarczy :<\/b>\u00a0\u00a0<span style=\"font-size: large;\"><b>SHARK<\/b><\/span><\/td>\n<\/tr>\n<tr>\n<td><\/td>\n<\/tr>\n<tr>\n<td><b>Przeznaczenie :<\/b><\/td>\n<\/tr>\n<tr>\n<td>\n<table align=\"left\">\n<tbody>\n<tr>\n<td><span class=\"zal\">Zalecana:<\/span><\/p>\n<ul>\n<li class=\"zal\">ceg\u0142a zwyk\u0142a<\/li>\n<li class=\"zal\">beton zbrojony pow. 60 dni<\/li>\n<li class=\"zal\">ceg\u0142a ceramiczna<\/li>\n<\/ul>\n<p>Z<span class=\"step\">alecana warunkowo<span class=\"zuz\"> (szybsze zu\u017cycie)<\/span><\/span><\/p>\n<ul>\n<li class=\"zuz\">beton niezbr. pow. 60 dni<\/li>\n<li class=\"zuz\">kraw\u0119\u017cniki betonowe<\/li>\n<li class=\"zuz\">piaskowiec<\/li>\n<li class=\"zuz\">p\u0142yty drogowe<\/li>\n<li class=\"zuz\">pol-bruk<\/li>\n<li class=\"zuz\">szamot<\/li>\n<\/ul>\n<p>Z<span class=\"step\">alecana warunkowo (mo\u017cliwo\u015b\u0107 st\u0119pienia)<\/span><\/p>\n<ul>\n<li class=\"step\">marmur<\/li>\n<\/ul>\n<\/td>\n<td><\/td>\n<\/tr>\n<\/tbody>\n<\/table>\n<\/td>\n<\/tr>\n<tr>\n<td><b>Maszyna : <\/b>przecinarka drogowa, \u00a0pi\u0142a sto\u0142owa,\u00a0 przecinarka r\u0119czna,<\/td>\n<\/tr>\n<tr>\n<td><b>Ch\u0142odzenie :<\/b> \u00a0na sucho i na mokro<\/td>\n<\/tr>\n<tr>\n<td><b>Opis :<\/b><\/td>\n<\/tr>\n<tr>\n<td>Bardzo wydajna ze wzgl\u0119du na wysokie segmenty (15 mm).<\/td>\n<\/tr>\n<\/tbody>\n<\/table>\n","protected":false},"excerpt":{"rendered":"<p>Bardzo wydajna ze wzgl\u0119du na wysokie segmenty (15 mm).<\/p>\n","protected":false},"featured_media":4088,"comment_status":"open","ping_status":"closed","template":"","meta":[],"product_cat":[139,146,138],"product_tag":[142,141],"class_list":{"0":"post-845","1":"product","2":"type-product","3":"status-publish","4":"has-post-thumbnail","6":"product_cat-dr_schulze","7":"product_cat-tarcze_do_ciecia","8":"product_cat-tarcze_dr","9":"product_tag-dr-schulze","10":"product_tag-tarcze","12":"first","13":"onbackorder","14":"featured","15":"taxable","16":"shipping-taxable","17":"purchasable","18":"product-type-simple"},"_links":{"self":[{"href":"https:\/\/kazal.pl\/sklep\/wp-json\/wp\/v2\/product\/845","targetHints":{"allow":["GET"]}}],"collection":[{"href":"https:\/\/kazal.pl\/sklep\/wp-json\/wp\/v2\/product"}],"about":[{"href":"https:\/\/kazal.pl\/sklep\/wp-json\/wp\/v2\/types\/product"}],"replies":[{"embeddable":true,"href":"https:\/\/kazal.pl\/sklep\/wp-json\/wp\/v2\/comments?post=845"}],"wp:featuredmedia":[{"embeddable":true,"href":"https:\/\/kazal.pl\/sklep\/wp-json\/wp\/v2\/media\/4088"}],"wp:attachment":[{"href":"https:\/\/kazal.pl\/sklep\/wp-json\/wp\/v2\/media?parent=845"}],"wp:term":[{"taxonomy":"product_cat","embeddable":true,"href":"https:\/\/kazal.pl\/sklep\/wp-json\/wp\/v2\/product_cat?post=845"},{"taxonomy":"product_tag","embeddable":true,"href":"https:\/\/kazal.pl\/sklep\/wp-json\/wp\/v2\/product_tag?post=845"}],"curies":[{"name":"wp","href":"https:\/\/api.w.org\/{rel}","templated":true}]}}